{"id":7690,"date":"2023-02-14T17:33:08","date_gmt":"2023-02-14T16:33:08","guid":{"rendered":"https:\/\/casaporciatti.it\/shop\/prodotto\/cascina-fontana-langhe-nebbiolo-2020\/"},"modified":"2026-01-15T05:06:52","modified_gmt":"2026-01-15T04:06:52","slug":"cascina-fontana-langhe-nebbiolo-2023","status":"publish","type":"product","link":"https:\/\/casaporciatti.it\/shop\/prodotto\/cascina-fontana-langhe-nebbiolo-2023\/","title":{"rendered":"CASCINA FONTANA Langhe Nebbiolo 2023"},"content":{"rendered":"<p>Il Cascina Fontana Langhe Nebbiolo 2023 \u00e8 vinificato in modo pi\u00f9 rapido (circa un paio di settimane) rispetto al Barolo. Il risultato \u00e8 un vino pi\u00f9 fresco, di bella beva, armonico ed elegante, con un buona trama tannica e acidit\u00e0 sostenuta<\/p>\n<p>Mario e Luisa Fontana fondano Cascina Fontana nel 1995 con quattro ettari ereditati dalla famiglia di Mario. Poich\u00e9 Mario \u00e8 un enologo di sesta generazione, la decisione di continuare a produrre vini del luogo \u00e8 stata facile. Cascina Fontana si trova a Monforte d&#8217;Alba in Perno, con vigneti situati a Castiglione Falletto, La Morra e Sinio. Mario e Luisa si dedicano alle uve classiche della regione: Nebbiolo, Dolcetto e Barbera.<\/p>\n<p>L&#8217;approccio di Mario alla vinificazione e alla viticoltura sono tradizionali e tramandate da suo nonno. In primo luogo, si assicura che la frutta venga sempre raccolta a temperature fresche e sempre a mano. Le uve determinano la durata della fermentazione e quindi della maturazione. Il Dolcetto sosta in acciaio per la maturazione, mentre Barbera e Nebbiolo riposano in abbinamenti di botti grandi e barrique da 225 litri per un anno. Il Nebbiolo passa per due anni al rovere di Slavonia e trascorre un terzo anno in cemento. Tutti i vini trascorrono un minimo di sei mesi in bottiglia prima di essere immessi sul mercato, non chiarificati e non filtrati.<\/p>\n","protected":false},"excerpt":{"rendered":"<p>Il Cascina Fontana Langhe Nebbiolo 2023 \u00e8 vinificato in modo pi\u00f9 rapido (circa un paio di settimane) rispetto al Barolo. [&hellip;]<\/p>\n","protected":false},"featured_media":7691,"template":"","meta":[],"product_brand":[],"product_cat":[16,17],"product_tag":[423,245],"class_list":{"0":"post-7690","1":"product","2":"type-product","3":"status-publish","4":"has-post-thumbnail","6":"product_cat-bere","7":"product_cat-vini-rossi","8":"product_tag-cascina-fontana","9":"product_tag-langhe-doc","10":"pa_produttore-cascina-fontana","12":"first","13":"instock","14":"shipping-taxable","15":"purchasable","16":"product-type-simple"},"acf":[],"_links":{"self":[{"href":"https:\/\/casaporciatti.it\/shop\/wp-json\/wp\/v2\/product\/7690","targetHints":{"allow":["GET"]}}],"collection":[{"href":"https:\/\/casaporciatti.it\/shop\/wp-json\/wp\/v2\/product"}],"about":[{"href":"https:\/\/casaporciatti.it\/shop\/wp-json\/wp\/v2\/types\/product"}],"wp:featuredmedia":[{"embeddable":true,"href":"https:\/\/casaporciatti.it\/shop\/wp-json\/wp\/v2\/media\/7691"}],"wp:attachment":[{"href":"https:\/\/casaporciatti.it\/shop\/wp-json\/wp\/v2\/media?parent=7690"}],"wp:term":[{"taxonomy":"product_brand","embeddable":true,"href":"https:\/\/casaporciatti.it\/shop\/wp-json\/wp\/v2\/product_brand?post=7690"},{"taxonomy":"product_cat","embeddable":true,"href":"https:\/\/casaporciatti.it\/shop\/wp-json\/wp\/v2\/product_cat?post=7690"},{"taxonomy":"product_tag","embeddable":true,"href":"https:\/\/casaporciatti.it\/shop\/wp-json\/wp\/v2\/product_tag?post=7690"}],"curies":[{"name":"wp","href":"https:\/\/api.w.org\/{rel}","templated":true}]}}