{"id":7623,"date":"2023-02-14T17:32:53","date_gmt":"2023-02-14T16:32:53","guid":{"rendered":"https:\/\/casaporciatti.it\/shop\/prodotto\/poggio-al-pino-1872-lorigine-2020\/"},"modified":"2025-08-23T10:17:36","modified_gmt":"2025-08-23T08:17:36","slug":"poggio-al-pino-1872-lorigine-2020","status":"publish","type":"product","link":"https:\/\/casaporciatti.it\/shop\/prodotto\/poggio-al-pino-1872-lorigine-2020\/","title":{"rendered":"POGGIO AL PINO 1872 &#8220;LORIGINE&#8221; 2020"},"content":{"rendered":"<p>LORIGINE\u00a0 di Poggio al Pino ha una personalit\u00e0 seducente, elegante, di carattere e la sua nota fruttata si fonde con un tannino setoso, mai invadente. Il colore rosso rubino tendente al granato con l&#8217;invecchiamento, tipico del Sangiovese, esprime la sua leggiadra struttura. Al sorso \u00e8 elegante, caldo e persistente con un corpo ben equilibrato che richiama la mineralit\u00e0 dei suoli chiantigiani. La nota olfattiva \u00e8 suadente, fruttata ed esprime un bouquet di fiori di timo, rosmarino e viola mammola con un finale di pietra focaia bagnata.<\/p>\n<p>Solo 2.500 bottiglie, solo il meglio del meglio del Sangiovese. Senza compromessi<\/p>\n<p>Viticoltura<br \/>\nI vigneti sono inerbiti ed i terreni sono ricchi di roccia che va dall&#8217;alberese al galestro, cambiando repentinamente a pochi metri di distanza. La forma di allevamento \u00e8 Guyot al 50% e cordone speronato per la restante parte. La conduzione \u00e8 di tipo Biologica e Bio-dinamica unita alle sapienti conoscenze dei vignaioli della zona ed alle scoperte evolutive della viticoltura. La cura del dettaglio \u00e8 meticolosa. Vige la regola del &#8220;prevenire \u00e8 meglio che curare&#8221; e dell&#8217;auto-equilibrio naturale tra specie fungine, insetti e batteri, simultaneamente esistenti nel &#8220;microcosmo vigneto<\/p>\n<p>Vinificazione<br \/>\nCome in ORIGINE vinificavano gli Etruschi, antichi abitanti della Toscana, cos\u00ec noi continuiamo questa filosofia, aggiornandola con le conoscenze dell&#8217;enologia contemporanea, dove la tradizione si fonde con l&#8217;innovazione.<br \/>\nQuando l&#8217;uva ha raggiunto il suo momento ideale di raccolta viene diraspata e introdotta in Giare sferiche di terracotta dell&#8217;Impruneta. La particolarit\u00e0 delle nostre Giare \u00e8 che sono prive di parti in acciaio e di materiali estranei al manufatto originario, grazie ai risultati raccolti da due decenni di sperimentazione che confermano l&#8217;interazione di questi con il vino. Qui vi rimane per almeno tre-quattro mesi con i propri acini effettuando, per il primo mese, delle delicate follature manuali per tre volte al giorno. Il quarto mese il vino viene separato dalle parti solide e trasferito in contenitori di vetro di c.ca 50 litri dove seguiranno alcuni travasi e li vi rimarr\u00e0 per cinque-sei mesi. Al vino non viene aggiunto niente se non alcuni milligrammi di solforosa.<br \/>\nSeguono dai sei ai dodici mesi di bottiglia.<\/p>\n","protected":false},"excerpt":{"rendered":"<p>LORIGINE\u00a0 di Poggio al Pino ha una personalit\u00e0 seducente, elegante, di carattere e la sua nota fruttata si fonde con [&hellip;]<\/p>\n","protected":false},"featured_media":7624,"template":"","meta":[],"product_brand":[],"product_cat":[16,17],"product_tag":[112,415,34,93,20],"class_list":{"0":"post-7623","1":"product","2":"type-product","3":"status-publish","4":"has-post-thumbnail","6":"product_cat-bere","7":"product_cat-vini-rossi","8":"product_tag-la-toscana-nascosta","9":"product_tag-poggio-al-pino","10":"product_tag-scelto-da-riccardo","11":"product_tag-toscana-igt","12":"product_tag-vetrina","13":"pa_categorie-speciali-la-toscana-nascosta","14":"pa_etichette-porciatti-consigliato-da-riccardo","15":"pa_produttore-poggio-al-pino-1872","17":"first","18":"instock","19":"sale","20":"shipping-taxable","21":"purchasable","22":"product-type-simple"},"acf":[],"_links":{"self":[{"href":"https:\/\/casaporciatti.it\/shop\/wp-json\/wp\/v2\/product\/7623","targetHints":{"allow":["GET"]}}],"collection":[{"href":"https:\/\/casaporciatti.it\/shop\/wp-json\/wp\/v2\/product"}],"about":[{"href":"https:\/\/casaporciatti.it\/shop\/wp-json\/wp\/v2\/types\/product"}],"wp:featuredmedia":[{"embeddable":true,"href":"https:\/\/casaporciatti.it\/shop\/wp-json\/wp\/v2\/media\/7624"}],"wp:attachment":[{"href":"https:\/\/casaporciatti.it\/shop\/wp-json\/wp\/v2\/media?parent=7623"}],"wp:term":[{"taxonomy":"product_brand","embeddable":true,"href":"https:\/\/casaporciatti.it\/shop\/wp-json\/wp\/v2\/product_brand?post=7623"},{"taxonomy":"product_cat","embeddable":true,"href":"https:\/\/casaporciatti.it\/shop\/wp-json\/wp\/v2\/product_cat?post=7623"},{"taxonomy":"product_tag","embeddable":true,"href":"https:\/\/casaporciatti.it\/shop\/wp-json\/wp\/v2\/product_tag?post=7623"}],"curies":[{"name":"wp","href":"https:\/\/api.w.org\/{rel}","templated":true}]}}