{"id":7498,"date":"2023-02-14T17:32:17","date_gmt":"2023-02-14T16:32:17","guid":{"rendered":"https:\/\/casaporciatti.it\/shop\/prodotto\/gagliole-rubiolo-chianti-classico-2019\/"},"modified":"2026-04-09T09:59:04","modified_gmt":"2026-04-09T07:59:04","slug":"gagliole-rubiolo-chianti-classico-2024","status":"publish","type":"product","link":"https:\/\/casaporciatti.it\/shop\/prodotto\/gagliole-rubiolo-chianti-classico-2024\/","title":{"rendered":"GAGLIOLE  RUBIOLO Chianti Classico 2024"},"content":{"rendered":"<p>Il Gagliole Chianti Classico \u00e8 ottenuto da sole uve Sangiovese. Fermentato in acciaio ed elevato per il 50% in barriques di rovere francese e per il 50% in cemento. Il Rubiolo \u00e8 un vino morbido, fruttato, piacevole, con tannini dolci e armoniosi.<\/p>\n<p>Gagliole affonda le sue radici nella storia di Castellina in Chianti &#8211; Toscana. Un luogo cos\u00ec perfetto che nel 994 d.C. fu pegno d&#8217;amore di un re per la sua regina. Antichi vigneti terrazzati raccontano la storia di questo paesaggio accuratamente preservato. Nel 1990 Thomas e Monika Baer hanno acquisito l&#8217;azienda vinicola Gagliole per far rivivere questo pezzo unico di terra con la sua tradizione secolare di produzione di vino e olio d&#8217;oliva.<\/p>\n<p>Nel 2011 la famiglia Baer ha acquistato l&#8217;azienda vinicola &#8220;La Valletta&#8221; nella Conca d&#8217;Oro di Panzano nel Chianti, con l&#8217;intento di ottimizzare la qualit\u00e0 dei propri vini rossi (Rubiolo, Gagliole, Valletta e Pecchia). L&#8217;eccellente combinazione di terreno e clima nella zona del Chianti Classico produce splendidi vini che riflettono il terroir locale. La cura del vigneto \u00e8 della massima importanza a Gagliole. \u00c8 fondamentale coltivare la vite e il terreno nel modo pi\u00f9 accurato possibile e secondo le linee guida biologiche stabilite. La cantina \u00e8 caratterizzata da un equilibrio tra tecniche antiche e moderne che lasciano trasparire il carattere dei vini. Gagliole \u00e8 un gioiello nel cuore del Chianti Classico.<\/p>\n","protected":false},"excerpt":{"rendered":"<p>Il Gagliole Chianti Classico \u00e8 ottenuto da sole uve Sangiovese. Fermentato in acciaio ed elevato per il 50% in barriques [&hellip;]<\/p>\n","protected":false},"featured_media":7499,"template":"","meta":[],"product_brand":[],"product_cat":[16,17],"product_tag":[18,404,31,22],"class_list":{"0":"post-7498","1":"product","2":"type-product","3":"status-publish","4":"has-post-thumbnail","6":"product_cat-bere","7":"product_cat-vini-rossi","8":"product_tag-chianti-classico","9":"product_tag-gagliole","10":"product_tag-portami-in-chianti","11":"product_tag-vino-biologico","12":"pa_categorie-speciali-portami-in-chianti","13":"pa_categorie-speciali-vino-biologico","14":"pa_chianti-classico-vini-di-panzano","15":"pa_etichette-porciatti-vino-biologico","16":"pa_produttore-gagliole","18":"first","19":"instock","20":"shipping-taxable","21":"purchasable","22":"product-type-simple"},"acf":[],"_links":{"self":[{"href":"https:\/\/casaporciatti.it\/shop\/wp-json\/wp\/v2\/product\/7498","targetHints":{"allow":["GET"]}}],"collection":[{"href":"https:\/\/casaporciatti.it\/shop\/wp-json\/wp\/v2\/product"}],"about":[{"href":"https:\/\/casaporciatti.it\/shop\/wp-json\/wp\/v2\/types\/product"}],"wp:featuredmedia":[{"embeddable":true,"href":"https:\/\/casaporciatti.it\/shop\/wp-json\/wp\/v2\/media\/7499"}],"wp:attachment":[{"href":"https:\/\/casaporciatti.it\/shop\/wp-json\/wp\/v2\/media?parent=7498"}],"wp:term":[{"taxonomy":"product_brand","embeddable":true,"href":"https:\/\/casaporciatti.it\/shop\/wp-json\/wp\/v2\/product_brand?post=7498"},{"taxonomy":"product_cat","embeddable":true,"href":"https:\/\/casaporciatti.it\/shop\/wp-json\/wp\/v2\/product_cat?post=7498"},{"taxonomy":"product_tag","embeddable":true,"href":"https:\/\/casaporciatti.it\/shop\/wp-json\/wp\/v2\/product_tag?post=7498"}],"curies":[{"name":"wp","href":"https:\/\/api.w.org\/{rel}","templated":true}]}}