{"id":7454,"date":"2023-02-14T17:32:03","date_gmt":"2023-02-14T16:32:03","guid":{"rendered":"https:\/\/casaporciatti.it\/shop\/prodotto\/gianni-brunelli-le-chiuse-di-sotto-brunello-di-montalcino-2017\/"},"modified":"2025-07-26T15:52:55","modified_gmt":"2025-07-26T13:52:55","slug":"gianni-brunelli-le-chiuse-di-sotto-brunello-di-montalcino-2019","status":"publish","type":"product","link":"https:\/\/casaporciatti.it\/shop\/prodotto\/gianni-brunelli-le-chiuse-di-sotto-brunello-di-montalcino-2019\/","title":{"rendered":"GIANNI BRUNELLI LE CHIUSE DI SOTTO, Brunello di Montalcino 2019"},"content":{"rendered":"<p>Il <strong>Brunello di Montalcino<\/strong>\u00a0<strong>Gianni Brunelli<\/strong>\u00a0<strong>Le Chiuse di Sotto<\/strong>\u00a0<strong>2019<\/strong>\u00a0\u00e8 uno dei classici della denominazione prodotto in questa annata particolare in quantit\u00e0 limitata.<\/p>\n<p class=\"p1\">100% <strong>Sangiovese<\/strong> Grosso piantato a 350 m di altitudine su terreni argillosi con grande presenza di galestro. 25 giorni di macerazione sulle bucce seguiti da 30 mesi di invecchiamento in botti di rovere da 20 ettolitri. 6.000 bottiglie prodotte.<\/p>\n<p class=\"p1\"><strong>Gianni Brunelli<\/strong>, uomo dai molteplici interessi, apr\u00ec nel 1971 l&#8217;Osteria Le Logge di Siena (oggi uno dei migliori ristoranti della citt\u00e0). Nel 1987, torn\u00f2 a Montalcino e acquist\u00f2 &#8220;Le Chiuse di Sotto&#8221;, una tenuta che era appartenuta a suo padre Dino, con 2 ettari di vigneti a 200 metri sul livello del mare nella parte settentrionale della regione. Brunelli ripiant\u00f2 la maggior parte delle viti nel 1989, ma lasci\u00f2 intatto un piccolo appezzamento di vecchie propriet\u00e0 risalenti al vigneto originale del 1947 di suo padre. Dopo che Gianni \u00e8 morto nel 2008, sua moglie Laura ha preso le redini insieme a suo fratello, Adriano.<\/p>\n<p class=\"p1\">Alcuni anni fa, l&#8217;azienda ha acquistato il vigneto &#8220;Podernovone&#8221;, situato pi\u00f9 a sud a Montalcino. La propriet\u00e0 di 4 ettari si trova a 350 metri sul livello del mare e gode di una magnifica vista sul Monte Amiata. Il terreno di Podernovone \u00e8 costituito da marna calcarea e scisto, che riflette luce e calore.<\/p>\n<p class=\"p1\">\n","protected":false},"excerpt":{"rendered":"<p>Il Brunello di Montalcino\u00a0Gianni Brunelli\u00a0Le Chiuse di Sotto\u00a02019\u00a0\u00e8 uno dei classici della denominazione prodotto in questa annata particolare in quantit\u00e0 [&hellip;]<\/p>\n","protected":false},"featured_media":5219,"template":"","meta":[],"product_brand":[],"product_cat":[16,17],"product_tag":[121,123],"class_list":{"0":"post-7454","1":"product","2":"type-product","3":"status-publish","4":"has-post-thumbnail","6":"product_cat-bere","7":"product_cat-vini-rossi","8":"product_tag-brunello-di-montalcino","9":"product_tag-gianni-brunelli-le-chiuse-di-sotto","10":"pa_categorie-speciali-brunello-di-montalcino","11":"pa_produttore-gianni-brunelli","13":"first","14":"outofstock","15":"shipping-taxable","16":"purchasable","17":"product-type-simple"},"acf":[],"_links":{"self":[{"href":"https:\/\/casaporciatti.it\/shop\/wp-json\/wp\/v2\/product\/7454","targetHints":{"allow":["GET"]}}],"collection":[{"href":"https:\/\/casaporciatti.it\/shop\/wp-json\/wp\/v2\/product"}],"about":[{"href":"https:\/\/casaporciatti.it\/shop\/wp-json\/wp\/v2\/types\/product"}],"wp:featuredmedia":[{"embeddable":true,"href":"https:\/\/casaporciatti.it\/shop\/wp-json\/wp\/v2\/media\/5219"}],"wp:attachment":[{"href":"https:\/\/casaporciatti.it\/shop\/wp-json\/wp\/v2\/media?parent=7454"}],"wp:term":[{"taxonomy":"product_brand","embeddable":true,"href":"https:\/\/casaporciatti.it\/shop\/wp-json\/wp\/v2\/product_brand?post=7454"},{"taxonomy":"product_cat","embeddable":true,"href":"https:\/\/casaporciatti.it\/shop\/wp-json\/wp\/v2\/product_cat?post=7454"},{"taxonomy":"product_tag","embeddable":true,"href":"https:\/\/casaporciatti.it\/shop\/wp-json\/wp\/v2\/product_tag?post=7454"}],"curies":[{"name":"wp","href":"https:\/\/api.w.org\/{rel}","templated":true}]}}