{"id":7437,"date":"2023-02-14T17:32:03","date_gmt":"2023-02-14T16:32:03","guid":{"rendered":"https:\/\/casaporciatti.it\/shop\/prodotto\/arillo-in-terrabianca-sacello-chianti-classico-2020\/"},"modified":"2026-04-06T13:08:09","modified_gmt":"2026-04-06T11:08:09","slug":"arillo-in-terrabianca-sacello-chianti-classico-2022","status":"publish","type":"product","link":"https:\/\/casaporciatti.it\/shop\/prodotto\/arillo-in-terrabianca-sacello-chianti-classico-2022\/","title":{"rendered":"ARILLO IN TERRABIANCA SACELLO Chianti Classico 2022"},"content":{"rendered":"<p>Il Chianti Classico Sacello di Arillo in Terrabianca \u00e8 un vino espressivo, con un bouquet che ricorda la frutta di bosco, la ciliegia, le spezie dolci e le erbe aromatiche. Il sorso risulta pulito, teso e fine, connotato da una piacevole trama tannica e un&#8217;ottima freschezza.<\/p>\n<p class=\"p1\">La tenuta di <strong>TERRABIANCA<\/strong> nel Comune di Radda in Chianti comprende 12 ettari di vigneto circondati da 200 ettari di bosco. Tutta l\u2019uva utilizzata nella vinificazione \u00e8 prodotta in azienda e raccolta a mano solo quando \u00e8 giunta alla giusta maturazione. Niente \u00e8 lasciato al caso: tutto \u00e8 il frutto di scrupolose tecniche di conduzione agronomica. <strong>TERRABIANCA<\/strong> ha il profilo dei vigneti coltivati a Sangiovese, le cui uve migliori vengono selezionate per produrre\u00a0 Chianti classici, elitari e di grande riconoscibilit\u00e0 territoriale.<\/p>\n","protected":false},"excerpt":{"rendered":"<p>Il Chianti Classico Sacello di Arillo in Terrabianca \u00e8 un vino espressivo, con un bouquet che ricorda la frutta di [&hellip;]<\/p>\n","protected":false},"featured_media":7438,"template":"","meta":[],"product_brand":[],"product_cat":[16,17],"product_tag":[397,18,21],"class_list":{"0":"post-7437","1":"product","2":"type-product","3":"status-publish","4":"has-post-thumbnail","6":"product_cat-bere","7":"product_cat-vini-rossi","8":"product_tag-arillo-in-terrabianca","9":"product_tag-chianti-classico","10":"product_tag-vini-di-radda","11":"pa_categorie-speciali-vini-di-radda","12":"pa_chianti-classico-vini-di-radda-in-chianti","13":"pa_produttore-arilli-in-terrabianca","15":"first","16":"instock","17":"shipping-taxable","18":"purchasable","19":"product-type-simple"},"acf":[],"_links":{"self":[{"href":"https:\/\/casaporciatti.it\/shop\/wp-json\/wp\/v2\/product\/7437","targetHints":{"allow":["GET"]}}],"collection":[{"href":"https:\/\/casaporciatti.it\/shop\/wp-json\/wp\/v2\/product"}],"about":[{"href":"https:\/\/casaporciatti.it\/shop\/wp-json\/wp\/v2\/types\/product"}],"wp:featuredmedia":[{"embeddable":true,"href":"https:\/\/casaporciatti.it\/shop\/wp-json\/wp\/v2\/media\/7438"}],"wp:attachment":[{"href":"https:\/\/casaporciatti.it\/shop\/wp-json\/wp\/v2\/media?parent=7437"}],"wp:term":[{"taxonomy":"product_brand","embeddable":true,"href":"https:\/\/casaporciatti.it\/shop\/wp-json\/wp\/v2\/product_brand?post=7437"},{"taxonomy":"product_cat","embeddable":true,"href":"https:\/\/casaporciatti.it\/shop\/wp-json\/wp\/v2\/product_cat?post=7437"},{"taxonomy":"product_tag","embeddable":true,"href":"https:\/\/casaporciatti.it\/shop\/wp-json\/wp\/v2\/product_tag?post=7437"}],"curies":[{"name":"wp","href":"https:\/\/api.w.org\/{rel}","templated":true}]}}