{"id":7334,"date":"2023-02-14T17:31:39","date_gmt":"2023-02-14T16:31:39","guid":{"rendered":"https:\/\/casaporciatti.it\/shop\/prodotto\/valle-reale-trebbiano-dabruzzo-2020\/"},"modified":"2025-10-07T19:14:02","modified_gmt":"2025-10-07T17:14:02","slug":"valle-reale-trebbiano-dabruzzo-2022","status":"publish","type":"product","link":"https:\/\/casaporciatti.it\/shop\/prodotto\/valle-reale-trebbiano-dabruzzo-2022\/","title":{"rendered":"VALLE REALE Trebbiano d&#8217;Abruzzo 2022"},"content":{"rendered":"<p>Il Trebbiano d&#8217;Abruzzo Valle Reale \u00e8 il prodotto di uve Biologiche certificate a fermentazione spontanea condotta da lieviti indigeni. Tutto questo contribuisce a creare un vino che sia davvero unico e che rifletta il suo terroir.<\/p>\n<p>Concentrato ed elegante, il Trebbiano d&#8217;Abruzzo di Valle Reale unisce un bouquet fruttato a delicati aromi di fiori bianchi e pietra focaia (un aroma incoraggiato dall&#8217;antica tecnica del pied-de-cuve).<\/p>\n<p>Valle Reale nasce nel 2000 con l&#8217;obiettivo di produrre vini di livello mondiale. Lavorando principalmente con il vitigno Montepulciano, la famiglia Pizzolo si impegna a produrre vini che esaltino le qualit\u00e0 intrinseche dell&#8217;uva: forza, esuberanza, vitalit\u00e0, colore, eleganza, equilibrio e profondit\u00e0. Il processo inizia con l&#8217;accurata selezione dei cloni che meglio si adattano al suolo e al clima della Valle Reale, e che quindi esprimono al meglio le caratteristiche distintive del vitigno.<\/p>\n<p>Situati nel cuore verde dell&#8217;Abruzzo, i vigneti di Valle Reale si trovano all&#8217;interno di uno dei parchi nazionali pi\u00f9 belli d&#8217;Italia. Questo \u00e8 un paradiso selvaggio, con profonde gole scavate dai ghiacciai, sorgenti cristalline e una vasta gamma di flora e fauna.<\/p>\n<p>Valle Reale \u00e8 una delle poche aziende vinicole di questa zona di incontaminata bellezza. La topografia e il clima di questa parte dell&#8217;Abruzzo \u00e8 completamente diverso dal resto della regione e unico all&#8217;interno dell&#8217;Italia centrale. I vigneti hanno terreni magri e ricchi di calcare, con fondo leggero di argilla e sabbia.<\/p>\n<p>La vicinanza alla catena montuosa del Gran Sasso, e l&#8217;altitudine stessa della tenuta, creano ampie escursioni termiche tra il giorno e la notte.<\/p>\n<p>Le uve coltivate a Valle Reale beneficiano di brezze fresche e costanti che assicurano una buona ventilazione e riducono al minimo l&#8217;umidit\u00e0, ideali per lo sviluppo di aromi fini.<\/p>\n<p>Le temperature perfette di maturazione si raggiungono solo nel tardo autunno quando la prima neve imbianca il Monte Morrone.<\/p>\n<p>Le peculiarit\u00e0 geografiche e climatiche di questa zona si riflettono nei vini, che si caratterizzano per i segni distintivi del frutto ben maturo: profumo fresco, elegante e complessit\u00e0 aromatica.<\/p>\n","protected":false},"excerpt":{"rendered":"<p>Il Trebbiano d&#8217;Abruzzo Valle Reale \u00e8 il prodotto di uve Biologiche certificate a fermentazione spontanea condotta da lieviti indigeni. Tutto [&hellip;]<\/p>\n","protected":false},"featured_media":7335,"template":"","meta":[],"product_brand":[],"product_cat":[16,182],"product_tag":[207,379,84,22],"class_list":{"0":"post-7334","1":"product","2":"type-product","3":"status-publish","4":"has-post-thumbnail","6":"product_cat-bere","7":"product_cat-vini-bianchi","8":"product_tag-trebbiano-dabruzzo","9":"product_tag-valle-reale","10":"product_tag-vini-per-lestate","11":"product_tag-vino-biologico","12":"pa_categorie-speciali-vini-per-lestate","13":"pa_categorie-speciali-vino-biologico","14":"pa_etichette-porciatti-vino-biodinamico","15":"pa_produttore-valle-reale","17":"first","18":"outofstock","19":"shipping-taxable","20":"purchasable","21":"product-type-simple"},"acf":[],"_links":{"self":[{"href":"https:\/\/casaporciatti.it\/shop\/wp-json\/wp\/v2\/product\/7334","targetHints":{"allow":["GET"]}}],"collection":[{"href":"https:\/\/casaporciatti.it\/shop\/wp-json\/wp\/v2\/product"}],"about":[{"href":"https:\/\/casaporciatti.it\/shop\/wp-json\/wp\/v2\/types\/product"}],"wp:featuredmedia":[{"embeddable":true,"href":"https:\/\/casaporciatti.it\/shop\/wp-json\/wp\/v2\/media\/7335"}],"wp:attachment":[{"href":"https:\/\/casaporciatti.it\/shop\/wp-json\/wp\/v2\/media?parent=7334"}],"wp:term":[{"taxonomy":"product_brand","embeddable":true,"href":"https:\/\/casaporciatti.it\/shop\/wp-json\/wp\/v2\/product_brand?post=7334"},{"taxonomy":"product_cat","embeddable":true,"href":"https:\/\/casaporciatti.it\/shop\/wp-json\/wp\/v2\/product_cat?post=7334"},{"taxonomy":"product_tag","embeddable":true,"href":"https:\/\/casaporciatti.it\/shop\/wp-json\/wp\/v2\/product_tag?post=7334"}],"curies":[{"name":"wp","href":"https:\/\/api.w.org\/{rel}","templated":true}]}}