{"id":7295,"date":"2023-02-14T17:31:25","date_gmt":"2023-02-14T16:31:25","guid":{"rendered":"https:\/\/casaporciatti.it\/shop\/prodotto\/macea-pinot-nero-2018\/"},"modified":"2024-07-10T13:27:07","modified_gmt":"2024-07-10T11:27:07","slug":"macea-pinot-nero-2018","status":"publish","type":"product","link":"https:\/\/casaporciatti.it\/shop\/prodotto\/macea-pinot-nero-2018\/","title":{"rendered":"MACEA Pinot Nero 2018"},"content":{"rendered":"<p>Il <strong>Macea Pinot Nero<\/strong> \u00e8 un vino dalla spiccata personalit\u00e0. Dai profumi di frutti a bacca rosso, sottobosco, erba bagnata, fiori secchi e spezie dolci, \u00e8 un vino complesso, stratificato, con tannini morbidi che assieme ad una gustosa freschezza gli donano una beva piacevole e appagante.<\/p>\n<p>L&#8217;Azienda Agricola Macea si trova nel comune di Borgo a Mozzano, dimora della famiglia Barsanti.<\/p>\n<p>Borgo a Mozzano, situato in una vallata sotto magnifici monti silvani, dista venti minuti di treno dalla citt\u00e0 di Lucca. Macea \u00e8 una piccola azienda vinicola a conduzione familiare, che adotta un approccio &#8220;biodinamico&#8221; alla conduzione del vigneto e della vinificazione.<\/p>\n<p>&nbsp;<\/p>\n","protected":false},"excerpt":{"rendered":"<p>Il Macea Pinot Nero \u00e8 un vino dalla spiccata personalit\u00e0. Dai profumi di frutti a bacca rosso, sottobosco, erba bagnata, [&hellip;]<\/p>\n","protected":false},"featured_media":7296,"template":"","meta":[],"product_brand":[],"product_cat":[16,17],"product_tag":[112,367,34,20],"class_list":{"0":"post-7295","1":"product","2":"type-product","3":"status-publish","4":"has-post-thumbnail","6":"product_cat-bere","7":"product_cat-vini-rossi","8":"product_tag-la-toscana-nascosta","9":"product_tag-macea","10":"product_tag-scelto-da-riccardo","11":"product_tag-vetrina","12":"pa_categorie-speciali-la-toscana-nascosta","13":"pa_etichette-porciatti-consigliato-da-riccardo","14":"pa_etichette-porciatti-vino-biodinamico","15":"pa_produttore-azienda-agricola-macea","17":"first","18":"outofstock","19":"shipping-taxable","20":"purchasable","21":"product-type-simple"},"acf":[],"_links":{"self":[{"href":"https:\/\/casaporciatti.it\/shop\/wp-json\/wp\/v2\/product\/7295","targetHints":{"allow":["GET"]}}],"collection":[{"href":"https:\/\/casaporciatti.it\/shop\/wp-json\/wp\/v2\/product"}],"about":[{"href":"https:\/\/casaporciatti.it\/shop\/wp-json\/wp\/v2\/types\/product"}],"wp:featuredmedia":[{"embeddable":true,"href":"https:\/\/casaporciatti.it\/shop\/wp-json\/wp\/v2\/media\/7296"}],"wp:attachment":[{"href":"https:\/\/casaporciatti.it\/shop\/wp-json\/wp\/v2\/media?parent=7295"}],"wp:term":[{"taxonomy":"product_brand","embeddable":true,"href":"https:\/\/casaporciatti.it\/shop\/wp-json\/wp\/v2\/product_brand?post=7295"},{"taxonomy":"product_cat","embeddable":true,"href":"https:\/\/casaporciatti.it\/shop\/wp-json\/wp\/v2\/product_cat?post=7295"},{"taxonomy":"product_tag","embeddable":true,"href":"https:\/\/casaporciatti.it\/shop\/wp-json\/wp\/v2\/product_tag?post=7295"}],"curies":[{"name":"wp","href":"https:\/\/api.w.org\/{rel}","templated":true}]}}