{"id":7235,"date":"2023-02-14T17:31:13","date_gmt":"2023-02-14T16:31:13","guid":{"rendered":"https:\/\/casaporciatti.it\/shop\/prodotto\/diebolt-vallois-cuvee-prestige-champagne\/"},"modified":"2025-05-14T06:39:39","modified_gmt":"2025-05-14T04:39:39","slug":"diebolt-vallois-cuvee-prestige-champagne-brut","status":"publish","type":"product","link":"https:\/\/casaporciatti.it\/shop\/prodotto\/diebolt-vallois-cuvee-prestige-champagne-brut\/","title":{"rendered":"Diebolt-Vallois Cuv\u00e9e Prestige, Champagne Brut"},"content":{"rendered":"<p>La Cuv\u00e9e Prestige di Diebolt-Vallois \u00e8 uno champagne Blanc de Blancs ottenuto da viti piantate nel terroir di Cramant, Chouilly, Mesnil sur Oger e Oger, classificato Grand Cru. Alcune delle uve provengono in particolare dalla localit\u00e0 Les Pimonts a Cramant, dove i terreni sono costituiti da un sottile strato di terra su base gessosa, con esposizione generale est-sud-est.<\/p>\n<p>La Cuv\u00e9e Prestige \u00e8 il risultato di un blend di vini dell&#8217;ultima vendemmia e di una riserva perpetua iniziata nel 2009. Questi vini apportano rotondit\u00e0, ricchezza e complessit\u00e0 alla Cuv\u00e9e Prestige Diebolt-Vallois.<\/p>\n","protected":false},"excerpt":{"rendered":"<p>La Cuv\u00e9e Prestige di Diebolt-Vallois \u00e8 uno champagne Blanc de Blancs ottenuto da viti piantate nel terroir di Cramant, Chouilly, [&hellip;]<\/p>\n","protected":false},"featured_media":7236,"template":"","meta":[],"product_brand":[],"product_cat":[16,281],"product_tag":[287,292,34,20,211],"class_list":{"0":"post-7235","1":"product","2":"type-product","3":"status-publish","4":"has-post-thumbnail","6":"product_cat-bere","7":"product_cat-vini-spumanti","8":"product_tag-champagne","9":"product_tag-diebolt-vallois","10":"product_tag-scelto-da-riccardo","11":"product_tag-vetrina","12":"product_tag-vini-per-le-feste","13":"pa_categorie-speciali-vini-per-lestate","14":"pa_categorie-speciali-vini-per-le-feste","15":"pa_etichette-porciatti-consigliato-da-riccardo","16":"pa_produttore-diebolt-vallois","18":"first","19":"instock","20":"shipping-taxable","21":"purchasable","22":"product-type-simple"},"acf":[],"_links":{"self":[{"href":"https:\/\/casaporciatti.it\/shop\/wp-json\/wp\/v2\/product\/7235","targetHints":{"allow":["GET"]}}],"collection":[{"href":"https:\/\/casaporciatti.it\/shop\/wp-json\/wp\/v2\/product"}],"about":[{"href":"https:\/\/casaporciatti.it\/shop\/wp-json\/wp\/v2\/types\/product"}],"wp:featuredmedia":[{"embeddable":true,"href":"https:\/\/casaporciatti.it\/shop\/wp-json\/wp\/v2\/media\/7236"}],"wp:attachment":[{"href":"https:\/\/casaporciatti.it\/shop\/wp-json\/wp\/v2\/media?parent=7235"}],"wp:term":[{"taxonomy":"product_brand","embeddable":true,"href":"https:\/\/casaporciatti.it\/shop\/wp-json\/wp\/v2\/product_brand?post=7235"},{"taxonomy":"product_cat","embeddable":true,"href":"https:\/\/casaporciatti.it\/shop\/wp-json\/wp\/v2\/product_cat?post=7235"},{"taxonomy":"product_tag","embeddable":true,"href":"https:\/\/casaporciatti.it\/shop\/wp-json\/wp\/v2\/product_tag?post=7235"}],"curies":[{"name":"wp","href":"https:\/\/api.w.org\/{rel}","templated":true}]}}