{"id":7123,"date":"2023-02-14T17:30:45","date_gmt":"2023-02-14T16:30:45","guid":{"rendered":"https:\/\/casaporciatti.it\/shop\/prodotto\/san-filippo-le-lucere-brunello-di-montalcino-2016\/"},"modified":"2024-05-12T05:55:17","modified_gmt":"2024-05-12T03:55:17","slug":"san-filippo-le-lucere-brunello-di-montalcino-2016","status":"publish","type":"product","link":"https:\/\/casaporciatti.it\/shop\/prodotto\/san-filippo-le-lucere-brunello-di-montalcino-2016\/","title":{"rendered":"SAN FILIPPO Le Luc\u00e9re Brunello di Montalcino 2016"},"content":{"rendered":"<p><strong>Il Brunello di Montalcino Le Luc\u00e9re 2016 San Filippo <\/strong>nasce da una selezione delle uve provenienti dall&#8217;omonimo vigneto. Il Sangiovese si esprime qui in tutta la sua purezza con note\u00a0 di frutta rossa, minerali, spezie e erbe balsamiche. Al palato, il Brunello di Montalcino le Luc\u00e9re 2016 \u00e8 succoso e morbido. La trama tannica \u00e8 chiaramente guidata sia dal rovere che dal frutto in perfetto equilibrio. Matura in una combinazione di barriques, tonneaux e botti grande per due anni.<\/p>\n<p><strong>San Filippo \u00e8 nata nel 1972<\/strong>, ma la vera storia della tenuta non \u00e8 iniziata fino a quando <strong>Roberto Giannelli ha acquistato la propriet\u00e0 nel 2003<\/strong>. Ex agente immobiliare, Roberto credeva che la propriet\u00e0 di San Filippo non avesse raggiunto l&#8217;apice delle sue potenzialit\u00e0 ed era determinato a cambiare la situazione. Ha ristrutturato la tenuta mantenendola fedele al suo fascino e alla tradizione originali. Ha trasformato la cantina in una struttura all&#8217;avanguardia con attrezzature e tecnologie moderne. Ha ridotto le rese dei vigneti, si \u00e8 rivolto a <strong>pratiche di agricoltura biologica<\/strong> e ha ridotto al minimo l&#8217;uso di rovere nuovo per far trasparire la personalit\u00e0 aromatica del Sangiovese Grosso e rendere evidente il carattere del terroir.<\/p>\n<p>La tenuta \u00e8 situata in una delle pi\u00f9 belle campagne toscane, a soli 2 chilometri da Montalcino, sulle colline vinicole, confinante con la storica tenuta Biondi Santi. L&#8217;azienda dispone di circa 11 ettari di vigneto impiantato su terreno prevalentemente argilloso. Di conseguenza, il suo Brunello esprime una maggiore struttura e intensit\u00e0 comune all&#8217;angolo orientale della denominazione Brunello.<\/p>\n<p><strong>San Fillipo possiede quattro vigneti da condotti in biologico<\/strong> situati nel cuore della denominazione: La Storta (esposizione nord-est), Le Raffiche (esposizione nord), Le Luc\u00e9re (esposizione nord-est) e La Smarrita (esposizione sud) -esposizione a ovest). Il vigneto Le Lucere \u00e8 il sito pi\u00f9 pregiato della propriet\u00e0, composto da 2 ettari di vigneto a 300 metri sul livello del mare.<\/p>\n<p>&nbsp;<\/p>\n","protected":false},"excerpt":{"rendered":"<p>Il Brunello di Montalcino Le Luc\u00e9re 2016 San Filippo nasce da una selezione delle uve provenienti dall&#8217;omonimo vigneto. Il Sangiovese [&hellip;]<\/p>\n","protected":false},"featured_media":7124,"template":"","meta":[],"product_brand":[],"product_cat":[16,17],"product_tag":[121,28,353,20,68,69],"class_list":{"0":"post-7123","1":"product","2":"type-product","3":"status-publish","4":"has-post-thumbnail","6":"product_cat-bere","7":"product_cat-vini-rossi","8":"product_tag-brunello-di-montalcino","9":"product_tag-produttore-artigianale","10":"product_tag-san-filippo","11":"product_tag-vetrina","12":"product_tag-vini-premiati","13":"product_tag-vino-pluripremiato","14":"pa_categorie-speciali-brunello-di-montalcino","15":"pa_categorie-speciali-vini-premiati","16":"pa_etichette-porciatti-produttori-artigianali","17":"pa_etichette-porciatti-vino-biologico","18":"pa_etichette-porciatti-vino-pluripremiato","19":"pa_produttore-san-filippo","21":"first","22":"instock","23":"shipping-taxable","24":"purchasable","25":"product-type-simple"},"acf":[],"_links":{"self":[{"href":"https:\/\/casaporciatti.it\/shop\/wp-json\/wp\/v2\/product\/7123","targetHints":{"allow":["GET"]}}],"collection":[{"href":"https:\/\/casaporciatti.it\/shop\/wp-json\/wp\/v2\/product"}],"about":[{"href":"https:\/\/casaporciatti.it\/shop\/wp-json\/wp\/v2\/types\/product"}],"wp:featuredmedia":[{"embeddable":true,"href":"https:\/\/casaporciatti.it\/shop\/wp-json\/wp\/v2\/media\/7124"}],"wp:attachment":[{"href":"https:\/\/casaporciatti.it\/shop\/wp-json\/wp\/v2\/media?parent=7123"}],"wp:term":[{"taxonomy":"product_brand","embeddable":true,"href":"https:\/\/casaporciatti.it\/shop\/wp-json\/wp\/v2\/product_brand?post=7123"},{"taxonomy":"product_cat","embeddable":true,"href":"https:\/\/casaporciatti.it\/shop\/wp-json\/wp\/v2\/product_cat?post=7123"},{"taxonomy":"product_tag","embeddable":true,"href":"https:\/\/casaporciatti.it\/shop\/wp-json\/wp\/v2\/product_tag?post=7123"}],"curies":[{"name":"wp","href":"https:\/\/api.w.org\/{rel}","templated":true}]}}