{"id":7096,"date":"2023-02-14T17:30:45","date_gmt":"2023-02-14T16:30:45","guid":{"rendered":"https:\/\/casaporciatti.it\/shop\/prodotto\/mouzon-leroux-latavique-champagne-extra-brut-grand-cru-s-a\/"},"modified":"2026-04-20T11:09:25","modified_gmt":"2026-04-20T09:09:25","slug":"mouzon-leroux-latavique-champagne-extra-brut-grand-cru-s-a","status":"publish","type":"product","link":"https:\/\/casaporciatti.it\/shop\/prodotto\/mouzon-leroux-latavique-champagne-extra-brut-grand-cru-s-a\/","title":{"rendered":"Mouzon-Leroux L&#8217;Atavique Champagne Extra Brut Grand Cru s.a."},"content":{"rendered":"<p>Lo Champagne Extra Brut L\u2019Atavique di S\u00e9bastien Mouzon \u00e8 una cuv\u00e9e di notevole complessit\u00e0 che riflette l&#8217;unicit\u00e0 del terroir austero e calcareo di Verzy. \u00c8 anche una cuv\u00e9e che rappresenta il lavoro svolto nella tenuta intorno alla biodinamica e al rispetto del terroir.<\/p>\n<p>\u00c8 una cuv\u00e9e che combina il 65% di Pinot Nero che fornisce struttura e vinosit\u00e0, e il 35% di Chardonnay che porta finezza e freschezza. Tutte le uve provengono solo dal terroir Grand Cru de Verzy nella Montagne de Reims.<\/p>\n<p>Un quarto di questa cuv\u00e9 viene vinificato in botti di rovere e il 75% in piccoli tini. Viene svolta la fermentazione malolattica per limitare l&#8217;aggiunta di solforosa. Il dosaggio \u00e8 Extra Brut (3 g \/ l).<\/p>\n<p>Atavique \u00e8 uno champagne con un naso ricco, che evoca frutta secca, agrumi canditi e spezie.<\/p>\n<p>Al palato \u00e8 una cuv\u00e9e che offre grande tensione, e un lungo finale su evocazioni di frutti bianchi<\/p>\n<p>MOUZON-LEROUX lavora in biodinamica dal 2008, sotto la guida di S\u00e9bastien Mouzon. La tenuta si trova interamente nel terroir del Grand Cru di Verzy nella Montagne de Reims. S\u00e9bastien Mouzon ha un certo approccio alla vinificazione che si traduce in vini che riflettono perfettamente il gusto finemente austero del terroir argilloso-calcareo di Verzy. I vini della casa sono intrisi di notevole finezza ed equilibrio.<\/p>\n<p>&nbsp;<\/p>\n","protected":false},"excerpt":{"rendered":"<p>Lo Champagne Extra Brut L\u2019Atavique di S\u00e9bastien Mouzon \u00e8 una cuv\u00e9e di notevole complessit\u00e0 che riflette l&#8217;unicit\u00e0 del terroir austero [&hellip;]<\/p>\n","protected":false},"featured_media":7097,"template":"","meta":[],"product_brand":[],"product_cat":[16,281],"product_tag":[287,346],"class_list":{"0":"post-7096","1":"product","2":"type-product","3":"status-publish","4":"has-post-thumbnail","6":"product_cat-bere","7":"product_cat-vini-spumanti","8":"product_tag-champagne","9":"product_tag-mouzon-leroux","10":"pa_produttore-mouzon-leroux-mouzon-leroux","12":"first","13":"instock","14":"shipping-taxable","15":"purchasable","16":"product-type-simple"},"acf":[],"_links":{"self":[{"href":"https:\/\/casaporciatti.it\/shop\/wp-json\/wp\/v2\/product\/7096","targetHints":{"allow":["GET"]}}],"collection":[{"href":"https:\/\/casaporciatti.it\/shop\/wp-json\/wp\/v2\/product"}],"about":[{"href":"https:\/\/casaporciatti.it\/shop\/wp-json\/wp\/v2\/types\/product"}],"wp:featuredmedia":[{"embeddable":true,"href":"https:\/\/casaporciatti.it\/shop\/wp-json\/wp\/v2\/media\/7097"}],"wp:attachment":[{"href":"https:\/\/casaporciatti.it\/shop\/wp-json\/wp\/v2\/media?parent=7096"}],"wp:term":[{"taxonomy":"product_brand","embeddable":true,"href":"https:\/\/casaporciatti.it\/shop\/wp-json\/wp\/v2\/product_brand?post=7096"},{"taxonomy":"product_cat","embeddable":true,"href":"https:\/\/casaporciatti.it\/shop\/wp-json\/wp\/v2\/product_cat?post=7096"},{"taxonomy":"product_tag","embeddable":true,"href":"https:\/\/casaporciatti.it\/shop\/wp-json\/wp\/v2\/product_tag?post=7096"}],"curies":[{"name":"wp","href":"https:\/\/api.w.org\/{rel}","templated":true}]}}