{"id":6993,"date":"2023-02-14T17:30:19","date_gmt":"2023-02-14T16:30:19","guid":{"rendered":"https:\/\/casaporciatti.it\/shop\/prodotto\/canneto-vino-nobile-di-montepulciano-2016\/"},"modified":"2023-03-16T11:52:11","modified_gmt":"2023-03-16T10:52:11","slug":"canneto-vino-nobile-di-montepulciano-2016","status":"publish","type":"product","link":"https:\/\/casaporciatti.it\/shop\/prodotto\/canneto-vino-nobile-di-montepulciano-2016\/","title":{"rendered":"CANNETO Vino Nobile di Montepulciano 2016"},"content":{"rendered":"<p>Il Vino Nobile di Montepulciano Canneto si presenta con un colore rubino saturo.\u00a0 Al naso sentori di frutta matura e spezie che si intrecciano in profondit\u00e0 nelle pieghe del bouquet. L&#8217;intensit\u00e0 aromatica conferisce al vino piacevolezza e facilit\u00e0 di abbinamento con le classica bistecca fiorentina. E&#8217; Vino Nobile capace di evolvere bene.<\/p>\n<p>L&#8217;azienda vinicola Canneto si trova sul versante ovest di Montepulciano, nei pressi della magnifica chiesa di San Biagio e vanta una lunga tradizione vinicola.\u00a0 L&#8217;azienda \u00e8 costituita da 48 ettari, di cui 30 vitati &#8211; 16 dei quali riservati alla produzione di Vino Nobile. I vigneti prevalentemente esposti a sud si trovano a 350 e 400 m slm, su suoli ghiaiosi con ghiaia. Il sistema di allevamento \u00e8 a cordone speronato. Vinificazione attenta, scelta del luogo, imbottigliamento &#8230; questi sono alcuni degli aspetti che ricevono la massima cura e attenzione.<\/p>\n","protected":false},"excerpt":{"rendered":"<p>Il Vino Nobile di Montepulciano Canneto si presenta con un colore rubino saturo.\u00a0 Al naso sentori di frutta matura e [&hellip;]<\/p>\n","protected":false},"featured_media":6994,"template":"","meta":[],"product_brand":[],"product_cat":[16,17],"product_tag":[324,170],"class_list":{"0":"post-6993","1":"product","2":"type-product","3":"status-publish","4":"has-post-thumbnail","6":"product_cat-bere","7":"product_cat-vini-rossi","8":"product_tag-canneto","9":"product_tag-nobile-di-montepulciano","10":"pa_produttore-canneto","12":"first","13":"outofstock","14":"shipping-taxable","15":"purchasable","16":"product-type-simple"},"acf":[],"_links":{"self":[{"href":"https:\/\/casaporciatti.it\/shop\/wp-json\/wp\/v2\/product\/6993","targetHints":{"allow":["GET"]}}],"collection":[{"href":"https:\/\/casaporciatti.it\/shop\/wp-json\/wp\/v2\/product"}],"about":[{"href":"https:\/\/casaporciatti.it\/shop\/wp-json\/wp\/v2\/types\/product"}],"wp:featuredmedia":[{"embeddable":true,"href":"https:\/\/casaporciatti.it\/shop\/wp-json\/wp\/v2\/media\/6994"}],"wp:attachment":[{"href":"https:\/\/casaporciatti.it\/shop\/wp-json\/wp\/v2\/media?parent=6993"}],"wp:term":[{"taxonomy":"product_brand","embeddable":true,"href":"https:\/\/casaporciatti.it\/shop\/wp-json\/wp\/v2\/product_brand?post=6993"},{"taxonomy":"product_cat","embeddable":true,"href":"https:\/\/casaporciatti.it\/shop\/wp-json\/wp\/v2\/product_cat?post=6993"},{"taxonomy":"product_tag","embeddable":true,"href":"https:\/\/casaporciatti.it\/shop\/wp-json\/wp\/v2\/product_tag?post=6993"}],"curies":[{"name":"wp","href":"https:\/\/api.w.org\/{rel}","templated":true}]}}