{"id":6990,"date":"2023-02-14T17:30:19","date_gmt":"2023-02-14T16:30:19","guid":{"rendered":"https:\/\/casaporciatti.it\/shop\/prodotto\/cantine-dei-vino-nobile-di-montepulciano-2017\/"},"modified":"2023-10-03T10:01:06","modified_gmt":"2023-10-03T08:01:06","slug":"cantine-dei-vino-nobile-di-montepulciano-2019","status":"publish","type":"product","link":"https:\/\/casaporciatti.it\/shop\/prodotto\/cantine-dei-vino-nobile-di-montepulciano-2019\/","title":{"rendered":"CANTINE DEI Vino Nobile di Montepulciano 2019"},"content":{"rendered":"<p>Il Vino Nobile di Montepulciano di Cantine Dei \u00e8 luminoso e tonico con un profilo fruttato esuberante. Offre una buona profondit\u00e0 con sfumature di frutta scura, prugna secca e ribes nero. L&#8217;intensit\u00e0 aromatica del vino \u00e8 il suo punto di forza.<\/p>\n<p>L&#8217;azienda agricola Cantine Dei si estende per circa 120 ettari, 55 dei quali vitati. L&#8217;altitudine media \u00e8 di circa 300 m slm e i vigneti sono suddivisi in quattro unit\u00e0 produttive: Martiena, Bossona, La Ciarliana e La Piaggia, privilegiate per la loro esposizione e per la composizione del terreno dove si produce il Vino Nobile di Montepulciano.<\/p>\n<p>I vigneti presentano diverse caratteristiche pedologiche: le zone di Martiena e La Piaggia sono costituite principalmente da impasto di arenaria fresca e media; i vigneti di Bossona, da cui si ricava il cru, sono caratterizzati da uno strato superficiale di tufo e scheletro e sottosuolo fossile; infine i vigneti de La Ciarliana sono ricchi di argilla e calcare.<\/p>\n<p>La potatura verde e il diradamento selettivo dei grappoli mantengono la produzione media per ettaro estremamente contenuta. Nelle annate migliori, quando il clima e la natura premiano il lavoro dell&#8217;uomo, le preziose bottiglie di Nobile provenienti dai vigneti di Bossona, sono destinate ad essere affinate e invecchiate per produrre una quantit\u00e0 limitata di Vino Nobile Riserva Bossona.<\/p>\n","protected":false},"excerpt":{"rendered":"<p>Il Vino Nobile di Montepulciano di Cantine Dei \u00e8 luminoso e tonico con un profilo fruttato esuberante. Offre una buona [&hellip;]<\/p>\n","protected":false},"featured_media":6991,"template":"","meta":[],"product_brand":[],"product_cat":[16,17],"product_tag":[323,170],"class_list":{"0":"post-6990","1":"product","2":"type-product","3":"status-publish","4":"has-post-thumbnail","6":"product_cat-bere","7":"product_cat-vini-rossi","8":"product_tag-cantine-dei","9":"product_tag-nobile-di-montepulciano","10":"pa_produttore-cantine-dei","12":"first","13":"outofstock","14":"shipping-taxable","15":"purchasable","16":"product-type-simple"},"acf":[],"_links":{"self":[{"href":"https:\/\/casaporciatti.it\/shop\/wp-json\/wp\/v2\/product\/6990","targetHints":{"allow":["GET"]}}],"collection":[{"href":"https:\/\/casaporciatti.it\/shop\/wp-json\/wp\/v2\/product"}],"about":[{"href":"https:\/\/casaporciatti.it\/shop\/wp-json\/wp\/v2\/types\/product"}],"wp:featuredmedia":[{"embeddable":true,"href":"https:\/\/casaporciatti.it\/shop\/wp-json\/wp\/v2\/media\/6991"}],"wp:attachment":[{"href":"https:\/\/casaporciatti.it\/shop\/wp-json\/wp\/v2\/media?parent=6990"}],"wp:term":[{"taxonomy":"product_brand","embeddable":true,"href":"https:\/\/casaporciatti.it\/shop\/wp-json\/wp\/v2\/product_brand?post=6990"},{"taxonomy":"product_cat","embeddable":true,"href":"https:\/\/casaporciatti.it\/shop\/wp-json\/wp\/v2\/product_cat?post=6990"},{"taxonomy":"product_tag","embeddable":true,"href":"https:\/\/casaporciatti.it\/shop\/wp-json\/wp\/v2\/product_tag?post=6990"}],"curies":[{"name":"wp","href":"https:\/\/api.w.org\/{rel}","templated":true}]}}