{"id":6862,"date":"2023-02-14T17:29:36","date_gmt":"2023-02-14T16:29:36","guid":{"rendered":"https:\/\/casaporciatti.it\/shop\/prodotto\/tramin-alto-adige-pinot-grigio-2021\/"},"modified":"2025-11-11T17:39:15","modified_gmt":"2025-11-11T16:39:15","slug":"tramin-alto-adige-pinot-grigio-2024","status":"publish","type":"product","link":"https:\/\/casaporciatti.it\/shop\/prodotto\/tramin-alto-adige-pinot-grigio-2024\/","title":{"rendered":"TRAMIN Alto Adige Pinot Grigio 2024"},"content":{"rendered":"<p>L&#8217;Alto Adige Pinot Grigio di Tramin\u00a0\u00e8 prodotto da vigneti a bassa resa nella DOC Alto Adige. I vigneti, posti ai piedi delle montagne dolomitiche, godono di giorni calde e notti fresche\u00a0che preservano l&#8217;acidit\u00e0 e la freschezza del vino. Si presenta con un colore paglierino con aromi di agrumi, pere, mele e fiori bianchi.<br \/>\nLa trama ricca e vellutata \u00e8 bilanciata da una fresca acidit\u00e0 che porta ad un lungo, finale persistente.<\/p>\n<p>Situata nel cuore dell&#8217;Alto Adige, nel comune di Termeno, sul versante sud delle Alpi, Tramin comprende una delle pi\u00f9 antiche reti di agricoltori che formano un&#8217;azienda vinicola. Ricchi di tradizione, i vini di Tramin sono espressioni autentiche di un terroir unico, supportati da una filosofia comune di duro lavoro, dedizione, fiducia e creativit\u00e0 tra tutti i membri partecipanti. Tramin opera a misura d&#8217;uomo con un rapporto contadino-terra simile a quello di una piccola tenuta, consentendo una raccolta manuale delicata.<\/p>\n<p>Fondata nel 1889 dal pastore Christian Schrott, Tramin conta oggi 270 membri su circa 620 acri nelle comunit\u00e0 di Termeno, Neumarkt, Montagna e Ora. La citt\u00e0 di Termeno &#8211; il nome tedesco di Termeno &#8211; ospita l&#8217;uva aromatica, il Gew\u00fcrztraminer. L&#8217;uva Traminer (come viene chiamata affettuosamente qui) \u00e8 una delle pi\u00f9 antiche al mondo e vanta una nobile stirpe. Recenti studi dimostrano infatti che \u00e8 l&#8217;antenato di alcuni dei vitigni pi\u00f9 antichi come il Cabernet Sauvignon e il Riesling, e il Pinot Bianco, il Grigio e il Noir. Alla Cantina Tramin l&#8217;uva Traminer cresce nella sottozona del Sella, un terroir particolarmente vocato al Gew\u00fcrztraminer; da qui il nome della cantina, Cantina Tramin.<\/p>\n<p>Posizione del vigneto<br \/>\nTra i vigneti pi\u00f9 settentrionali d&#8217;Italia. Queste viti crescono in una valle glaciale dalle alte pareti che la protegge dal freddo settentrionale e intrappola il calore del sole. La cantina stessa si trova sulla Strada del Vino (Strada di Vino \/ Weinstrasse) nel comune di Termeno &#8211; o Tramin in tedesco &#8211; poche miglia a sud del capoluogo di provincia Bolzano (Bozen) e a 80 km dal confine austriaco.<\/p>\n<p>&nbsp;<\/p>\n<p>&nbsp;<\/p>\n","protected":false},"excerpt":{"rendered":"<p>L&#8217;Alto Adige Pinot Grigio di Tramin\u00a0\u00e8 prodotto da vigneti a bassa resa nella DOC Alto Adige. I vigneti, posti ai [&hellip;]<\/p>\n","protected":false},"featured_media":6863,"template":"","meta":[],"product_brand":[],"product_cat":[16,182],"product_tag":[298,303,84],"class_list":{"0":"post-6862","1":"product","2":"type-product","3":"status-publish","4":"has-post-thumbnail","6":"product_cat-bere","7":"product_cat-vini-bianchi","8":"product_tag-alto-adige","9":"product_tag-tramin","10":"product_tag-vini-per-lestate","11":"pa_categorie-speciali-vini-per-lestate","12":"pa_produttore-tramin","14":"first","15":"instock","16":"shipping-taxable","17":"purchasable","18":"product-type-simple"},"acf":[],"_links":{"self":[{"href":"https:\/\/casaporciatti.it\/shop\/wp-json\/wp\/v2\/product\/6862","targetHints":{"allow":["GET"]}}],"collection":[{"href":"https:\/\/casaporciatti.it\/shop\/wp-json\/wp\/v2\/product"}],"about":[{"href":"https:\/\/casaporciatti.it\/shop\/wp-json\/wp\/v2\/types\/product"}],"wp:featuredmedia":[{"embeddable":true,"href":"https:\/\/casaporciatti.it\/shop\/wp-json\/wp\/v2\/media\/6863"}],"wp:attachment":[{"href":"https:\/\/casaporciatti.it\/shop\/wp-json\/wp\/v2\/media?parent=6862"}],"wp:term":[{"taxonomy":"product_brand","embeddable":true,"href":"https:\/\/casaporciatti.it\/shop\/wp-json\/wp\/v2\/product_brand?post=6862"},{"taxonomy":"product_cat","embeddable":true,"href":"https:\/\/casaporciatti.it\/shop\/wp-json\/wp\/v2\/product_cat?post=6862"},{"taxonomy":"product_tag","embeddable":true,"href":"https:\/\/casaporciatti.it\/shop\/wp-json\/wp\/v2\/product_tag?post=6862"}],"curies":[{"name":"wp","href":"https:\/\/api.w.org\/{rel}","templated":true}]}}