{"id":6716,"date":"2023-02-14T17:29:04","date_gmt":"2023-02-14T16:29:04","guid":{"rendered":"https:\/\/casaporciatti.it\/shop\/prodotto\/bruno-paillard-champagne-premiere-cuvee\/"},"modified":"2023-03-16T11:51:11","modified_gmt":"2023-03-16T10:51:11","slug":"bruno-paillard-champagne-premiere-cuvee","status":"publish","type":"product","link":"https:\/\/casaporciatti.it\/shop\/prodotto\/bruno-paillard-champagne-premiere-cuvee\/","title":{"rendered":"Bruno Paillard, Champagne Premi\u00e8re Cuv\u00e9e"},"content":{"rendered":"<p>Il Premi\u00e8re Cuv\u00e9e firmata Bruno Paillard \u00e8 uno champagne di notevole eleganza, che unisce mineralit\u00e0 e ricchezza aromatica. \u00c8 una cuv\u00e9e ideale per un aperitivo.<\/p>\n<p>\u00c8 uno champagne prodotto solo dalla prima spremitura, la pi\u00f9 puro. Cos\u00ec solo i primi 50 centilitri dati da 1 chilo di uva vengono utilizzati per la Premi\u00e8re Cuv\u00e9e. Bruno Paillard ha un vigneto che abbraccia 35 diversi terroir. Ogni cru viene vinificato separatamente, in piccole botti di rovere o in tini di acciaio inox, permettendo quindi totale libert\u00e0 durante l&#8217;assemblaggio.<\/p>\n<p>La Premi\u00e8re Cuv\u00e9e \u00e8 il risultato di un blend con una maggioranza di Pinot Nero (45%), completato da Chardonnay (33%) e Pinot Meunier (22%), da oltre 30 annate. I vini di riserva rappresentano almeno il 30% del blend e fino al 50% quando l&#8217;anno lo richiede.<\/p>\n<p>Dopo 3 anni di affinamento nelle cantine della casa Bruno Paillard, la Premi\u00e8re Cuv\u00e9e viene sboccata, la data \u00e8 indicata sul retro etichetta, viene dosata come Extra Brut.<\/p>\n<p>\u00c8 uno champagne dale bollicine fini e vivaci.<\/p>\n<p>Al naso la Premi\u00e8re Cuv\u00e9e Bruno Paillard rivela note di agrumi, frutti rossi, poi dopo pochi istanti arrivano aromi pi\u00f9 rotondi, pi\u00f9 gourmet.<\/p>\n<p>Al palato l&#8217;attacco \u00e8 vivace, franco. Troviamo la mineralit\u00e0 vista al naso, poi aromi di limone, pompelmo, brioche. In bocca \u00e8 generoso, di buon corpo e di buona persistenza, sottolineato da un finale salino e pulito.<\/p>\n<p>Dalla creazione della sua Maison di Champagne, Bruno Paillard ha stabilito una linea chiara: i suoi champagne devono combinare mineralit\u00e0, purezza, eleganza e complessit\u00e0. Una linea dalla quale non ha mai deviato. Sua figlia Alice, ora a capo della casa, continua questa stessa ricerca. La migliore illustrazione \u00e8 il Brut Premi\u00e8re Cuv\u00e9e che, con vinificazione parziale in botti di rovere, resta uno champagne sia gourmet che fine.<\/p>\n","protected":false},"excerpt":{"rendered":"<p>Il Premi\u00e8re Cuv\u00e9e firmata Bruno Paillard \u00e8 uno champagne di notevole eleganza, che unisce mineralit\u00e0 e ricchezza aromatica. \u00c8 una [&hellip;]<\/p>\n","protected":false},"featured_media":6717,"template":"","meta":[],"product_brand":[],"product_cat":[16,281],"product_tag":[293,287],"class_list":{"0":"post-6716","1":"product","2":"type-product","3":"status-publish","4":"has-post-thumbnail","6":"product_cat-bere","7":"product_cat-vini-spumanti","8":"product_tag-bruno-paillard","9":"product_tag-champagne","10":"pa_produttore-bruno-paillard","12":"first","13":"outofstock","14":"shipping-taxable","15":"purchasable","16":"product-type-simple"},"acf":[],"_links":{"self":[{"href":"https:\/\/casaporciatti.it\/shop\/wp-json\/wp\/v2\/product\/6716","targetHints":{"allow":["GET"]}}],"collection":[{"href":"https:\/\/casaporciatti.it\/shop\/wp-json\/wp\/v2\/product"}],"about":[{"href":"https:\/\/casaporciatti.it\/shop\/wp-json\/wp\/v2\/types\/product"}],"wp:featuredmedia":[{"embeddable":true,"href":"https:\/\/casaporciatti.it\/shop\/wp-json\/wp\/v2\/media\/6717"}],"wp:attachment":[{"href":"https:\/\/casaporciatti.it\/shop\/wp-json\/wp\/v2\/media?parent=6716"}],"wp:term":[{"taxonomy":"product_brand","embeddable":true,"href":"https:\/\/casaporciatti.it\/shop\/wp-json\/wp\/v2\/product_brand?post=6716"},{"taxonomy":"product_cat","embeddable":true,"href":"https:\/\/casaporciatti.it\/shop\/wp-json\/wp\/v2\/product_cat?post=6716"},{"taxonomy":"product_tag","embeddable":true,"href":"https:\/\/casaporciatti.it\/shop\/wp-json\/wp\/v2\/product_tag?post=6716"}],"curies":[{"name":"wp","href":"https:\/\/api.w.org\/{rel}","templated":true}]}}