{"id":6680,"date":"2023-02-14T17:28:40","date_gmt":"2023-02-14T16:28:40","guid":{"rendered":"https:\/\/casaporciatti.it\/shop\/prodotto\/san-cristoforo-franciacorta-rose\/"},"modified":"2023-03-16T11:51:04","modified_gmt":"2023-03-16T10:51:04","slug":"san-cristoforo-franciacorta-rose","status":"publish","type":"product","link":"https:\/\/casaporciatti.it\/shop\/prodotto\/san-cristoforo-franciacorta-rose\/","title":{"rendered":"SAN CRISTOFORO, Franciacorta Ros\u00e9"},"content":{"rendered":"<p>Il Franciacorta Ros\u00e9 di San Cristoforo \u00e8 un vino che al tratto gusto-olfattivo ricorda i frutti rossi di bosco con note aggrumate di pompelmo. Vinificato a rosato e composto solamente da pinot nero \u00e8 prodotto in sole 3.300 bottiglie annue.<\/p>\n<p>Le uve per il Franciacorta Ros\u00e9 provengono da un vigneto di propriet\u00e0 situato nel comune di Erbusco in zona collinare di circa 2 ettari.<\/p>\n<p>Le bottiglie restano per 24 mesi a contatto con i lievito e successivamente sboccate. La messa in commercio avviene dopo 5 mesi dalla sboccatura.<\/p>\n<p>Il Francicorta Ros\u00e9 di San Cristoforo si presenta al colore con un bel rosa antico dai riflessi ambrati. Al profumi note di frutta rossa, agrumi e frutta secca. In bocca \u00e8 delicatamente sapido e armonico.<\/p>\n<p>&nbsp;<\/p>\n<p>&nbsp;<\/p>\n","protected":false},"excerpt":{"rendered":"<p>Il Franciacorta Ros\u00e9 di San Cristoforo \u00e8 un vino che al tratto gusto-olfattivo ricorda i frutti rossi di bosco con [&hellip;]<\/p>\n","protected":false},"featured_media":6681,"template":"","meta":[],"product_brand":[],"product_cat":[16,281],"product_tag":[283,285],"class_list":{"0":"post-6680","1":"product","2":"type-product","3":"status-publish","4":"has-post-thumbnail","6":"product_cat-bere","7":"product_cat-vini-spumanti","8":"product_tag-franciacorta","9":"product_tag-san-cristoforo","10":"pa_categorie-speciali-vini-per-lestate","11":"pa_produttore-san-cristoforo","13":"first","14":"outofstock","15":"shipping-taxable","16":"purchasable","17":"product-type-simple"},"acf":[],"_links":{"self":[{"href":"https:\/\/casaporciatti.it\/shop\/wp-json\/wp\/v2\/product\/6680","targetHints":{"allow":["GET"]}}],"collection":[{"href":"https:\/\/casaporciatti.it\/shop\/wp-json\/wp\/v2\/product"}],"about":[{"href":"https:\/\/casaporciatti.it\/shop\/wp-json\/wp\/v2\/types\/product"}],"wp:featuredmedia":[{"embeddable":true,"href":"https:\/\/casaporciatti.it\/shop\/wp-json\/wp\/v2\/media\/6681"}],"wp:attachment":[{"href":"https:\/\/casaporciatti.it\/shop\/wp-json\/wp\/v2\/media?parent=6680"}],"wp:term":[{"taxonomy":"product_brand","embeddable":true,"href":"https:\/\/casaporciatti.it\/shop\/wp-json\/wp\/v2\/product_brand?post=6680"},{"taxonomy":"product_cat","embeddable":true,"href":"https:\/\/casaporciatti.it\/shop\/wp-json\/wp\/v2\/product_cat?post=6680"},{"taxonomy":"product_tag","embeddable":true,"href":"https:\/\/casaporciatti.it\/shop\/wp-json\/wp\/v2\/product_tag?post=6680"}],"curies":[{"name":"wp","href":"https:\/\/api.w.org\/{rel}","templated":true}]}}