{"id":6591,"date":"2023-02-14T17:28:26","date_gmt":"2023-02-14T16:28:26","guid":{"rendered":"https:\/\/casaporciatti.it\/shop\/prodotto\/massolino-barolo-margheria-2016\/"},"modified":"2023-03-16T11:50:53","modified_gmt":"2023-03-16T10:50:53","slug":"massolino-barolo-margheria-2016","status":"publish","type":"product","link":"https:\/\/casaporciatti.it\/shop\/prodotto\/massolino-barolo-margheria-2016\/","title":{"rendered":"MASSOLINO Barolo Margheria 2016"},"content":{"rendered":"<p><strong>Il Barolo Margheria\u00a0di Massolino<\/strong> \u00e8 prodotto con uve Nebbiolo provenienti dal Cru Margheria a <strong>Serralunga d&#8217;Alba<\/strong>. Il vigneto si trova ad un&#8217;altitudine di\u00a0340 m s.l.m. e si estende per una superficie di 1,1 ettari su terreni calcarei con una buona percentuale di sabbia. Le viti hanno di media 35 anni e la resa per ettaro si attesta sui 45 quintali. Si tratta di un Barolo tradizionale con fermentazione e macerazione di 15-20 giorni ad una temperatura di 31-33\u00b0 C; invecchiato in botti di rovere per circa 30 mesi e affinato in bottiglia per minimo un anno in appositi locali freschi e bui.<\/p>\n<p class=\"p1\"><strong>La storia dei Massolino<\/strong> e del loro vino si intrecciarono con la storia di Serralunga d&#8217;Alba sin dal 1896, quando Giovanni fond\u00f2 l&#8217;azienda. Giovanni fu la prima persona a portare elettricit\u00e0 in paese. Uomo intraprendente, tenace e creativo, \u00e8 il progenitore di una famiglia che ha fatto della combinazione di ricerca e tradizione un tratto distintivo.<\/p>\n<p class=\"p1\">La prima cantina dei Massolino fu costruita da Giuseppe, figlio di Giovanni, che, insieme alla sorella Angela, estese l&#8217;azienda con l&#8217;acquisto d nuovi terreni e, nel 1934, fu uno dei fondatori del Consorzio per la Difesa di Barolo e Barbaresco. A quel tempo, Giuseppe aveva sei figli. Tre di loro, Giovanni, Camilla e Renato, hanno seguito le orme del padre, espandendo l&#8217;azienda con l&#8217;acquisto di vigneti cru che sono autentici gioielli: Margheria, Parafada e Vigna Rionda.<\/p>\n<p class=\"p1\">Negli anni &#8217;90, Franco e Roberto, entrambi enologi, si unirono alla tenuta di famiglia. Il loro lavoro condensa l&#8217;esperienza di un&#8217;intera famiglia e l&#8217;ambizione di una nuova generazione, determinata a dare un contributo importante all&#8217;innovazione delle tecniche enologiche e agronomiche e all&#8217;immagine della tenuta in Italia e all&#8217;estero.<\/p>\n","protected":false},"excerpt":{"rendered":"<p>Il Barolo Margheria\u00a0di Massolino \u00e8 prodotto con uve Nebbiolo provenienti dal Cru Margheria a Serralunga d&#8217;Alba. Il vigneto si trova [&hellip;]<\/p>\n","protected":false},"featured_media":5413,"template":"","meta":[],"product_brand":[],"product_cat":[16,17],"product_tag":[150,158],"class_list":{"0":"post-6591","1":"product","2":"type-product","3":"status-publish","4":"has-post-thumbnail","6":"product_cat-bere","7":"product_cat-vini-rossi","8":"product_tag-barolo","9":"product_tag-massolino","10":"pa_produttore-massolino","12":"first","13":"outofstock","14":"shipping-taxable","15":"purchasable","16":"product-type-simple"},"acf":[],"_links":{"self":[{"href":"https:\/\/casaporciatti.it\/shop\/wp-json\/wp\/v2\/product\/6591","targetHints":{"allow":["GET"]}}],"collection":[{"href":"https:\/\/casaporciatti.it\/shop\/wp-json\/wp\/v2\/product"}],"about":[{"href":"https:\/\/casaporciatti.it\/shop\/wp-json\/wp\/v2\/types\/product"}],"wp:featuredmedia":[{"embeddable":true,"href":"https:\/\/casaporciatti.it\/shop\/wp-json\/wp\/v2\/media\/5413"}],"wp:attachment":[{"href":"https:\/\/casaporciatti.it\/shop\/wp-json\/wp\/v2\/media?parent=6591"}],"wp:term":[{"taxonomy":"product_brand","embeddable":true,"href":"https:\/\/casaporciatti.it\/shop\/wp-json\/wp\/v2\/product_brand?post=6591"},{"taxonomy":"product_cat","embeddable":true,"href":"https:\/\/casaporciatti.it\/shop\/wp-json\/wp\/v2\/product_cat?post=6591"},{"taxonomy":"product_tag","embeddable":true,"href":"https:\/\/casaporciatti.it\/shop\/wp-json\/wp\/v2\/product_tag?post=6591"}],"curies":[{"name":"wp","href":"https:\/\/api.w.org\/{rel}","templated":true}]}}