{"id":6551,"date":"2023-02-14T17:28:11","date_gmt":"2023-02-14T16:28:11","guid":{"rendered":"https:\/\/casaporciatti.it\/shop\/prodotto\/rocca-di-castagnoli-poggio-a-frati-chianti-classico-riserva-2017\/"},"modified":"2026-01-01T18:03:20","modified_gmt":"2026-01-01T17:03:20","slug":"rocca-di-castagnoli-poggio-a-frati-chianti-classico-riserva-2019","status":"publish","type":"product","link":"https:\/\/casaporciatti.it\/shop\/prodotto\/rocca-di-castagnoli-poggio-a-frati-chianti-classico-riserva-2019\/","title":{"rendered":"ROCCA DI CASTAGNOLI POGGIO A&#8217; FRATI Chianti Classico Riserva 2019"},"content":{"rendered":"<p><strong>Il Chianti Classico Riserva Poggio a\u2019 Frati\u00a0 di Rocca di Castagnoli<\/strong> \u00e8 un vino di grande complessit\u00e0, struttura gustativa ed eleganza. Si presenta di colore rosso intenso e brillante, Il profumo \u00e8 ricco di note di piccoli frutti rossi e speziati. Ha profumi avvolgenti, complessi e persistenti che evidenziano la ciliegia e la marasca matura, con un bel finale speziato e balsamico. L\u2019affinamento in bottiglia lo porta ad acquisire una pregevole eleganza e suadenza gustativa.<\/p>\n<p><strong>La Rocca di Castagnoli s<\/strong>vetta dal Cuore del Chianti Classico, su un colle che gi\u00e0 gli Etruschi conoscevano molto bene: circondato da boschi, vigneti e olivi, domina la vallate di Gaiole in Chianti dall&#8217;alto di un poggio che riporta la mente a tempi remoti.<\/p>\n<p>Le caratteristiche geologiche di Castagnoli, con terreni profondi, ricchi di calcare e scheletro, insieme ad un clima particolare caratterizzato da importanti escursioni termiche e alla accurata selezione clonale dei vigneti, aiutano a produrre vini complessi, piacevoli, eleganti e con una struttura e acidit\u00e0 tali da renderli adatti anche a lunghi invecchiamenti.<\/p>\n","protected":false},"excerpt":{"rendered":"<p>Il Chianti Classico Riserva Poggio a\u2019 Frati\u00a0 di Rocca di Castagnoli \u00e8 un vino di grande complessit\u00e0, struttura gustativa ed [&hellip;]<\/p>\n","protected":false},"featured_media":6552,"template":"","meta":[],"product_brand":[],"product_cat":[16,17],"product_tag":[18,271,26],"class_list":{"0":"post-6551","1":"product","2":"type-product","3":"status-publish","4":"has-post-thumbnail","6":"product_cat-bere","7":"product_cat-vini-rossi","8":"product_tag-chianti-classico","9":"product_tag-rocca-di-castagnoli","10":"product_tag-vini-di-gaiole","11":"pa_categorie-speciali-vini-di-gaiole-in-chianti","12":"pa_chianti-classico-vini-di-gaiole-in-chianti","13":"pa_produttore-rocca-di-castagnoli","15":"first","16":"instock","17":"shipping-taxable","18":"purchasable","19":"product-type-simple"},"acf":[],"_links":{"self":[{"href":"https:\/\/casaporciatti.it\/shop\/wp-json\/wp\/v2\/product\/6551","targetHints":{"allow":["GET"]}}],"collection":[{"href":"https:\/\/casaporciatti.it\/shop\/wp-json\/wp\/v2\/product"}],"about":[{"href":"https:\/\/casaporciatti.it\/shop\/wp-json\/wp\/v2\/types\/product"}],"wp:featuredmedia":[{"embeddable":true,"href":"https:\/\/casaporciatti.it\/shop\/wp-json\/wp\/v2\/media\/6552"}],"wp:attachment":[{"href":"https:\/\/casaporciatti.it\/shop\/wp-json\/wp\/v2\/media?parent=6551"}],"wp:term":[{"taxonomy":"product_brand","embeddable":true,"href":"https:\/\/casaporciatti.it\/shop\/wp-json\/wp\/v2\/product_brand?post=6551"},{"taxonomy":"product_cat","embeddable":true,"href":"https:\/\/casaporciatti.it\/shop\/wp-json\/wp\/v2\/product_cat?post=6551"},{"taxonomy":"product_tag","embeddable":true,"href":"https:\/\/casaporciatti.it\/shop\/wp-json\/wp\/v2\/product_tag?post=6551"}],"curies":[{"name":"wp","href":"https:\/\/api.w.org\/{rel}","templated":true}]}}