{"id":6503,"date":"2023-02-14T17:28:11","date_gmt":"2023-02-14T16:28:11","guid":{"rendered":"https:\/\/casaporciatti.it\/shop\/prodotto\/casalagallo-chianti-classico-2016\/"},"modified":"2023-03-16T11:50:35","modified_gmt":"2023-03-16T10:50:35","slug":"casalagallo-chianti-classico-2016","status":"publish","type":"product","link":"https:\/\/casaporciatti.it\/shop\/prodotto\/casalagallo-chianti-classico-2016\/","title":{"rendered":"CASALAGALLO Chianti Classico 2016"},"content":{"rendered":"<p>IL Chianti Classico di Casalgallo \u00e8 un vino semplice e ben fatto. Rustico e ruspante, \u00e8 perfetto per la tavolate con tanti amici e il consumo giornaliero. Il blend \u00e8 composto da: Sangiovese 85%, Canaiolo, Cabarnet Sauvignon, Merlot. La buona qualit\u00e0 del vino dell\u2019azienda \u00e8 data dall&#8217;altitudine sul livello del mare, che garantisce una buona esposizione solare e dalla cura che la famiglia Redditi presta in prima persona alla pratiche di vigna e cantina.<\/p>\n<p>&nbsp;<\/p>\n<p>&nbsp;<\/p>\n","protected":false},"excerpt":{"rendered":"<p>IL Chianti Classico di Casalgallo \u00e8 un vino semplice e ben fatto. Rustico e ruspante, \u00e8 perfetto per la tavolate [&hellip;]<\/p>\n","protected":false},"featured_media":6504,"template":"","meta":[],"product_brand":[],"product_cat":[16,23,17],"product_tag":[267],"class_list":{"0":"post-6503","1":"product","2":"type-product","3":"status-publish","4":"has-post-thumbnail","6":"product_cat-bere","7":"product_cat-vini-in-promozione","8":"product_cat-vini-rossi","9":"product_tag-casalgallo","10":"pa_categorie-speciali-in-promozione-ora","11":"pa_produttore-casalgallo","13":"first","14":"outofstock","15":"sale","16":"shipping-taxable","17":"purchasable","18":"product-type-simple"},"acf":[],"_links":{"self":[{"href":"https:\/\/casaporciatti.it\/shop\/wp-json\/wp\/v2\/product\/6503","targetHints":{"allow":["GET"]}}],"collection":[{"href":"https:\/\/casaporciatti.it\/shop\/wp-json\/wp\/v2\/product"}],"about":[{"href":"https:\/\/casaporciatti.it\/shop\/wp-json\/wp\/v2\/types\/product"}],"wp:featuredmedia":[{"embeddable":true,"href":"https:\/\/casaporciatti.it\/shop\/wp-json\/wp\/v2\/media\/6504"}],"wp:attachment":[{"href":"https:\/\/casaporciatti.it\/shop\/wp-json\/wp\/v2\/media?parent=6503"}],"wp:term":[{"taxonomy":"product_brand","embeddable":true,"href":"https:\/\/casaporciatti.it\/shop\/wp-json\/wp\/v2\/product_brand?post=6503"},{"taxonomy":"product_cat","embeddable":true,"href":"https:\/\/casaporciatti.it\/shop\/wp-json\/wp\/v2\/product_cat?post=6503"},{"taxonomy":"product_tag","embeddable":true,"href":"https:\/\/casaporciatti.it\/shop\/wp-json\/wp\/v2\/product_tag?post=6503"}],"curies":[{"name":"wp","href":"https:\/\/api.w.org\/{rel}","templated":true}]}}