{"id":6500,"date":"2023-02-14T17:27:52","date_gmt":"2023-02-14T16:27:52","guid":{"rendered":"https:\/\/casaporciatti.it\/shop\/prodotto\/fontodi-experience-box-da-6-bottiglie\/"},"modified":"2023-03-16T11:50:32","modified_gmt":"2023-03-16T10:50:32","slug":"fontodi-experience-box-da-6-bottiglie","status":"publish","type":"product","link":"https:\/\/casaporciatti.it\/shop\/prodotto\/fontodi-experience-box-da-6-bottiglie\/","title":{"rendered":"FONTODI EXPERIENCE BOX DA 6 BOTTIGLIE"},"content":{"rendered":"<p class=\"p1\">Nel FONTODI EXPERIENCE BOX\u00a0 si trovano le ultime annate di questa storica cantina di Panzano in Chianti. Presente anche il Flaccianello della Pive\u00a0 2016 &#8211; 100\/100 su Robert Parker<\/p>\n<p>Nel box sono presenti:<\/p>\n<ul>\n<li>2 bottiglie Chianti Classico\u00a0<strong>Fontodi 2019<\/strong><\/li>\n<li>2 bottiglie Chianti Classico <b>Fontodi Filetta di Lamole 2018<\/b><\/li>\n<li>1 bottiglia Chianti Classico Gran Selezione\u00a0<strong>Vigna del Sorbo 2018<\/strong><\/li>\n<li>1 bottiglia\u00a0<strong>Flaccianello della Pieve 2016<\/strong><\/li>\n<\/ul>\n<p>Il Toscana IGT\u00a0<strong>Flaccianello della Pieve 2016 di Fontodi<\/strong>\u00a0\u00e8 una delle etichette pi\u00f9 rappresentative e conosciute nella zona del Chianti Classico e dell\u2019intera Toscana.<\/p>\n<p>Nasce dalla selezione delle migliori uve di tutta la propriet\u00e0 e affina per 24 mesi in barriques di Troncais e Allier. Ne nasce un Sangiovese ricco, potente e dalla fitta trama tannica.\u00a0 Questa \u00e8 la bottiglia di spicco dell\u2019azienda, quella pi\u00f9 rinomata e amata; una splendida bottiglia da bere subito o dimenticare in cantina per alcuni anni.<\/p>\n<p>Fontodi \u00e8 una certezza, sempre. Il Flaccianello della Pieve \u00e8 la sua creazione migliore.<\/p>\n<p>L\u2019Azienda Agricola\u00a0<strong>Fontodi\u00a0<\/strong>\u00e8 stata acquistata\u00a0dalla famiglia Manetti nel 1968. La sua posizione\u00a0 \u2013 proprio al centro della denominazione\u00a0<strong>Chianti Classico<\/strong>, con vigne che guardano\u00a0 a sud, suoli ricchi di galestro, nel bellissimo anfiteatro naturale che \u00e8 la Conca d\u2019oro di\u00a0<strong>Panzano in Chianti\u00a0<\/strong>a circa 400\u00a0 m slm \u2013 \u00e8 dominante.<\/p>\n<p>La conduzione \u00e8 biologica ormai da molti anni; c\u2019\u00e8 perfino una piccolo gruppetto di Chianine dalle quali si ricava la base del concime per fertilizzare le viti. Alcune vecchie viti degli anni \u201960 e \u201970 sono ancora in produzione, ma la maggior parte sono state sostituite da vigneti ad alta densit\u00e0 le cui piante derivano sia da selezione massale che dai miglior cloni emersi durante il progetto Chianti Classico 2000.<\/p>\n<p>La relativamente recente costruzione della nuova cantina \u00e8 perfettamente equipaggiata e funziona secondo i principi di gravit\u00e0 che elimina la necessit\u00e0 dei pompaggi. Tutto \u00e8 stato pensato e progettato per realizzare i migliori vini possibili.<\/p>\n<p>&nbsp;<\/p>\n<p>&nbsp;<\/p>\n<p>&nbsp;<\/p>\n<p>&nbsp;<\/p>\n<p class=\"p1\">\n","protected":false},"excerpt":{"rendered":"<p>Nel FONTODI EXPERIENCE BOX\u00a0 si trovano le ultime annate di questa storica cantina di Panzano in Chianti. Presente anche il [&hellip;]<\/p>\n","protected":false},"featured_media":6501,"template":"","meta":[],"product_brand":[],"product_cat":[16,17,35],"product_tag":[71,93],"class_list":{"0":"post-6500","1":"product","2":"type-product","3":"status-publish","4":"has-post-thumbnail","6":"product_cat-bere","7":"product_cat-vini-rossi","8":"product_cat-in-evidenza","9":"product_tag-fontodi","10":"product_tag-toscana-igt","11":"pa_categorie-speciali-in-promozione-ora","12":"pa_categorie-speciali-vini-pregiati-e-rari","13":"pa_chianti-classico-vini-di-panzano","14":"pa_produttore-fontodi","16":"first","17":"outofstock","18":"shipping-taxable","19":"purchasable","20":"product-type-simple"},"acf":[],"_links":{"self":[{"href":"https:\/\/casaporciatti.it\/shop\/wp-json\/wp\/v2\/product\/6500","targetHints":{"allow":["GET"]}}],"collection":[{"href":"https:\/\/casaporciatti.it\/shop\/wp-json\/wp\/v2\/product"}],"about":[{"href":"https:\/\/casaporciatti.it\/shop\/wp-json\/wp\/v2\/types\/product"}],"wp:featuredmedia":[{"embeddable":true,"href":"https:\/\/casaporciatti.it\/shop\/wp-json\/wp\/v2\/media\/6501"}],"wp:attachment":[{"href":"https:\/\/casaporciatti.it\/shop\/wp-json\/wp\/v2\/media?parent=6500"}],"wp:term":[{"taxonomy":"product_brand","embeddable":true,"href":"https:\/\/casaporciatti.it\/shop\/wp-json\/wp\/v2\/product_brand?post=6500"},{"taxonomy":"product_cat","embeddable":true,"href":"https:\/\/casaporciatti.it\/shop\/wp-json\/wp\/v2\/product_cat?post=6500"},{"taxonomy":"product_tag","embeddable":true,"href":"https:\/\/casaporciatti.it\/shop\/wp-json\/wp\/v2\/product_tag?post=6500"}],"curies":[{"name":"wp","href":"https:\/\/api.w.org\/{rel}","templated":true}]}}