{"id":6455,"date":"2023-02-14T17:27:52","date_gmt":"2023-02-14T16:27:52","guid":{"rendered":"https:\/\/casaporciatti.it\/shop\/prodotto\/montevertine-experience-box-da-9-bottiglie\/"},"modified":"2026-04-14T05:58:59","modified_gmt":"2026-04-14T03:58:59","slug":"sangiovese-experience-box-da-6-bottiglie","status":"publish","type":"product","link":"https:\/\/casaporciatti.it\/shop\/prodotto\/sangiovese-experience-box-da-6-bottiglie\/","title":{"rendered":"SANGIOVESE EXPERIENCE BOX da 6 bottiglie"},"content":{"rendered":"<p><strong>Capire il Sangiovese in 6 bottiglie<\/strong><\/p>\n<p>Questa selezione nasce da un\u2019idea molto semplice:<br \/>\nse vuoi capire davvero il Sangiovese toscano, prova ad assaggiarlo in contesti diversi.<\/p>\n<p>Perch\u00e9 \u00e8 un vitigno che cambia profondamente \u2014 non solo per il clima o il suolo, ma anche per la storia dei territori e per le scelte di chi lo produce.<\/p>\n<p>In questa box trovi <strong>sei bottiglie<\/strong>, <strong>due per ciascun vino<\/strong>, pensate per essere bevute anche a distanza di tempo, oppure condivise.<\/p>\n<p><strong>Montepulciano con il Nobile di Poderi Sanguineto 2022.<\/strong><\/p>\n<p>Qui il Sangiovese (Prugnolo Gentile) ha un\u2019espressione pi\u00f9 calda e materica.<br \/>\n\u00c8 un vino diretto, agricolo nel senso migliore del termine, dove conta pi\u00f9 la sostanza che la costruzione. Due bottiglie ti permettono di coglierne sia l\u2019immediatezza sia la capacit\u00e0 di distendersi nel bicchiere.<\/p>\n<p><strong>Montalcino con il Rosso di Canalicchio di Sopra 2024.<\/strong><\/p>\n<p>Qui il Sangiovese cambia registro: diventa pi\u00f9 teso, pi\u00f9 preciso, con una spinta fresca che lo rende estremamente dinamico. \u00c8 la versione pi\u00f9 accessibile di un territorio famoso per vini longevi, ma mantiene intatta la sua identit\u00e0. Due bottiglie sono il modo migliore per apprezzarne l\u2019evoluzione anche nel breve periodo.<\/p>\n<p><strong>Chianti Classico Riserva 2021 di Castello di Monsanto.<\/strong><\/p>\n<p>Qui si trova un punto di equilibrio tra struttura, eleganza e profondit\u00e0. \u00c8 un Sangiovese completo, che tiene insieme le diverse anime del territorio senza estremi. Le due bottiglie permettono di tornarci sopra, di capirlo meglio, magari anche abbinate a piatti diversi.<\/p>\n<p>&nbsp;<\/p>\n","protected":false},"excerpt":{"rendered":"<p>Capire il Sangiovese in 6 bottiglie Questa selezione nasce da un\u2019idea molto semplice: se vuoi capire davvero il Sangiovese toscano, [&hellip;]<\/p>\n","protected":false},"featured_media":13388,"template":"","meta":[],"product_brand":[],"product_cat":[16,17,35],"product_tag":[],"class_list":{"0":"post-6455","1":"product","2":"type-product","3":"status-publish","4":"has-post-thumbnail","6":"product_cat-bere","7":"product_cat-vini-rossi","8":"product_cat-in-evidenza","9":"pa_categorie-speciali-montevertine","10":"pa_categorie-speciali-vini-pregiati-e-rari","11":"pa_produttore-canalicchio-di-sopra","12":"pa_produttore-castello-di-monsanto","13":"pa_produttore-poderi-sanguineto","15":"first","16":"instock","17":"shipping-taxable","18":"purchasable","19":"product-type-simple"},"acf":[],"_links":{"self":[{"href":"https:\/\/casaporciatti.it\/shop\/wp-json\/wp\/v2\/product\/6455","targetHints":{"allow":["GET"]}}],"collection":[{"href":"https:\/\/casaporciatti.it\/shop\/wp-json\/wp\/v2\/product"}],"about":[{"href":"https:\/\/casaporciatti.it\/shop\/wp-json\/wp\/v2\/types\/product"}],"wp:featuredmedia":[{"embeddable":true,"href":"https:\/\/casaporciatti.it\/shop\/wp-json\/wp\/v2\/media\/13388"}],"wp:attachment":[{"href":"https:\/\/casaporciatti.it\/shop\/wp-json\/wp\/v2\/media?parent=6455"}],"wp:term":[{"taxonomy":"product_brand","embeddable":true,"href":"https:\/\/casaporciatti.it\/shop\/wp-json\/wp\/v2\/product_brand?post=6455"},{"taxonomy":"product_cat","embeddable":true,"href":"https:\/\/casaporciatti.it\/shop\/wp-json\/wp\/v2\/product_cat?post=6455"},{"taxonomy":"product_tag","embeddable":true,"href":"https:\/\/casaporciatti.it\/shop\/wp-json\/wp\/v2\/product_tag?post=6455"}],"curies":[{"name":"wp","href":"https:\/\/api.w.org\/{rel}","templated":true}]}}