{"id":6196,"date":"2023-02-14T17:26:49","date_gmt":"2023-02-14T16:26:49","guid":{"rendered":"https:\/\/casaporciatti.it\/shop\/prodotto\/gaja-camarcanda-promis-bolgheri-2019\/"},"modified":"2026-03-18T10:49:29","modified_gmt":"2026-03-18T09:49:29","slug":"gaja-camarcanda-promis-bolgheri-2023","status":"publish","type":"product","link":"https:\/\/casaporciatti.it\/shop\/prodotto\/gaja-camarcanda-promis-bolgheri-2023\/","title":{"rendered":"GAJA CA&#8217;MARCANDA PROMIS Bolgheri 2023"},"content":{"rendered":"<p>Gaja Ca&#8217;Marcanda Promis \u00e8 uno dei tre vini prodotti nella tenuta Ca&#8217;Marcanda di Gaja insieme al Magari e al loro fiore all&#8217;occhiello Ca&#8217;Marcanda. La tenuta si trova a Bolgheri sulla costa della Toscana. Promis \u00e8 stato prodotto per la prima volta nel 2000 ed \u00e8 imbottigliato come Identificazione Geografica Protetta Toscana.<\/p>\n<p>Gaja \u00e8 semplicemente uno dei pi\u00f9 famosi produttori di vino italiani. L&#8217;azienda \u00e8 stata fondata nel 1859 nelle Langhe, in Piemonte, da Giovanni Gaja ed \u00e8 il suo pronipote, Angelo Gaja, che attualmente gestisce l&#8217;azienda. Sono famosi soprattutto per i classici vini piemontesi come il Barolo e il Barbaresco. Infatti, Angelo \u00e8 stato spesso definito il &#8220;Re del Barbaresco&#8221; ed \u00e8 stato responsabile dello sviluppo di tecniche che hanno rivoluzionato l&#8217;enologia in Italia.<\/p>\n<p>Gaja ha acquistato la sua prima propriet\u00e0 in Toscana chiamata Pieve Santa Restituta nel 1994 e questa \u00e8 stata rapidamente seguita dalla seconda propriet\u00e0 toscana, Ca&#8217;Marcanda si trova a Castagneto Carducci a Bolgheri, nel 1996. Mentre la concentrazione a Pieve Santa Restituta \u00e8 sui vini pi\u00f9 tradizionali , il focus di Ca&#8217;Marcanda \u00e8 sui vitigni internazionali (Cabernet Sauvignon, Syrah e Merlot) e sui blend stile \u201cSuper-Tuscan\u201d. La tenuta \u00e8 ora composta da 100 ettari di vigneto.<\/p>\n<p>Gaja Ca&#8217;Marcanda Promis \u00e8 un blend di 55% Merlot, 35% Syrah, 10% Sangiovese. I vigneti sono situati su terreni bruni argillosi. Il clima qui \u00e8 quello tipico marittimo mediterraneo caratterizzato da calde giornate estive e notti fresche rinfrescate dalle brezze marine locali che fanno creano un corridoio naturale tra la costa e la vicina Corsica. Ci\u00f2 consente alle uve di maturare uniformemente per un lungo periodo, ideale per le uve. Le uve provengono dai vigneti di Bolgheri e della vicina zona di Bibbona. Le tre variet\u00e0 vengono fatte fermentare e macerare separatamente per circa 15 giorni. Dopo 12 mesi di affinamento in legno i vini vengono assemblati e lasciati affinare in bottiglia per alcuni mesi prima della commercializzazione.<\/p>\n<p>Il nome &#8220;Promis&#8221; indica l&#8217;impegno, o la promessa della famiglia Gaja, di produrre vini della pi\u00f9 alta qualit\u00e0 possibile, i premi della diligenza e dell&#8217;eccellenza.<\/p>\n","protected":false},"excerpt":{"rendered":"<p>Gaja Ca&#8217;Marcanda Promis \u00e8 uno dei tre vini prodotti nella tenuta Ca&#8217;Marcanda di Gaja insieme al Magari e al loro [&hellip;]<\/p>\n","protected":false},"featured_media":6197,"template":"","meta":[],"product_brand":[],"product_cat":[16,17],"product_tag":[98,247],"class_list":{"0":"post-6196","1":"product","2":"type-product","3":"status-publish","4":"has-post-thumbnail","6":"product_cat-bere","7":"product_cat-vini-rossi","8":"product_tag-bolgheri","9":"product_tag-ca-marcanda","10":"pa_produttore-gaja","12":"first","13":"instock","14":"shipping-taxable","15":"purchasable","16":"product-type-simple"},"acf":[],"_links":{"self":[{"href":"https:\/\/casaporciatti.it\/shop\/wp-json\/wp\/v2\/product\/6196","targetHints":{"allow":["GET"]}}],"collection":[{"href":"https:\/\/casaporciatti.it\/shop\/wp-json\/wp\/v2\/product"}],"about":[{"href":"https:\/\/casaporciatti.it\/shop\/wp-json\/wp\/v2\/types\/product"}],"wp:featuredmedia":[{"embeddable":true,"href":"https:\/\/casaporciatti.it\/shop\/wp-json\/wp\/v2\/media\/6197"}],"wp:attachment":[{"href":"https:\/\/casaporciatti.it\/shop\/wp-json\/wp\/v2\/media?parent=6196"}],"wp:term":[{"taxonomy":"product_brand","embeddable":true,"href":"https:\/\/casaporciatti.it\/shop\/wp-json\/wp\/v2\/product_brand?post=6196"},{"taxonomy":"product_cat","embeddable":true,"href":"https:\/\/casaporciatti.it\/shop\/wp-json\/wp\/v2\/product_cat?post=6196"},{"taxonomy":"product_tag","embeddable":true,"href":"https:\/\/casaporciatti.it\/shop\/wp-json\/wp\/v2\/product_tag?post=6196"}],"curies":[{"name":"wp","href":"https:\/\/api.w.org\/{rel}","templated":true}]}}