{"id":5891,"date":"2023-02-14T17:25:27","date_gmt":"2023-02-14T16:25:27","guid":{"rendered":"https:\/\/casaporciatti.it\/shop\/prodotto\/dievole-vin-santo-del-chianti-classico-2016\/"},"modified":"2025-06-14T10:57:56","modified_gmt":"2025-06-14T08:57:56","slug":"dievole-vin-santo-del-chianti-classico-2018","status":"publish","type":"product","link":"https:\/\/casaporciatti.it\/shop\/prodotto\/dievole-vin-santo-del-chianti-classico-2018\/","title":{"rendered":"DIEVOLE Vin Santo del Chianti Classico 2018 &#8211; 37.5 cl"},"content":{"rendered":"<p><strong>Il Dievole Vin Santo del Chianti Classico<\/strong>\u00a0\u00e8 un inno alla tradizione contadina. Prodotto con Trebbiano e Malvasia. All&#8217;appassimento in vigna segue un affinamento di almeno tre anni in piccole botticelle.<\/p>\n<p class=\"p2\"><strong>Dievole<\/strong> \u00e8 un angolo della Toscana fra Siena e Firenze\u00a0 al centro del <strong>Chianti Classico<\/strong> che \u00e8 sempre stato conosciuto per essere un piccolo paradiso.<\/p>\n<p class=\"p2\">Qui il dialogo tra natura e uomo non \u00e8 mai stato interrotto e il nome pu\u00f2 spiegarne la ragione: infatti l&#8217;origine del nome &#8220;Dievole&#8221; \u00e8 &#8220;Dio vuole&#8221;.<\/p>\n<p class=\"p2\">Il nome di Dievole appare ufficialmente per la prima volta nell&#8217;XI secolo e precisamente il 10 maggio 1090. Durante quel tempo l&#8217;islandese Leif Erikson scopre il Nord America, i cinesi scoprono la polvere da sparo, la prima universit\u00e0 al mondo fu fondata a Bologna, Roma \u00e8 invasa dai Normanni e Papa Urbano II conquista Gerusalemme. In quel giorno, come si legge nel contratto stilato dal notaio Bellundo, furono pagati due capponi, tre pani di razza e sei denari lucchesi di argento buono per il contratto annuale di una vigna in una vallata divina, che era Dievole.<\/p>\n<p class=\"p2\">Nel 2012 Dievole inizia un rinnovamento armonico e graduale con l&#8217;obiettivo di valorizzare la pi\u00f9 profonda identit\u00e0 di quest&#8217;area. I sogni di ieri diventano gli obiettivi del domani, le antiche certezze si confrontano con nuove idee. \u00c8 un&#8217;evoluzione, basata sul rispetto, che \u00e8 partita dall&#8217;ascolto della terra e che ha un solo vantaggio: la qualit\u00e0. La qualit\u00e0 a Dievole inizia prima di tutto con eccellenti risorse agricole come una terra particolarmente vocata alla viticoltura, l&#8217;esperienza dell&#8217;uomo e il costante sforzo per l&#8217;innovazione.<\/p>\n<p class=\"p2\">Sono questi gli strumenti con cui il team di Dievole guarda al futuro con l&#8217;intento di proteggere l&#8217;atmosfera di questo luogo magico e di farlo conoscere al mondo. Tre sono le espressioni di Dievole: i suoi vigneti che disegnano le onde sulle colline e che danno vita a vini freschi e intensi a base di Sangiovese, gli ulivi che punteggiano il paesaggio con il loro fascino senza tempo e la calda accoglienza della storica Villa &#8211; Villa Dievole &#8211; un elegante country resort dove \u00e8 possibile vivere momenti indimenticabili.<\/p>\n<p>&nbsp;<\/p>\n","protected":false},"excerpt":{"rendered":"<p>Il Dievole Vin Santo del Chianti Classico\u00a0\u00e8 un inno alla tradizione contadina. Prodotto con Trebbiano e Malvasia. All&#8217;appassimento in vigna [&hellip;]<\/p>\n","protected":false},"featured_media":5892,"template":"","meta":[],"product_brand":[],"product_cat":[16,209],"product_tag":[81,210,211],"class_list":{"0":"post-5891","1":"product","2":"type-product","3":"status-publish","4":"has-post-thumbnail","6":"product_cat-bere","7":"product_cat-dolce","8":"product_tag-dievole","9":"product_tag-vin-santo","10":"product_tag-vini-per-le-feste","11":"pa_chianti-classico-vini-di-vagliagli","12":"pa_produttore-dievole","14":"first","15":"instock","16":"shipping-taxable","17":"purchasable","18":"product-type-simple"},"acf":[],"_links":{"self":[{"href":"https:\/\/casaporciatti.it\/shop\/wp-json\/wp\/v2\/product\/5891","targetHints":{"allow":["GET"]}}],"collection":[{"href":"https:\/\/casaporciatti.it\/shop\/wp-json\/wp\/v2\/product"}],"about":[{"href":"https:\/\/casaporciatti.it\/shop\/wp-json\/wp\/v2\/types\/product"}],"wp:featuredmedia":[{"embeddable":true,"href":"https:\/\/casaporciatti.it\/shop\/wp-json\/wp\/v2\/media\/5892"}],"wp:attachment":[{"href":"https:\/\/casaporciatti.it\/shop\/wp-json\/wp\/v2\/media?parent=5891"}],"wp:term":[{"taxonomy":"product_brand","embeddable":true,"href":"https:\/\/casaporciatti.it\/shop\/wp-json\/wp\/v2\/product_brand?post=5891"},{"taxonomy":"product_cat","embeddable":true,"href":"https:\/\/casaporciatti.it\/shop\/wp-json\/wp\/v2\/product_cat?post=5891"},{"taxonomy":"product_tag","embeddable":true,"href":"https:\/\/casaporciatti.it\/shop\/wp-json\/wp\/v2\/product_tag?post=5891"}],"curies":[{"name":"wp","href":"https:\/\/api.w.org\/{rel}","templated":true}]}}