{"id":5718,"date":"2023-02-14T17:24:24","date_gmt":"2023-02-14T16:24:24","guid":{"rendered":"https:\/\/casaporciatti.it\/shop\/prodotto\/tenuta-le-calcinaie-vernaccia-di-san-gimignano-2020\/"},"modified":"2026-08-18T11:11:38","modified_gmt":"2026-08-18T09:11:38","slug":"tenuta-le-calcinaie-vernaccia-di-san-gimignano-2025","status":"publish","type":"product","link":"https:\/\/casaporciatti.it\/shop\/prodotto\/tenuta-le-calcinaie-vernaccia-di-san-gimignano-2025\/","title":{"rendered":"TENUTA LE CALCINAIE Vernaccia di San Gimignano 2025"},"content":{"rendered":"<p>La Vernaccia di Sam Gimignano di Tenuta Le Calcinaie ha un profumo: intenso, fine, dai sentori fruttati con mela verde e fiori bianchi in evidenza. In bocca \u00e8 un vino fresco, fragrante, minerale, intenso, accattivante.<\/p>\n<p><span id=\"u3784\">Tenuta Le Calcinaie<\/span>\u00a0\u00e8 una piccola e ben curata azienda a soli tre chilometri dalla citt\u00e0 di San Gimignano (in provincia di Siena). La Tenuta prende il nome dalla composizione del suolo di questa zona: infatti strati di calcare (calcina), originati da depositi marini dell&#8217;epoca pliocenica, si trovano a mezzo metro di profondit\u00e0.<\/p>\n<p><span id=\"u3784-5\">Simone Santini<\/span>, un appassionato viticultore, \u00e8 il proprietario: ha piantato il suo primo ettaro con viti di Vernaccia, il vigneto \u201cVigna ai Sassi\u201d, nel 1986 e nel 1989 ha piantato 7000 mq di sangiovese. L&#8217;annata 1993 di Teodoro, 100% Sangiovese, \u00e8 stato il primo vino che ha prodotto (solo una barrique \u00e8 stata imbottigliata), l&#8217;annata 1995 \u00e8 stata la prima Vernaccia di San Gimignano prodotta. L&#8217;estensione totale del vigneto \u00e8 ora di 12 ettari e la produzione media \u00e8 di 70.000 bottiglie all&#8217;anno.\u00a0<span id=\"u3784-7\">Dal 1995 l\u2019azienda segue integralmente il protocollo biologico<\/span>, i vini e tutti i prodotti aziendali sono certificati biologici secondo il regolamento UE e NOP.<\/p>\n","protected":false},"excerpt":{"rendered":"<p>La Vernaccia di Sam Gimignano di Tenuta Le Calcinaie ha un profumo: intenso, fine, dai sentori fruttati con mela verde [&hellip;]<\/p>\n","protected":false},"featured_media":5719,"template":"","meta":{"_acf_changed":false},"product_brand":[],"product_cat":[16,182],"product_tag":[183,28,184,84,22],"class_list":["post-5718","product","type-product","status-publish","has-post-thumbnail","product_cat-bere","product_cat-vini-bianchi","product_tag-le-calcinaie","product_tag-produttore-artigianale","product_tag-vernaccia-di-san-gimignano","product_tag-vini-per-lestate","product_tag-vino-biologico","pa_categorie-speciali-vini-per-lestate","pa_categorie-speciali-vino-biologico","pa_etichette-porciatti-produttori-artigianali","pa_etichette-porciatti-vino-biologico","pa_produttore-tenuta-le-calcinaie","first","outofstock","shipping-taxable","purchasable","product-type-simple"],"acf":[],"_links":{"self":[{"href":"https:\/\/casaporciatti.it\/shop\/wp-json\/wp\/v2\/product\/5718","targetHints":{"allow":["GET"]}}],"collection":[{"href":"https:\/\/casaporciatti.it\/shop\/wp-json\/wp\/v2\/product"}],"about":[{"href":"https:\/\/casaporciatti.it\/shop\/wp-json\/wp\/v2\/types\/product"}],"wp:featuredmedia":[{"embeddable":true,"href":"https:\/\/casaporciatti.it\/shop\/wp-json\/wp\/v2\/media\/5719"}],"wp:attachment":[{"href":"https:\/\/casaporciatti.it\/shop\/wp-json\/wp\/v2\/media?parent=5718"}],"wp:term":[{"taxonomy":"product_brand","embeddable":true,"href":"https:\/\/casaporciatti.it\/shop\/wp-json\/wp\/v2\/product_brand?post=5718"},{"taxonomy":"product_cat","embeddable":true,"href":"https:\/\/casaporciatti.it\/shop\/wp-json\/wp\/v2\/product_cat?post=5718"},{"taxonomy":"product_tag","embeddable":true,"href":"https:\/\/casaporciatti.it\/shop\/wp-json\/wp\/v2\/product_tag?post=5718"}],"curies":[{"name":"wp","href":"https:\/\/api.w.org\/{rel}","templated":true}]}}

<p>La Vernaccia di Sam Gimignano di Tenuta Le Calcinaie ha un profumo: intenso, fine, dai sentori fruttati con mela verde e fiori bianchi in evidenza. In bocca è un vino fresco, fragrante, minerale, intenso, accattivante.</p>
<p><span id="u3784">Tenuta Le Calcinaie</span> è una piccola e ben curata azienda a soli tre chilometri dalla città di San Gimignano (in provincia di Siena). La Tenuta prende il nome dalla composizione del suolo di questa zona: infatti strati di calcare (calcina), originati da depositi marini dell&#8217;epoca pliocenica, si trovano a mezzo metro di profondità.</p>
<p><span id="u3784-5">Simone Santini</span>, un appassionato viticultore, è il proprietario: ha piantato il suo primo ettaro con viti di Vernaccia, il vigneto “Vigna ai Sassi”, nel 1986 e nel 1989 ha piantato 7000 mq di sangiovese. L&#8217;annata 1993 di Teodoro, 100% Sangiovese, è stato il primo vino che ha prodotto (solo una barrique è stata imbottigliata), l&#8217;annata 1995 è stata la prima Vernaccia di San Gimignano prodotta. L&#8217;estensione totale del vigneto è ora di 12 ettari e la produzione media è di 70.000 bottiglie all&#8217;anno. <span id="u3784-7">Dal 1995 l’azienda segue integralmente il protocollo biologico</span>, i vini e tutti i prodotti aziendali sono certificati biologici secondo il regolamento UE e NOP.</p>
