{"id":5375,"date":"2023-02-14T17:23:08","date_gmt":"2023-02-14T16:23:08","guid":{"rendered":"https:\/\/casaporciatti.it\/shop\/prodotto\/brovia-barolo-rocche-di-castiglione-2018\/"},"modified":"2026-03-12T11:52:19","modified_gmt":"2026-03-12T10:52:19","slug":"brovia-barolo-rocche-di-castiglione-2021","status":"publish","type":"product","link":"https:\/\/casaporciatti.it\/shop\/prodotto\/brovia-barolo-rocche-di-castiglione-2021\/","title":{"rendered":"BROVIA Barolo Rocche di Castiglione 2021"},"content":{"rendered":"<p class=\"p1\">Il <strong>Barolo Rocche di Castiglione di Brovia 2021<\/strong> \u00e8 un nebbiolo dal lato molto femminile e seducente. Da sempre il pi\u00f9 aromatico ed elegante dei Crudi questa storica azienda di <strong>Castiglion Falletto<\/strong>, ha la delicatezza di una ballerina con tannini dolci e setosi.<\/p>\n<p class=\"p1\">Le qualit\u00e0 uniche di questo &#8220;cru&#8221; derivano dalla composizione del terreno sabbioso che \u00e8 in netto contrasto con il terreno sottostante ai &#8220;cru&#8221; vicini di Castiglione Falletto. La parcella di propriet\u00e0 di Brovia (1,5 ettari) si affaccia a sud-est e si trova a 350 metri di altitudine. Le viti sono state piantate nel 1966. Il vino fermenta per almeno 3 settimane e poi viene travasato in grandi botti di rovere francesi per un periodo di invecchiamento non inferiore a due anni prima di essere imbottigliato (non filtrato). La produzione annuale \u00e8 nell&#8217;ordine delle 5500 bottiglie<\/p>\n<p class=\"p1\">Nel 1863 <strong>Giacinto Brovia<\/strong> fond\u00f2 l&#8217;omonima azienda a <strong>Castiglione Falletto<\/strong>, nel cuore della regione del Barolo. La famiglia \u00e8 da allora impegnata nella coltivazione dell&#8217;uva e nella produzione di vino.<\/p>\n<p class=\"p1\">I Brovia, di generazione in generazione, sono stati compratori coscienziosi di alcuni dei migliori vigneti di questa nobile terra, concentrando i loro sforzi a Castiglione Falletto e nella vicina Serralunga d&#8217;Alba. Brovia possiede terreni in una variet\u00e0 dei migliori &#8220;cru&#8221; del Piemonte come Rocche, Villero e Garbl\u00e9t Sue, tutti a Castiglione Falletto, cos\u00ec come Brea a Serralunga.<\/p>\n<p class=\"p1\">Questi diversi cru si differenziano per tipo di terreno, dall&#8217;argilla pi\u00f9 pesante al calcare friabile. I Brovia sono viticoltori estremamente coscienziosi e coltivano in modo biologico (senza essere certificati formalmente). Eseguono analisi del suolo ogni due anni per assicurare che gli elementi siano in equilibrio; la potatura \u00e8 fatta per limitare le rese del raccolto. La vendemmia \u00e8 fatta interamente a mano e di solito inizia a fine settembre con il Dolcetto, l&#8217;Arneis e la Barbera; naturalmente il Nebbiolo matura pi\u00f9 tardi e la raccolta per i vari Baroli avviene normalmente a met\u00e0 ottobre.<\/p>\n<p class=\"p1\">I vini Brovia sono vinificati in stile classico. Le uve vengono leggermente pressate prima di entrare nelle vasche di fermentazione. La durata del periodo di fermentazione dipende dal vitigno, per il nebbiolo da Barolo estendersi fino a un mese o pi\u00f9 a temperature tra i 28 e i 30 gradi Celsius. I Baroli sono invecchiati per almeno due anni in botti da 30 ettolitri di rovere di Slavonia e Francia. I vini vengono quindi imbottigliati senza filtrazione e immessi sul mercato dopo ulteriori 18-24 mesi di affinamento in bottiglia<\/p>\n<p class=\"p1\">L&#8217;azienda di Brovia si estende oggi per 19,2 ettari con il 55% della produzione dedicata al Barolo, il 25% al Dolcetto, il 10% alla Barbera e il restante 10% prodotto da Arneis, Nebbiolo d&#8217;Alba e Freisa.<\/p>\n","protected":false},"excerpt":{"rendered":"<p>Il Barolo Rocche di Castiglione di Brovia 2021 \u00e8 un nebbiolo dal lato molto femminile e seducente. Da sempre il [&hellip;]<\/p>\n","protected":false},"featured_media":5376,"template":"","meta":[],"product_brand":[],"product_cat":[16,17],"product_tag":[150,160],"class_list":{"0":"post-5375","1":"product","2":"type-product","3":"status-publish","4":"has-post-thumbnail","6":"product_cat-bere","7":"product_cat-vini-rossi","8":"product_tag-barolo","9":"product_tag-brovia","10":"pa_categorie-speciali-vini-pregiati-e-rari","11":"pa_produttore-brovia","13":"first","14":"instock","15":"shipping-taxable","16":"purchasable","17":"product-type-simple"},"acf":[],"_links":{"self":[{"href":"https:\/\/casaporciatti.it\/shop\/wp-json\/wp\/v2\/product\/5375","targetHints":{"allow":["GET"]}}],"collection":[{"href":"https:\/\/casaporciatti.it\/shop\/wp-json\/wp\/v2\/product"}],"about":[{"href":"https:\/\/casaporciatti.it\/shop\/wp-json\/wp\/v2\/types\/product"}],"wp:featuredmedia":[{"embeddable":true,"href":"https:\/\/casaporciatti.it\/shop\/wp-json\/wp\/v2\/media\/5376"}],"wp:attachment":[{"href":"https:\/\/casaporciatti.it\/shop\/wp-json\/wp\/v2\/media?parent=5375"}],"wp:term":[{"taxonomy":"product_brand","embeddable":true,"href":"https:\/\/casaporciatti.it\/shop\/wp-json\/wp\/v2\/product_brand?post=5375"},{"taxonomy":"product_cat","embeddable":true,"href":"https:\/\/casaporciatti.it\/shop\/wp-json\/wp\/v2\/product_cat?post=5375"},{"taxonomy":"product_tag","embeddable":true,"href":"https:\/\/casaporciatti.it\/shop\/wp-json\/wp\/v2\/product_tag?post=5375"}],"curies":[{"name":"wp","href":"https:\/\/api.w.org\/{rel}","templated":true}]}}