{"id":5181,"date":"2023-02-14T17:22:21","date_gmt":"2023-02-14T16:22:21","guid":{"rendered":"https:\/\/casaporciatti.it\/shop\/prodotto\/villa-pomona-bandini-chianti-classico-2019\/"},"modified":"2026-02-04T11:45:13","modified_gmt":"2026-02-04T10:45:13","slug":"villa-pomona-chianti-classico-2023","status":"publish","type":"product","link":"https:\/\/casaporciatti.it\/shop\/prodotto\/villa-pomona-chianti-classico-2023\/","title":{"rendered":"VILLA POMONA Chianti Classico 2023"},"content":{"rendered":"<p>Il <strong>Chianti Classico<\/strong> di <strong>Villa Pomona<\/strong> \u00e8 il figlio della passione di <strong>Monica Raspi<\/strong> per il vino e per la regione Chianti. La Fattoria Pomona si trova a <strong>Castellina in Chianti<\/strong> sulla strada che porta a Siena.<\/p>\n<p>Le vigne si trovano ad un&#8217;altezza di 350 m slm su suoli prevalentemente marnosi. L&#8217;uvaggio del Chianti Classico di Villa Pomona \u00e8 quello tradizionale &#8211; Sangiovese 95% e Colorino 5% &#8211; cos\u00ec come \u00e8 tradizionale la vinificazione e affinamento: grandi botti di rovere di Slavonia per almeno un anno e poi tre mesi di bottiglia prima dell&#8217;entrata in commercio.<\/p>\n<p>La produzione \u00e8 veramente limitata, poco pi\u00f9 di 4500 bottiglie per un Chianti Classico genuino, croccante, fedele espressione di questo angolo di Toscana.<\/p>\n","protected":false},"excerpt":{"rendered":"<p>Il Chianti Classico di Villa Pomona \u00e8 il figlio della passione di Monica Raspi per il vino e per la [&hellip;]<\/p>\n","protected":false},"featured_media":12847,"template":"","meta":[],"product_brand":[],"product_cat":[16,17],"product_tag":[18,114,46,22],"class_list":{"0":"post-5181","1":"product","2":"type-product","3":"status-publish","4":"has-post-thumbnail","6":"product_cat-bere","7":"product_cat-vini-rossi","8":"product_tag-chianti-classico","9":"product_tag-villa-pomona","10":"product_tag-vini-di-castellina","11":"product_tag-vino-biologico","12":"pa_categorie-speciali-portami-in-chianti","13":"pa_chianti-classico-vini-di-castellina-in-chianti","14":"pa_produttore-villa-pomona-bandini","16":"first","17":"instock","18":"shipping-taxable","19":"purchasable","20":"product-type-simple"},"acf":[],"_links":{"self":[{"href":"https:\/\/casaporciatti.it\/shop\/wp-json\/wp\/v2\/product\/5181","targetHints":{"allow":["GET"]}}],"collection":[{"href":"https:\/\/casaporciatti.it\/shop\/wp-json\/wp\/v2\/product"}],"about":[{"href":"https:\/\/casaporciatti.it\/shop\/wp-json\/wp\/v2\/types\/product"}],"wp:featuredmedia":[{"embeddable":true,"href":"https:\/\/casaporciatti.it\/shop\/wp-json\/wp\/v2\/media\/12847"}],"wp:attachment":[{"href":"https:\/\/casaporciatti.it\/shop\/wp-json\/wp\/v2\/media?parent=5181"}],"wp:term":[{"taxonomy":"product_brand","embeddable":true,"href":"https:\/\/casaporciatti.it\/shop\/wp-json\/wp\/v2\/product_brand?post=5181"},{"taxonomy":"product_cat","embeddable":true,"href":"https:\/\/casaporciatti.it\/shop\/wp-json\/wp\/v2\/product_cat?post=5181"},{"taxonomy":"product_tag","embeddable":true,"href":"https:\/\/casaporciatti.it\/shop\/wp-json\/wp\/v2\/product_tag?post=5181"}],"curies":[{"name":"wp","href":"https:\/\/api.w.org\/{rel}","templated":true}]}}