{"id":5134,"date":"2023-02-14T17:22:07","date_gmt":"2023-02-14T16:22:07","guid":{"rendered":"https:\/\/casaporciatti.it\/shop\/prodotto\/brancaia-il-blu-toscana-igt-2019\/"},"modified":"2025-08-13T17:13:08","modified_gmt":"2025-08-13T15:13:08","slug":"brancaia-il-blu-2021","status":"publish","type":"product","link":"https:\/\/casaporciatti.it\/shop\/prodotto\/brancaia-il-blu-2021\/","title":{"rendered":"BRANCAIA IL BLU 2021"},"content":{"rendered":"<p><strong>Il Blu<\/strong> 2021 di Brancaia \u00e8 uno dei <strong>Supertuscan<\/strong> pi\u00f9 affermati e ricercati. Uvaggio alla cui base c&#8217;\u00e8 il merlot, il Blu \u00e8 il portabandiera aziendale che con continuit\u00e0 e affidabilit\u00e0 mostra ogni anni i suoi tratti caratteristici: intensit\u00e0, potenza, finezza e potenziale evolutivo. Un&#8217;etichetta imprescindibile nella categoria Supertuscan<\/p>\n<p>La storia di\u00a0<strong>Brancaia<\/strong>\u00a0\u00e8 relativamente recente. Risale ai primi anni ottanta quando la coppia svizzera\u00a0Brigitte e Bruno Widmer s\u2019innamorarono delle colline del Chianti Classico e decisero di acquistare un podere abbandonato poco fuori\u00a0<strong>Castellina in Chianti: Brancaia.<\/strong><\/p>\n<p>Il successo dei vini di questa tenuta fu pressoch\u00e9 immediato e da qui la necessit\u00e0 di investire nella vicina\u00a0<strong>Radda in Chianti<\/strong>, in localit\u00e0 Poppi e successivamente anche in Maremma non lontano dalla costa toscana.<\/p>\n<p>La passione dei signori Widmer si trasmise ben presto anche alla loro figlia Barbara la quale dopo gli studi di enologia segue e dirige personalmente l\u2019azienda.<\/p>\n<p>L\u2019identit\u00e0 dei vini di Brancaia \u00e8 ben precisa. I suoi fan la apprezzano per il frutto ben maturo e la pulizia dei profumi, la delicatezza del sorso, sempre presente nei sui vini pi\u00f9 semplici e la struttura importante nei sui vini pi\u00f9 ambiziosi.<\/p>\n<p>&nbsp;<\/p>\n","protected":false},"excerpt":{"rendered":"<p>Il Blu 2021 di Brancaia \u00e8 uno dei Supertuscan pi\u00f9 affermati e ricercati. Uvaggio alla cui base c&#8217;\u00e8 il merlot, [&hellip;]<\/p>\n","protected":false},"featured_media":5135,"template":"","meta":[],"product_brand":[],"product_cat":[16,17],"product_tag":[48,93,21],"class_list":{"0":"post-5134","1":"product","2":"type-product","3":"status-publish","4":"has-post-thumbnail","6":"product_cat-bere","7":"product_cat-vini-rossi","8":"product_tag-brancaia","9":"product_tag-toscana-igt","10":"product_tag-vini-di-radda","11":"pa_categorie-speciali-vini-di-radda","12":"pa_chianti-classico-vini-di-radda-in-chianti","13":"pa_produttore-brancaia","15":"first","16":"instock","17":"shipping-taxable","18":"purchasable","19":"product-type-simple"},"acf":[],"_links":{"self":[{"href":"https:\/\/casaporciatti.it\/shop\/wp-json\/wp\/v2\/product\/5134","targetHints":{"allow":["GET"]}}],"collection":[{"href":"https:\/\/casaporciatti.it\/shop\/wp-json\/wp\/v2\/product"}],"about":[{"href":"https:\/\/casaporciatti.it\/shop\/wp-json\/wp\/v2\/types\/product"}],"wp:featuredmedia":[{"embeddable":true,"href":"https:\/\/casaporciatti.it\/shop\/wp-json\/wp\/v2\/media\/5135"}],"wp:attachment":[{"href":"https:\/\/casaporciatti.it\/shop\/wp-json\/wp\/v2\/media?parent=5134"}],"wp:term":[{"taxonomy":"product_brand","embeddable":true,"href":"https:\/\/casaporciatti.it\/shop\/wp-json\/wp\/v2\/product_brand?post=5134"},{"taxonomy":"product_cat","embeddable":true,"href":"https:\/\/casaporciatti.it\/shop\/wp-json\/wp\/v2\/product_cat?post=5134"},{"taxonomy":"product_tag","embeddable":true,"href":"https:\/\/casaporciatti.it\/shop\/wp-json\/wp\/v2\/product_tag?post=5134"}],"curies":[{"name":"wp","href":"https:\/\/api.w.org\/{rel}","templated":true}]}}