{"id":5043,"date":"2023-02-14T17:21:52","date_gmt":"2023-02-14T16:21:52","guid":{"rendered":"https:\/\/casaporciatti.it\/shop\/prodotto\/badia-a-coltibuono-cultus-boni-chianti-classico-riserva-2016\/"},"modified":"2024-09-28T10:45:16","modified_gmt":"2024-09-28T08:45:16","slug":"badia-a-coltibuono-cultus-boni-chianti-classico-riserva-2018","status":"publish","type":"product","link":"https:\/\/casaporciatti.it\/shop\/prodotto\/badia-a-coltibuono-cultus-boni-chianti-classico-riserva-2018\/","title":{"rendered":"BADIA A COLTIBUONO CULTUS BONI Chianti Classico Riserva 2018"},"content":{"rendered":"<p>Il Badia a Coltibuono Cultus Boni Chianti Classico Riserva 2018 \u00e8 un vino biologico proveniente da una delle tenute pi\u00f9 importanti di Gaiole in Chianti. Il vino al naso \u00e8 fruttato con ciliegia selvatica, mora e \u00a0spezie esotiche in evidenza. Sentori di lavanda, salvia e menta seguono lasciando un finale piacevole e appagante. Cultus Boni \u00e8 uno dei vini pi\u00f9 legati al terroir di questa sottozona (e il prezzo \u00e8 eccellente).<\/p>\n<p class=\"p1\">Situata a Gaiole in Chianti, la storia di Badia a Coltibuono risale al 1051 e all\u2019ordine dei monaci vallombrosani. Gli attuali proprietari sono i fratelli Emanuela, Roberto, Paolo e Guido Stucchi Prinetti.<\/p>\n<p class=\"p1\">Gli ettari vitati sono 74 per la maggior parte nella sottozona Monti sempre nel comune di Gaiole in Chianti.<\/p>\n<p class=\"p1\">Uno dei vanti di Badia a Coltibuono \u00e8 il patrimonio di antichi coloni di Sangiovese, usati per ripiantare siti chiave a densit\u00e0 pi\u00f9 elevate, di 7-8.000 piante di Sangiovese per ettaro.<\/p>\n<p class=\"p1\">Nel 1996 ha visto la luce la nuova cantina a Monti, e con la vendemmia 2003 \u00e8 arrivata la certificazione biologica<\/p>\n","protected":false},"excerpt":{"rendered":"<p>Il Badia a Coltibuono Cultus Boni Chianti Classico Riserva 2018 \u00e8 un vino biologico proveniente da una delle tenute pi\u00f9 [&hellip;]<\/p>\n","protected":false},"featured_media":12119,"template":"","meta":[],"product_brand":[],"product_cat":[16,17],"product_tag":[79,37],"class_list":{"0":"post-5043","1":"product","2":"type-product","3":"status-publish","4":"has-post-thumbnail","6":"product_cat-bere","7":"product_cat-vini-rossi","8":"product_tag-badia-a-coltibuono","9":"product_tag-chianti-classico-riserva","10":"pa_chianti-classico-vini-di-gaiole-in-chianti","11":"pa_etichette-porciatti-vino-biologico","12":"pa_produttore-badia-a-coltibuono","14":"first","15":"outofstock","16":"shipping-taxable","17":"purchasable","18":"product-type-simple"},"acf":[],"_links":{"self":[{"href":"https:\/\/casaporciatti.it\/shop\/wp-json\/wp\/v2\/product\/5043","targetHints":{"allow":["GET"]}}],"collection":[{"href":"https:\/\/casaporciatti.it\/shop\/wp-json\/wp\/v2\/product"}],"about":[{"href":"https:\/\/casaporciatti.it\/shop\/wp-json\/wp\/v2\/types\/product"}],"wp:featuredmedia":[{"embeddable":true,"href":"https:\/\/casaporciatti.it\/shop\/wp-json\/wp\/v2\/media\/12119"}],"wp:attachment":[{"href":"https:\/\/casaporciatti.it\/shop\/wp-json\/wp\/v2\/media?parent=5043"}],"wp:term":[{"taxonomy":"product_brand","embeddable":true,"href":"https:\/\/casaporciatti.it\/shop\/wp-json\/wp\/v2\/product_brand?post=5043"},{"taxonomy":"product_cat","embeddable":true,"href":"https:\/\/casaporciatti.it\/shop\/wp-json\/wp\/v2\/product_cat?post=5043"},{"taxonomy":"product_tag","embeddable":true,"href":"https:\/\/casaporciatti.it\/shop\/wp-json\/wp\/v2\/product_tag?post=5043"}],"curies":[{"name":"wp","href":"https:\/\/api.w.org\/{rel}","templated":true}]}}