{"id":5014,"date":"2023-02-14T17:21:52","date_gmt":"2023-02-14T16:21:52","guid":{"rendered":"https:\/\/casaporciatti.it\/shop\/prodotto\/antinori-peppoli-chianti-classico-2020\/"},"modified":"2026-01-02T10:59:13","modified_gmt":"2026-01-02T09:59:13","slug":"antinori-peppoli-chianti-classico-2024","status":"publish","type":"product","link":"https:\/\/casaporciatti.it\/shop\/prodotto\/antinori-peppoli-chianti-classico-2024\/","title":{"rendered":"ANTINORI PEPPOLI Chianti Classico 2024"},"content":{"rendered":"<p>Antinori Peppoli Chianti Classico proviene da vigneti situati vicino alla tenuta Tignanello nel quadrante settentrionale della regione del Chianti Classico. Si tratta di 50 vigneti impiantati per lo pi\u00f9 a Sangiovese, ma dove sono presenti anche Merlot, Sirah e Malvaia. Il Chianti Classico Peppoli si Antinori esprime molto bene le importanti caratteristiche di un vino d&#8217;annata. Fresco, fruttato e di medio corpo.<\/p>\n<p>La famiglia Antinori \u00e8 impegnata nella produzione del vino da oltre sei secoli, da quando, nel 1385, Giovanni di Piero Antinori entr\u00f2 come socio in &#8220;Arte Fiorentina&#8221;, l&#8217;Associazione dei Vignaioli della citt\u00e0 di Firenze. In tutto questo lungo periodo, per ventisei generazioni, la famiglia ha sempre svolto personalmente questo lavoro con scelte coraggiose e, a volte, innovative, ma mantenendo sempre, inalterato, un fondamentale rispetto per la tradizione e per il territorio in cui opera.<\/p>\n<p>&nbsp;<\/p>\n","protected":false},"excerpt":{"rendered":"<p>Antinori Peppoli Chianti Classico proviene da vigneti situati vicino alla tenuta Tignanello nel quadrante settentrionale della regione del Chianti Classico. [&hellip;]<\/p>\n","protected":false},"featured_media":5015,"template":"","meta":[],"product_brand":[],"product_cat":[16,17],"product_tag":[90,18],"class_list":{"0":"post-5014","1":"product","2":"type-product","3":"status-publish","4":"has-post-thumbnail","6":"product_cat-bere","7":"product_cat-vini-rossi","8":"product_tag-antinori","9":"product_tag-chianti-classico","10":"pa_produttore-antinori","12":"first","13":"instock","14":"shipping-taxable","15":"purchasable","16":"product-type-simple"},"acf":[],"_links":{"self":[{"href":"https:\/\/casaporciatti.it\/shop\/wp-json\/wp\/v2\/product\/5014","targetHints":{"allow":["GET"]}}],"collection":[{"href":"https:\/\/casaporciatti.it\/shop\/wp-json\/wp\/v2\/product"}],"about":[{"href":"https:\/\/casaporciatti.it\/shop\/wp-json\/wp\/v2\/types\/product"}],"wp:featuredmedia":[{"embeddable":true,"href":"https:\/\/casaporciatti.it\/shop\/wp-json\/wp\/v2\/media\/5015"}],"wp:attachment":[{"href":"https:\/\/casaporciatti.it\/shop\/wp-json\/wp\/v2\/media?parent=5014"}],"wp:term":[{"taxonomy":"product_brand","embeddable":true,"href":"https:\/\/casaporciatti.it\/shop\/wp-json\/wp\/v2\/product_brand?post=5014"},{"taxonomy":"product_cat","embeddable":true,"href":"https:\/\/casaporciatti.it\/shop\/wp-json\/wp\/v2\/product_cat?post=5014"},{"taxonomy":"product_tag","embeddable":true,"href":"https:\/\/casaporciatti.it\/shop\/wp-json\/wp\/v2\/product_tag?post=5014"}],"curies":[{"name":"wp","href":"https:\/\/api.w.org\/{rel}","templated":true}]}}