{"id":4985,"date":"2023-02-14T17:21:37","date_gmt":"2023-02-14T16:21:37","guid":{"rendered":"https:\/\/casaporciatti.it\/shop\/prodotto\/il-barlettaio-chianti-classico-riserva-2015\/"},"modified":"2026-01-04T10:43:18","modified_gmt":"2026-01-04T09:43:18","slug":"il-barlettaio-chianti-classico-riserva-2020","status":"publish","type":"product","link":"https:\/\/casaporciatti.it\/shop\/prodotto\/il-barlettaio-chianti-classico-riserva-2020\/","title":{"rendered":"IL BARLETTAIO Chianti Classico Riserva 2020"},"content":{"rendered":"<p><strong>Il Barlettaio\u00a0 Chianti Classico Riserva <\/strong>\u00e8 un vino avvolgente, rotondo e dolcemente speziato.<\/p>\n<p>Il Barlettaio di\u00a0<strong>Radda in Chianti<\/strong>, \u00e8 una piccola azienda a conduzione familiare le cui vigne si trovano proprio fuori il borgo. Il volto dietro il\u00a0<strong>Barlettaio<\/strong>\u00a0\u00e8 quello di Francesco Bertozzi che in questa attivit\u00e0 ha riversato tutta la sua passione per il Chianti Classico.<\/p>\n<p class=\"p1\">Le vigne sono a circa 500 metri slm, e danno vita a vini freschi e particolarmente vivaci, e con profumi fini di grande complessit\u00e0. Tutto ci\u00f2 contribuisce alla naturale longevit\u00e0 di questi vini.<br \/>\nI terreni della zona sono essenzialmente macigno toscano, alberese e galestro, cio\u00e8 arenarie, argille e calcari che donano ai vini una struttura tannica molto elegante e un\u2019accattivante sapidit\u00e0 gustativa che ne allunga moltissimo la persistenza in bocca.<\/p>\n<p>Il Barlettaio lavora in biologico. I vini non sono mai banali, ma di carattere e fedeli interpreti del territorio raddese<\/p>\n<p>&nbsp;<\/p>\n","protected":false},"excerpt":{"rendered":"<p>Il Barlettaio\u00a0 Chianti Classico Riserva \u00e8 un vino avvolgente, rotondo e dolcemente speziato. Il Barlettaio di\u00a0Radda in Chianti, \u00e8 una [&hellip;]<\/p>\n","protected":false},"featured_media":4986,"template":"","meta":[],"product_brand":[],"product_cat":[16,17],"product_tag":[37,39,31,34,22],"class_list":{"0":"post-4985","1":"product","2":"type-product","3":"status-publish","4":"has-post-thumbnail","6":"product_cat-bere","7":"product_cat-vini-rossi","8":"product_tag-chianti-classico-riserva","9":"product_tag-il-barlettaio","10":"product_tag-portami-in-chianti","11":"product_tag-scelto-da-riccardo","12":"product_tag-vino-biologico","13":"pa_categorie-speciali-portami-in-chianti","14":"pa_categorie-speciali-vino-biologico","15":"pa_chianti-classico-vini-di-radda-in-chianti","16":"pa_etichette-porciatti-consigliato-da-riccardo","17":"pa_produttore-il-barlettaio","19":"first","20":"instock","21":"shipping-taxable","22":"purchasable","23":"product-type-simple"},"acf":[],"_links":{"self":[{"href":"https:\/\/casaporciatti.it\/shop\/wp-json\/wp\/v2\/product\/4985","targetHints":{"allow":["GET"]}}],"collection":[{"href":"https:\/\/casaporciatti.it\/shop\/wp-json\/wp\/v2\/product"}],"about":[{"href":"https:\/\/casaporciatti.it\/shop\/wp-json\/wp\/v2\/types\/product"}],"wp:featuredmedia":[{"embeddable":true,"href":"https:\/\/casaporciatti.it\/shop\/wp-json\/wp\/v2\/media\/4986"}],"wp:attachment":[{"href":"https:\/\/casaporciatti.it\/shop\/wp-json\/wp\/v2\/media?parent=4985"}],"wp:term":[{"taxonomy":"product_brand","embeddable":true,"href":"https:\/\/casaporciatti.it\/shop\/wp-json\/wp\/v2\/product_brand?post=4985"},{"taxonomy":"product_cat","embeddable":true,"href":"https:\/\/casaporciatti.it\/shop\/wp-json\/wp\/v2\/product_cat?post=4985"},{"taxonomy":"product_tag","embeddable":true,"href":"https:\/\/casaporciatti.it\/shop\/wp-json\/wp\/v2\/product_tag?post=4985"}],"curies":[{"name":"wp","href":"https:\/\/api.w.org\/{rel}","templated":true}]}}