{"id":4964,"date":"2023-02-14T17:21:37","date_gmt":"2023-02-14T16:21:37","guid":{"rendered":"https:\/\/casaporciatti.it\/shop\/prodotto\/antico-podere-casanova-bucciarelli-chianti-classico-riserva-2015\/"},"modified":"2026-04-28T08:57:12","modified_gmt":"2026-04-28T06:57:12","slug":"antico-podere-casanova-bucciarelli-chianti-classico-riserva-2017","status":"publish","type":"product","link":"https:\/\/casaporciatti.it\/shop\/prodotto\/antico-podere-casanova-bucciarelli-chianti-classico-riserva-2017\/","title":{"rendered":"ANTICO PODERE CASANOVA BUCCIARELLI Chianti Classico Riserva 2017"},"content":{"rendered":"<p>Il Chianti Classico Riserva <strong>Antico Podere Casanova Bucciarelli<\/strong> \u00e8 prodotto in localit\u00e0 La Piazza non lontano da <strong>Castellina in Chianti<\/strong>. A guidare questa piccola realt\u00e0 chiantigiana c&#8217;\u00e8 da pi\u00f9 di un secolo la famiglia Bucciarelli che ha fatto della riservatezza e della passione per la pi\u00f9 autentica tradizione toscana i loro punti di forza.<\/p>\n<p>Bevendo i vini di <strong>Ezio e Massimo Bucciarelli<\/strong> si ha l&#8217;impressione di essere catapultati in un&#8217;altra epoca, quando il Chianti era in fiaschi e la mode per i vini iper tecnologici confezionati su misura da enologi super preparati, erano ancora lontani dall&#8217;essere immaginati.<\/p>\n<p>Il profondo rispetto per il territorio ha spinto la famiglia Bucciarelli ad affidarsi alla agricoltura Biologica per le loro vigne.<\/p>\n<p>Il Chianti Classico Riserva 2018 ha profondit\u00e0 e complessit\u00e0. Aromi fruttati e di sottobosco da Sangiovese che bene invecchia si passa, in bocca, a un gusto pieno, saporito. Gastronomico, si abbina perfettamente ai piatti di carne della tradizione contadina<\/p>\n<p>&nbsp;<\/p>\n","protected":false},"excerpt":{"rendered":"<p>Il Chianti Classico Riserva Antico Podere Casanova Bucciarelli \u00e8 prodotto in localit\u00e0 La Piazza non lontano da Castellina in Chianti. [&hellip;]<\/p>\n","protected":false},"featured_media":4965,"template":"","meta":[],"product_brand":[],"product_cat":[16],"product_tag":[85,37,46,22],"class_list":{"0":"post-4964","1":"product","2":"type-product","3":"status-publish","4":"has-post-thumbnail","6":"product_cat-bere","7":"product_tag-antico-podere-casanova-bucciarelli","8":"product_tag-chianti-classico-riserva","9":"product_tag-vini-di-castellina","10":"product_tag-vino-biologico","11":"pa_categorie-speciali-portami-in-chianti","12":"pa_categorie-speciali-vini-di-castellina-in-chianti","13":"pa_categorie-speciali-vino-biologico","14":"pa_chianti-classico-vini-di-castellina-in-chianti","15":"pa_etichette-porciatti-vino-biologico","16":"pa_produttore-antico-podere-casanova-bucciarelli","18":"first","19":"instock","20":"shipping-taxable","21":"purchasable","22":"product-type-simple"},"acf":[],"_links":{"self":[{"href":"https:\/\/casaporciatti.it\/shop\/wp-json\/wp\/v2\/product\/4964","targetHints":{"allow":["GET"]}}],"collection":[{"href":"https:\/\/casaporciatti.it\/shop\/wp-json\/wp\/v2\/product"}],"about":[{"href":"https:\/\/casaporciatti.it\/shop\/wp-json\/wp\/v2\/types\/product"}],"wp:featuredmedia":[{"embeddable":true,"href":"https:\/\/casaporciatti.it\/shop\/wp-json\/wp\/v2\/media\/4965"}],"wp:attachment":[{"href":"https:\/\/casaporciatti.it\/shop\/wp-json\/wp\/v2\/media?parent=4964"}],"wp:term":[{"taxonomy":"product_brand","embeddable":true,"href":"https:\/\/casaporciatti.it\/shop\/wp-json\/wp\/v2\/product_brand?post=4964"},{"taxonomy":"product_cat","embeddable":true,"href":"https:\/\/casaporciatti.it\/shop\/wp-json\/wp\/v2\/product_cat?post=4964"},{"taxonomy":"product_tag","embeddable":true,"href":"https:\/\/casaporciatti.it\/shop\/wp-json\/wp\/v2\/product_tag?post=4964"}],"curies":[{"name":"wp","href":"https:\/\/api.w.org\/{rel}","templated":true}]}}