{"id":4936,"date":"2023-02-14T17:21:21","date_gmt":"2023-02-14T16:21:21","guid":{"rendered":"https:\/\/casaporciatti.it\/shop\/prodotto\/nittardi-belcanto-chianti-classico-2019\/"},"modified":"2026-03-24T16:30:16","modified_gmt":"2026-03-24T15:30:16","slug":"nittardi-casanuova-di-nittardi-vigna-doghessa-chianti-classico-2022","status":"publish","type":"product","link":"https:\/\/casaporciatti.it\/shop\/prodotto\/nittardi-casanuova-di-nittardi-vigna-doghessa-chianti-classico-2022\/","title":{"rendered":"NITTARDI CASANUOVA DI NITTARDI VIGNA DOGHESSA Chianti Classico 2022"},"content":{"rendered":"<p><strong>Nittardi Casanuova di Nittardi Vigna Doghessa Chianti Classico 2022<\/strong> \u00e8 un vino Sangiovese in purezza che cattura l&#8217;essenza del prestigioso terroir toscano. Coltivato con dedizione nella <strong>Vigna Doghessa<\/strong>, questo vino si eleva grazie alla sua posizione unica a 450 metri d&#8217;altitudine, con esposizione favorevole a sud-est, su terreni medio-profondi arricchiti da Galestro e Alberese. L&#8217;ambiente ideale per un Sangiovese di rara intensit\u00e0 e profondit\u00e0.Ogni anno, il Casanuova di Nittardi rende omaggio a Michelangelo con un tributo speciale: un&#8217;etichetta e una carta seta uniche, create da artisti di fama internazionale.<\/p>\n<p class=\"p1\">La tenuta di Nittardi, al confine tra le province di Siena e Firenze, era originariamente una torre difensiva conosciuta come &#8220;Nectar Dei&#8221;. Nel 16 \u00b0 secolo, la propriet\u00e0 apparteneva a Michelangelo, che invi\u00f2 il vino Nittardi a Roma come un &#8220;vero dono al Papa&#8221;. Nel corso dei secoli la propriet\u00e0 \u00e8 passata di mano in mano fino a quando \u00e8 stata rilevata nel 1982 dal proprietario ed editore di Francoforte Peter Femfert e da sua moglie Stefania, storica veneziana. Hanno ricostruito passo dopo passo Nittardi e reimpiantato le vigne. Oggi Nittardi comprende boschi, vigneti e uliveti.<\/p>\n","protected":false},"excerpt":{"rendered":"<p>Nittardi Casanuova di Nittardi Vigna Doghessa Chianti Classico 2022 \u00e8 un vino Sangiovese in purezza che cattura l&#8217;essenza del prestigioso [&hellip;]<\/p>\n","protected":false},"featured_media":11970,"template":"","meta":[],"product_brand":[],"product_cat":[16],"product_tag":[18,86,46],"class_list":{"0":"post-4936","1":"product","2":"type-product","3":"status-publish","4":"has-post-thumbnail","6":"product_cat-bere","7":"product_tag-chianti-classico","8":"product_tag-nittardi","9":"product_tag-vini-di-castellina","10":"pa_chianti-classico-vini-di-castellina-in-chianti","11":"pa_produttore-nittardi","13":"first","14":"instock","15":"shipping-taxable","16":"purchasable","17":"product-type-simple"},"acf":[],"_links":{"self":[{"href":"https:\/\/casaporciatti.it\/shop\/wp-json\/wp\/v2\/product\/4936","targetHints":{"allow":["GET"]}}],"collection":[{"href":"https:\/\/casaporciatti.it\/shop\/wp-json\/wp\/v2\/product"}],"about":[{"href":"https:\/\/casaporciatti.it\/shop\/wp-json\/wp\/v2\/types\/product"}],"wp:featuredmedia":[{"embeddable":true,"href":"https:\/\/casaporciatti.it\/shop\/wp-json\/wp\/v2\/media\/11970"}],"wp:attachment":[{"href":"https:\/\/casaporciatti.it\/shop\/wp-json\/wp\/v2\/media?parent=4936"}],"wp:term":[{"taxonomy":"product_brand","embeddable":true,"href":"https:\/\/casaporciatti.it\/shop\/wp-json\/wp\/v2\/product_brand?post=4936"},{"taxonomy":"product_cat","embeddable":true,"href":"https:\/\/casaporciatti.it\/shop\/wp-json\/wp\/v2\/product_cat?post=4936"},{"taxonomy":"product_tag","embeddable":true,"href":"https:\/\/casaporciatti.it\/shop\/wp-json\/wp\/v2\/product_tag?post=4936"}],"curies":[{"name":"wp","href":"https:\/\/api.w.org\/{rel}","templated":true}]}}