{"id":4835,"date":"2023-02-14T17:21:05","date_gmt":"2023-02-14T16:21:05","guid":{"rendered":"https:\/\/casaporciatti.it\/shop\/prodotto\/renzo-marinai-chianti-classico-2018\/"},"modified":"2026-01-02T10:26:45","modified_gmt":"2026-01-02T09:26:45","slug":"renzo-marinai-chianti-classico-2021","status":"publish","type":"product","link":"https:\/\/casaporciatti.it\/shop\/prodotto\/renzo-marinai-chianti-classico-2021\/","title":{"rendered":"RENZO MARINAI Chianti Classico 2021"},"content":{"rendered":"<div id=\"model-response-message-contentr_fd67f87270480132\" class=\"markdown markdown-main-panel\" dir=\"ltr\">\n<p data-sourcepos=\"3:1-3:395\">Il Chianti Classico Renzo Marinai 2021 \u00e8 un&#8217;espressione molto ben equilibrata di Sangiovese (con l&#8217;aggiunta del 10% di Cabernet Sauvignon) che mostra un&#8217;ampia <span class=\"citation-0 citation-end-0 interactive-span-selected-v2\">componente di frutta matura bilanciata da struttura e freschezza. Il cuore fruttato del bouquet del vino \u00e8 piacevolmente<sup class=\"superscript visible highlight\" data-turn-source-index=\"1\">1<\/sup><\/span> circondato da note di spezie, cuoio e tabacco delicato. \u00c8 un vino fantastico, informale e accessibile.<\/p>\n<p data-sourcepos=\"5:1-5:466\">Renzo Marinai \u00e8 una piccola realt\u00e0 di circa 6 ettari di vigneti situati in uno dei luoghi pi\u00f9 rinomati della denominazione Chianti Classico: la Conca d&#8217;Oro di Panzano in Chianti. I vigneti si trovano a San Martino a Cecione, appena fuori dal villaggio di Panzano, a circa 400 m sul livello del mare. Accanto al Sangiovese c&#8217;\u00e8 sempre una piccola percentuale di Cabernet Sauvignon che, soprattutto nelle annate difficili, fornisce un contributo di tannino e struttura.<\/p>\n<p data-sourcepos=\"7:1-7:252\">Lo stile del Chianti Classico prodotto da Renzo Marinai \u00e8 ben marcato: sostanza e corpo, con un&#8217;eccellente concentrazione di frutta matura, spezie e cuoio. Vini muscolosi che richiedono un accompagnamento dello stesso tenore per mantenere l&#8217;equilibrio.<\/p>\n<\/div>\n","protected":false},"excerpt":{"rendered":"<p>Il Chianti Classico Renzo Marinai 2021 \u00e8 un&#8217;espressione molto ben equilibrata di Sangiovese (con l&#8217;aggiunta del 10% di Cabernet Sauvignon) [&hellip;]<\/p>\n","protected":false},"featured_media":4836,"template":"","meta":[],"product_brand":[],"product_cat":[16,17],"product_tag":[18,31,72,22],"class_list":{"0":"post-4835","1":"product","2":"type-product","3":"status-publish","4":"has-post-thumbnail","6":"product_cat-bere","7":"product_cat-vini-rossi","8":"product_tag-chianti-classico","9":"product_tag-portami-in-chianti","10":"product_tag-renzo-marinai","11":"product_tag-vino-biologico","12":"pa_categorie-speciali-portami-in-chianti","13":"pa_categorie-speciali-vino-biologico","14":"pa_chianti-classico-vini-di-panzano","15":"pa_etichette-porciatti-vino-biologico","16":"pa_produttore-renzo-marinai","18":"first","19":"instock","20":"shipping-taxable","21":"purchasable","22":"product-type-simple"},"acf":[],"_links":{"self":[{"href":"https:\/\/casaporciatti.it\/shop\/wp-json\/wp\/v2\/product\/4835","targetHints":{"allow":["GET"]}}],"collection":[{"href":"https:\/\/casaporciatti.it\/shop\/wp-json\/wp\/v2\/product"}],"about":[{"href":"https:\/\/casaporciatti.it\/shop\/wp-json\/wp\/v2\/types\/product"}],"wp:featuredmedia":[{"embeddable":true,"href":"https:\/\/casaporciatti.it\/shop\/wp-json\/wp\/v2\/media\/4836"}],"wp:attachment":[{"href":"https:\/\/casaporciatti.it\/shop\/wp-json\/wp\/v2\/media?parent=4835"}],"wp:term":[{"taxonomy":"product_brand","embeddable":true,"href":"https:\/\/casaporciatti.it\/shop\/wp-json\/wp\/v2\/product_brand?post=4835"},{"taxonomy":"product_cat","embeddable":true,"href":"https:\/\/casaporciatti.it\/shop\/wp-json\/wp\/v2\/product_cat?post=4835"},{"taxonomy":"product_tag","embeddable":true,"href":"https:\/\/casaporciatti.it\/shop\/wp-json\/wp\/v2\/product_tag?post=4835"}],"curies":[{"name":"wp","href":"https:\/\/api.w.org\/{rel}","templated":true}]}}