{"id":4755,"date":"2023-02-14T17:20:50","date_gmt":"2023-02-14T16:20:50","guid":{"rendered":"https:\/\/casaporciatti.it\/shop\/prodotto\/ormanni-chianti-classico-2019\/"},"modified":"2025-05-13T07:22:12","modified_gmt":"2025-05-13T05:22:12","slug":"ormanni-chianti-classico-2022","status":"publish","type":"product","link":"https:\/\/casaporciatti.it\/shop\/prodotto\/ormanni-chianti-classico-2022\/","title":{"rendered":"ORMANNI Chianti Classico 2022"},"content":{"rendered":"<p><strong>Ormanni<\/strong> \u00e8 una cantina storica del versante valdelsano del <strong>Chianti Classico<\/strong>. Situata sulla strada che da Poggibonsi porta a Castellina in Chianti, si hanno notizie di Ormanni fin dal tredicesimo secolo. Dante Aligheri cita questa famiglia, padrona dell&#8217;omonima tenuta, addirittura nella sua Divina Commedia.<\/p>\n<p>La famiglia Brini Batacchi \u00e8 stata la proprietaria di questa splendida tenuta per gli ultimi due secoli e ancor oggi sono loro che gestiscono l&#8217;azienda.<\/p>\n<p>Ormanni dispone di 68 ettari di vigneto, la maggior parte di essi all&#8217;interno della denominazione Chianti Classico. Il restante, trovandosi al confine con la Doc Chianti ricadono proprio in quest&#8217;ultima.<\/p>\n<p>L&#8217;impostazione dell&#8217;azienda cos\u00ec come lo stile dei vini pu\u00f2 essere tranquillamente definito tradizionale. Quindi grande espressivit\u00e0 territoriale che si traduce in vini talvolta austeri, ma con un frutto sempre in evidenza.<\/p>\n","protected":false},"excerpt":{"rendered":"<p>Ormanni \u00e8 una cantina storica del versante valdelsano del Chianti Classico. Situata sulla strada che da Poggibonsi porta a Castellina [&hellip;]<\/p>\n","protected":false},"featured_media":4756,"template":"","meta":[],"product_brand":[],"product_cat":[16,17],"product_tag":[18,54],"class_list":{"0":"post-4755","1":"product","2":"type-product","3":"status-publish","4":"has-post-thumbnail","6":"product_cat-bere","7":"product_cat-vini-rossi","8":"product_tag-chianti-classico","9":"product_tag-ormanni","10":"pa_categorie-speciali-portami-in-chianti","11":"pa_chianti-classico-vini-di-san-donato","12":"pa_produttore-ormanni","14":"first","15":"outofstock","16":"shipping-taxable","17":"purchasable","18":"product-type-simple"},"acf":[],"_links":{"self":[{"href":"https:\/\/casaporciatti.it\/shop\/wp-json\/wp\/v2\/product\/4755","targetHints":{"allow":["GET"]}}],"collection":[{"href":"https:\/\/casaporciatti.it\/shop\/wp-json\/wp\/v2\/product"}],"about":[{"href":"https:\/\/casaporciatti.it\/shop\/wp-json\/wp\/v2\/types\/product"}],"wp:featuredmedia":[{"embeddable":true,"href":"https:\/\/casaporciatti.it\/shop\/wp-json\/wp\/v2\/media\/4756"}],"wp:attachment":[{"href":"https:\/\/casaporciatti.it\/shop\/wp-json\/wp\/v2\/media?parent=4755"}],"wp:term":[{"taxonomy":"product_brand","embeddable":true,"href":"https:\/\/casaporciatti.it\/shop\/wp-json\/wp\/v2\/product_brand?post=4755"},{"taxonomy":"product_cat","embeddable":true,"href":"https:\/\/casaporciatti.it\/shop\/wp-json\/wp\/v2\/product_cat?post=4755"},{"taxonomy":"product_tag","embeddable":true,"href":"https:\/\/casaporciatti.it\/shop\/wp-json\/wp\/v2\/product_tag?post=4755"}],"curies":[{"name":"wp","href":"https:\/\/api.w.org\/{rel}","templated":true}]}}