{"id":12441,"date":"2024-10-18T06:30:31","date_gmt":"2024-10-18T04:30:31","guid":{"rendered":"https:\/\/casaporciatti.it\/shop\/?post_type=product&#038;p=12441"},"modified":"2025-04-21T17:15:53","modified_gmt":"2025-04-21T15:15:53","slug":"bertinga-volta-2019","status":"publish","type":"product","link":"https:\/\/casaporciatti.it\/shop\/prodotto\/bertinga-volta-2019\/","title":{"rendered":"BERTINGA VOLTA 2019"},"content":{"rendered":"<p class=\"p1\">Il <b>Bertinga Volta 2019<\/b> \u00e8 un vino rosso che rappresenta l\u2019eccellenza dell\u2019azienda Bertinga, giovane realt\u00e0 vitivinicola situata a Gaiole in Chianti. Il nome \u201cVolta\u201d deriva dalla forma ad anfiteatro della vigna di Merlot, che si estende su 2,4778 ettari a un\u2019altitudine di 380 metri sul livello del mare, con esposizione a nord-est. Questo vigneto si trova non lontano dalla celebre parcella de L\u2019Apparita del Castello di Ama, uno dei riferimenti pi\u00f9 prestigiosi per i Merlot italiani.<\/p>\n<p class=\"p1\">Il <b>Volta 2019<\/b> si ispira proprio a questo stile, proponendo un vino che riesce a fondere in maniera armoniosa caratteristiche tipiche del Merlot con una vivacit\u00e0 e freschezza che lo avvicinano al carattere dei migliori Chianti. L\u2019annata 2019 si distingue per il suo equilibrio e la sua finezza: al naso emergono note balsamiche, frutti rossi e delicati sentori floreali, mentre in bocca il vino si mostra fresco, con un\u2019acidit\u00e0 calibrata e un\u2019ottima integrazione tra frutto, legno e tannini. Questi ultimi, pur presenti, offrono una presa pi\u00f9 sottile rispetto ai Merlot pi\u00f9 corposi, conferendo al vino una piacevole eleganza e versatilit\u00e0.<\/p>\n<p>Anatoly Korneev e Maxim Kashirin sono conosciuti come gli ambasciatori del vino italiano in Russia, grazie alla loro societ\u00e0 di importazione, chiamata Simple, leader nel settore da 25 anni. Nel 2015 hanno realizzato il sogno di lunga data di diventare produttori con l\u2019acquisizione di tre vigneti ad alta quota nei dintorni di Gaiole in Chianti: La Porta di Vertine, Punta di Adine e Bertinga, lo storico appezzamento che ha dato anche il nome alla loro cantina d\u2019avanguardia.<\/p>\n","protected":false},"excerpt":{"rendered":"<p>Il Bertinga Volta 2019 \u00e8 un vino rosso che rappresenta l\u2019eccellenza dell\u2019azienda Bertinga, giovane realt\u00e0 vitivinicola situata a Gaiole in [&hellip;]<\/p>\n","protected":false},"featured_media":12443,"template":"","meta":[],"product_brand":[],"product_cat":[16,17],"product_tag":[369,31,26],"class_list":{"0":"post-12441","1":"product","2":"type-product","3":"status-publish","4":"has-post-thumbnail","6":"product_cat-bere","7":"product_cat-vini-rossi","8":"product_tag-bertinga","9":"product_tag-portami-in-chianti","10":"product_tag-vini-di-gaiole","11":"pa_categorie-speciali-portami-in-chianti","12":"pa_categorie-speciali-vini-di-gaiole-in-chianti","13":"pa_chianti-classico-vini-di-gaiole-in-chianti","14":"pa_produttore-bertinga","16":"first","17":"outofstock","18":"shipping-taxable","19":"purchasable","20":"product-type-simple"},"acf":[],"_links":{"self":[{"href":"https:\/\/casaporciatti.it\/shop\/wp-json\/wp\/v2\/product\/12441","targetHints":{"allow":["GET"]}}],"collection":[{"href":"https:\/\/casaporciatti.it\/shop\/wp-json\/wp\/v2\/product"}],"about":[{"href":"https:\/\/casaporciatti.it\/shop\/wp-json\/wp\/v2\/types\/product"}],"wp:featuredmedia":[{"embeddable":true,"href":"https:\/\/casaporciatti.it\/shop\/wp-json\/wp\/v2\/media\/12443"}],"wp:attachment":[{"href":"https:\/\/casaporciatti.it\/shop\/wp-json\/wp\/v2\/media?parent=12441"}],"wp:term":[{"taxonomy":"product_brand","embeddable":true,"href":"https:\/\/casaporciatti.it\/shop\/wp-json\/wp\/v2\/product_brand?post=12441"},{"taxonomy":"product_cat","embeddable":true,"href":"https:\/\/casaporciatti.it\/shop\/wp-json\/wp\/v2\/product_cat?post=12441"},{"taxonomy":"product_tag","embeddable":true,"href":"https:\/\/casaporciatti.it\/shop\/wp-json\/wp\/v2\/product_tag?post=12441"}],"curies":[{"name":"wp","href":"https:\/\/api.w.org\/{rel}","templated":true}]}}