{"id":12098,"date":"2024-03-19T12:10:50","date_gmt":"2024-03-19T11:10:50","guid":{"rendered":"https:\/\/casaporciatti.it\/shop\/?post_type=product&#038;p=12098"},"modified":"2026-02-23T03:07:42","modified_gmt":"2026-02-23T02:07:42","slug":"podere-castellinuzza-vecchie-viti-chianti-classico-gran-selezione-2019","status":"publish","type":"product","link":"https:\/\/casaporciatti.it\/shop\/prodotto\/podere-castellinuzza-vecchie-viti-chianti-classico-gran-selezione-2019\/","title":{"rendered":"PODERE CASTELLINUZZA VECCHIE VIGNE Chianti Classico Gran Selezione 2019"},"content":{"rendered":"<p>Esplora il cuore autentico del Chianti Classico con il PODERE CASTELLINUZZA VECCHIE VIGNE Chianti Classico Gran Selezione 2019, un&#8217;eccellenza vinicola proveniente dalla piccola realt\u00e0 vitivinicola di Podere Castellinuzza.<\/p>\n<p>Situato nella splendida zona di produzione di Lamole, cuore in quota del Chianti Classico, Podere Castellinuzza si estende su soli 3 ettari. Da oltre 60 anni, questa tenuta si impegna nella ricerca costante della qualit\u00e0 e tipicit\u00e0, mettendo in risalto le specificit\u00e0 del territorio.<\/p>\n<p>Ogni piccolo vigneto viene vinificato separatamente, testimoniando l&#8217;impegno e la dedizione che porta a grandi soddisfazioni. I vigneti, caratterizzati da vecchi terrazzamenti ad alberello, si trovano a un&#8217;altitudine di 550\/600 metri s.l.m., immersi in un paesaggio di rara bellezza.<\/p>\n<p>Le viti di Sangiovese, alcune delle quali hanno pi\u00f9 di 140 anni, sono coltivate con il tradizionale sistema dell&#8217;Alberello di Lamole, brillando sotto il calore dei terrazzamenti con muri a secco. La vendemmia, effettuata a mano nella prima met\u00e0 di ottobre, \u00e8 il culmine di un&#8217;agricoltura eroica nel Terroir di Lamole.<\/p>\n<p>Il risultato? Vini di straordinario equilibrio, con una combinazione perfetta di struttura e aromi. Questo Chianti Classico Gran Selezione del 2019 offre un&#8217;esperienza di degustazione unica, con una piacevole eleganza, finezza e bevibilit\u00e0 che ne fanno un autentico testimone del territorio.<\/p>\n<p>Assapora l&#8217;autenticit\u00e0 e la passione di Podere Castellinuzza con ogni sorso di questo straordinario Chianti Classico Gran Selezione.<\/p>\n<p>&nbsp;<\/p>\n","protected":false},"excerpt":{"rendered":"<p>Esplora il cuore autentico del Chianti Classico con il PODERE CASTELLINUZZA VECCHIE VIGNE Chianti Classico Gran Selezione 2019, un&#8217;eccellenza vinicola [&hellip;]<\/p>\n","protected":false},"featured_media":12100,"template":"","meta":[],"product_brand":[],"product_cat":[16,17],"product_tag":[43,224,2632],"class_list":{"0":"post-12098","1":"product","2":"type-product","3":"status-publish","4":"has-post-thumbnail","6":"product_cat-bere","7":"product_cat-vini-rossi","8":"product_tag-chianti-classico-gran-selezione","9":"product_tag-podere-castellinuzza","10":"product_tag-vini-di-lamole","11":"pa_categorie-speciali-portami-in-chianti","12":"pa_chianti-classico-vini-di-lamole","13":"pa_etichette-porciatti-consigliato-da-riccardo","14":"pa_etichette-porciatti-produttori-artigianali","15":"pa_produttore-podere-castellinuzza","17":"first","18":"instock","19":"shipping-taxable","20":"purchasable","21":"product-type-simple"},"acf":[],"_links":{"self":[{"href":"https:\/\/casaporciatti.it\/shop\/wp-json\/wp\/v2\/product\/12098","targetHints":{"allow":["GET"]}}],"collection":[{"href":"https:\/\/casaporciatti.it\/shop\/wp-json\/wp\/v2\/product"}],"about":[{"href":"https:\/\/casaporciatti.it\/shop\/wp-json\/wp\/v2\/types\/product"}],"wp:featuredmedia":[{"embeddable":true,"href":"https:\/\/casaporciatti.it\/shop\/wp-json\/wp\/v2\/media\/12100"}],"wp:attachment":[{"href":"https:\/\/casaporciatti.it\/shop\/wp-json\/wp\/v2\/media?parent=12098"}],"wp:term":[{"taxonomy":"product_brand","embeddable":true,"href":"https:\/\/casaporciatti.it\/shop\/wp-json\/wp\/v2\/product_brand?post=12098"},{"taxonomy":"product_cat","embeddable":true,"href":"https:\/\/casaporciatti.it\/shop\/wp-json\/wp\/v2\/product_cat?post=12098"},{"taxonomy":"product_tag","embeddable":true,"href":"https:\/\/casaporciatti.it\/shop\/wp-json\/wp\/v2\/product_tag?post=12098"}],"curies":[{"name":"wp","href":"https:\/\/api.w.org\/{rel}","templated":true}]}}