{"id":12061,"date":"2024-03-08T08:20:38","date_gmt":"2024-03-08T07:20:38","guid":{"rendered":"https:\/\/casaporciatti.it\/shop\/?post_type=product&#038;p=12061"},"modified":"2026-03-31T16:43:13","modified_gmt":"2026-03-31T14:43:13","slug":"le-cinciole-chianti-classico-2022","status":"publish","type":"product","link":"https:\/\/casaporciatti.it\/shop\/prodotto\/le-cinciole-chianti-classico-2022\/","title":{"rendered":"LE CINCIOLE Chianti Classico 2022"},"content":{"rendered":"<p>Le Cinciole si estende per 30 ettari a un&#8217;altitudine compresa tra i 400 e i 500 metri ed \u00e8 gestita personalmente da Luca e Valeria Orsini. L&#8217;azienda include dieci ettari di vigneti. L&#8217;obiettivo principale della loro azienda \u00e8 sempre stato quello di ricercare la qualit\u00e0 rispettando tradizioni e territorio. Il suolo pu\u00f2 essere definito geologicamente come &#8220;scisti argillosi di pietraforte&#8221;; la pietraforte \u00e8 la roccia su cui si basano i loro suoli, mentre gli &#8220;scisti argillosi&#8221; sono argille compresse in superficie che, a causa delle condizioni atmosferiche, si frammentano in particelle sempre pi\u00f9 piccole, generando il tipico suolo chiamato &#8220;galestro&#8221;. Questo tipo di terreno \u00e8 il fattore dominante che influisce sul carattere dei loro vini.<\/p>\n<p>D&#8217;altra parte, l&#8217;attenzione e la cura che dedicano ai loro vigneti sono fondamentali, poich\u00e9 i loro sforzi si concentrano su ci\u00f2 che comunemente si definisce &#8220;terroir&#8221;. Sono convinti che, per ottenere vini che rispettino il territorio, sia necessario avere piante sane e robuste, con una forte capacit\u00e0 di autodifesa, che non sia ottenuta artificialmente attraverso continui trattamenti chimici, ma che derivi principalmente da un equilibrio adeguato delle piante stesse. Le loro piante sono &#8220;leggere&#8221;, con pochi germogli produttivi e una chioma che \u00e8 appena sufficiente a soddisfare le necessit\u00e0 nutrizionali della pianta e del frutto. Non forzano le piante con fertilizzanti chimici, ma cercano di mantenere la fertilit\u00e0 del suolo, vivo e in cui microorganismi e minerali possono muoversi liberamente per nutrire le radici delle viti. Usano solo prodotti biologici, &#8220;compost&#8221; ottenuto dalla fermentazione naturale dei residui di potatura e letame da fonti affidabili.<\/p>\n<p>Tutto ci\u00f2 \u00e8 molto pi\u00f9 efficace e semplice quando l&#8217;impegno quotidiano nel condurre una gestione agronomica adeguata \u2013 ovvero mantenere pulizia, buona circolazione dell&#8217;aria e corretta potatura \u2013 \u00e8 puntuale e tempestivo. Luca e Valeria Orsini enfatizzano che una gestione del vigneto volta alla qualit\u00e0 non pu\u00f2 prescindere da un impegno costante, attento e quotidiano nell&#8217;ottimizzare il rapporto tra l&#8217;aspetto vegetativo e quello produttivo delle piante. Questo approccio \u00e8 in perfetta linea con la loro idea di produzione che rispetta l&#8217;ambiente e il territorio, evitando di adottare pratiche agricole non pi\u00f9 sostenibili in un&#8217;economia di mercato globale.<\/p>\n","protected":false},"excerpt":{"rendered":"<p>Le Cinciole si estende per 30 ettari a un&#8217;altitudine compresa tra i 400 e i 500 metri ed \u00e8 gestita [&hellip;]<\/p>\n","protected":false},"featured_media":12063,"template":"","meta":[],"product_brand":[],"product_cat":[16,17],"product_tag":[18,71,2629,22],"class_list":{"0":"post-12061","1":"product","2":"type-product","3":"status-publish","4":"has-post-thumbnail","6":"product_cat-bere","7":"product_cat-vini-rossi","8":"product_tag-chianti-classico","9":"product_tag-fontodi","10":"product_tag-le-cinciole","11":"product_tag-vino-biologico","12":"pa_categorie-speciali-portami-in-chianti","13":"pa_categorie-speciali-vino-biologico","14":"pa_chianti-classico-vini-di-lamole","15":"pa_etichette-porciatti-vino-biologico","16":"pa_produttore-le-cinciole","18":"first","19":"instock","20":"shipping-taxable","21":"purchasable","22":"product-type-simple"},"acf":[],"_links":{"self":[{"href":"https:\/\/casaporciatti.it\/shop\/wp-json\/wp\/v2\/product\/12061","targetHints":{"allow":["GET"]}}],"collection":[{"href":"https:\/\/casaporciatti.it\/shop\/wp-json\/wp\/v2\/product"}],"about":[{"href":"https:\/\/casaporciatti.it\/shop\/wp-json\/wp\/v2\/types\/product"}],"wp:featuredmedia":[{"embeddable":true,"href":"https:\/\/casaporciatti.it\/shop\/wp-json\/wp\/v2\/media\/12063"}],"wp:attachment":[{"href":"https:\/\/casaporciatti.it\/shop\/wp-json\/wp\/v2\/media?parent=12061"}],"wp:term":[{"taxonomy":"product_brand","embeddable":true,"href":"https:\/\/casaporciatti.it\/shop\/wp-json\/wp\/v2\/product_brand?post=12061"},{"taxonomy":"product_cat","embeddable":true,"href":"https:\/\/casaporciatti.it\/shop\/wp-json\/wp\/v2\/product_cat?post=12061"},{"taxonomy":"product_tag","embeddable":true,"href":"https:\/\/casaporciatti.it\/shop\/wp-json\/wp\/v2\/product_tag?post=12061"}],"curies":[{"name":"wp","href":"https:\/\/api.w.org\/{rel}","templated":true}]}}