{"id":12056,"date":"2024-03-08T05:02:52","date_gmt":"2024-03-08T04:02:52","guid":{"rendered":"https:\/\/casaporciatti.it\/shop\/?post_type=product&#038;p=12056"},"modified":"2025-07-19T17:21:38","modified_gmt":"2025-07-19T15:21:38","slug":"il-vignaiolo-di-toru-oikawa-luna-2022","status":"publish","type":"product","link":"https:\/\/casaporciatti.it\/shop\/prodotto\/il-vignaiolo-di-toru-oikawa-luna-2022\/","title":{"rendered":"IL VIGNAIOLO DI TORU OIKAWA LUNA 2022"},"content":{"rendered":"<p><strong>Il Vignaiolo di Toru Oikawa Luna 2022<\/strong> \u00e8 un vino che racchiude la passione e l&#8217;arte della vinificazione ereditata dalle tradizioni toscane e l&#8217;influenza significativa di Gianfranco Soldera. Toru Oikawa, nato nel 1981, si \u00e8 trasferito in Italia nel 2014 con una profonda passione per il vino e ha avviato la propria attivit\u00e0 vitivinicola nel 2020. Il suo piccolo vigneto di 1,1 ettari, situato nella prestigiosa zona del Chianti DOCG, viene coltivato interamente a mano, senza l&#8217;uso di trattori, enfatizzando una cura eccezionale per le uve. L&#8217;impegno di Oikawa verso una viticoltura consapevole e una vinificazione minuziosa si riflette in questo vino, che lui stesso descrive come capace di &#8220;commuovere le persone&#8221;.<\/p>\n<p><strong>Vitigno<\/strong><br \/>\nSangiovese, coltivato con tecniche sostenibili e rispettose dell&#8217;ambiente, riflettendo l&#8217;amore e la dedizione per il terreno e il risultato finale in bottiglia.<\/p>\n<p><strong>Note di Degustazione<\/strong><br \/>\nIl Vignaiolo di Toru Oikawa Luna 2022 si presenta con un colore rosso rubino intenso, al naso si apre con aromi complessi di frutti rossi maturi, note terrose e sottili accenni speziati. Al palato, il vino \u00e8 equilibrato, con una struttura tannica morbida e una persistenza aromatica che invita ad un secondo sorso. La passione per il vino e la cura nella selezione delle uve si manifestano in ogni goccia di questo eccezionale Sangiovese.<\/p>\n<p><strong>Abbinamenti<\/strong><br \/>\nQuesto vino \u00e8 perfetto per accompagnare piatti della cucina toscana, come la bistecca alla fiorentina, piatti a base di funghi e formaggi stagionati. \u00c8 anche ideale per essere gustato da solo, come momento di puro piacere e meditazione.<\/p>\n<p>&nbsp;<\/p>\n<p>La produzione limitata di questo vino riflette la filosofia di Oikawa di privilegiare la qualit\u00e0 alla quantit\u00e0. Ogni bottiglia \u00e8 il risultato di un lavoro manuale intenso e di una vinificazione che rispetta il ritmo della natura.Scopri il tocco personale di Toru Oikawa nel mondo del vino. IL VIGNAIOLO DI TORU OIKAWA LUNA 2022 \u00e8 disponibile in quantit\u00e0 limitate per gli amanti del vino che cercano un&#8217;esperienza unica e commovente.<\/p>\n","protected":false},"excerpt":{"rendered":"<p>Il Vignaiolo di Toru Oikawa Luna 2022 \u00e8 un vino che racchiude la passione e l&#8217;arte della vinificazione ereditata dalle [&hellip;]<\/p>\n","protected":false},"featured_media":12058,"template":"","meta":[],"product_brand":[],"product_cat":[16,17],"product_tag":[2625,28],"class_list":{"0":"post-12056","1":"product","2":"type-product","3":"status-publish","4":"has-post-thumbnail","6":"product_cat-bere","7":"product_cat-vini-rossi","8":"product_tag-il-vignaiolo-di-toru-oikawa","9":"product_tag-produttore-artigianale","10":"pa_chianti-classico-vini-di-castelnuovo-berardenga","11":"pa_etichette-porciatti-produttori-artigianali","12":"pa_produttore-il-vignaiolo-di-toru-oikawa","14":"first","15":"outofstock","16":"shipping-taxable","17":"purchasable","18":"product-type-simple"},"acf":[],"_links":{"self":[{"href":"https:\/\/casaporciatti.it\/shop\/wp-json\/wp\/v2\/product\/12056","targetHints":{"allow":["GET"]}}],"collection":[{"href":"https:\/\/casaporciatti.it\/shop\/wp-json\/wp\/v2\/product"}],"about":[{"href":"https:\/\/casaporciatti.it\/shop\/wp-json\/wp\/v2\/types\/product"}],"wp:featuredmedia":[{"embeddable":true,"href":"https:\/\/casaporciatti.it\/shop\/wp-json\/wp\/v2\/media\/12058"}],"wp:attachment":[{"href":"https:\/\/casaporciatti.it\/shop\/wp-json\/wp\/v2\/media?parent=12056"}],"wp:term":[{"taxonomy":"product_brand","embeddable":true,"href":"https:\/\/casaporciatti.it\/shop\/wp-json\/wp\/v2\/product_brand?post=12056"},{"taxonomy":"product_cat","embeddable":true,"href":"https:\/\/casaporciatti.it\/shop\/wp-json\/wp\/v2\/product_cat?post=12056"},{"taxonomy":"product_tag","embeddable":true,"href":"https:\/\/casaporciatti.it\/shop\/wp-json\/wp\/v2\/product_tag?post=12056"}],"curies":[{"name":"wp","href":"https:\/\/api.w.org\/{rel}","templated":true}]}}