{"id":12033,"date":"2024-03-07T05:21:57","date_gmt":"2024-03-07T04:21:57","guid":{"rendered":"https:\/\/casaporciatti.it\/shop\/?post_type=product&#038;p=12033"},"modified":"2026-03-31T11:19:32","modified_gmt":"2026-03-31T09:19:32","slug":"louis-roederer-champagne-brut-collection-246","status":"publish","type":"product","link":"https:\/\/casaporciatti.it\/shop\/prodotto\/louis-roederer-champagne-brut-collection-246\/","title":{"rendered":"LOUIS ROEDERER Champagne Brut COLLECTION 246"},"content":{"rendered":"<p>Louis Roederer Champagne Brut Collection 245 \u00e8 un&#8217;edizione limitata che celebra le storiche vendemmie della Maison. Questo prestigioso Champagne \u00e8 il risultato di un meticoloso assemblaggio di Chardonnay, Pinot Noir e Meunier, selezionati dalle migliori parcelle della tenuta.<\/p>\n<p>Ogni fase della vinificazione \u00e8 attentamente controllata, dalla pressatura delicata alla fermentazione in acciaio, fino all&#8217;aggiunta di un 45% di vini di riserva per arricchire la cuv\u00e9e di complessit\u00e0 e maturit\u00e0. Dopo almeno 48 mesi di affinamento sur lattes, il \u201cCollection 244\u201d si rivela nel bicchiere con un brillante colore giallo, riflessi dorati e un perlage fine. Il bouquet \u00e8 un&#8217;intensa sinfonia di frutta gialla matura, agrumi, note tropicali e sfumature di pasticceria, che precede un palato elegante, profondo e persistentemente aromatico, bilanciato da una vivace freschezza minerale.<\/p>\n<p>Ideale per intenditori alla ricerca di uno Champagne di grande espressione, il \u201cCollection 244\u201d rappresenta l&#8217;eccellenza di Louis Roederer nel cuore di un terroir di eccezionale valore.<\/p>\n","protected":false},"excerpt":{"rendered":"<p>Louis Roederer Champagne Brut Collection 245 \u00e8 un&#8217;edizione limitata che celebra le storiche vendemmie della Maison. Questo prestigioso Champagne \u00e8 [&hellip;]<\/p>\n","protected":false},"featured_media":12035,"template":"","meta":[],"product_brand":[],"product_cat":[16,281],"product_tag":[287,402,211,91],"class_list":{"0":"post-12033","1":"product","2":"type-product","3":"status-publish","4":"has-post-thumbnail","6":"product_cat-bere","7":"product_cat-vini-spumanti","8":"product_tag-champagne","9":"product_tag-louis-roederer","10":"product_tag-vini-per-le-feste","11":"product_tag-vini-pregiati-e-rari","12":"pa_categorie-speciali-vini-per-le-feste","13":"pa_categorie-speciali-vini-pregiati-e-rari","14":"pa_produttore-louis-roederer","16":"first","17":"instock","18":"shipping-taxable","19":"purchasable","20":"product-type-simple"},"acf":[],"_links":{"self":[{"href":"https:\/\/casaporciatti.it\/shop\/wp-json\/wp\/v2\/product\/12033","targetHints":{"allow":["GET"]}}],"collection":[{"href":"https:\/\/casaporciatti.it\/shop\/wp-json\/wp\/v2\/product"}],"about":[{"href":"https:\/\/casaporciatti.it\/shop\/wp-json\/wp\/v2\/types\/product"}],"wp:featuredmedia":[{"embeddable":true,"href":"https:\/\/casaporciatti.it\/shop\/wp-json\/wp\/v2\/media\/12035"}],"wp:attachment":[{"href":"https:\/\/casaporciatti.it\/shop\/wp-json\/wp\/v2\/media?parent=12033"}],"wp:term":[{"taxonomy":"product_brand","embeddable":true,"href":"https:\/\/casaporciatti.it\/shop\/wp-json\/wp\/v2\/product_brand?post=12033"},{"taxonomy":"product_cat","embeddable":true,"href":"https:\/\/casaporciatti.it\/shop\/wp-json\/wp\/v2\/product_cat?post=12033"},{"taxonomy":"product_tag","embeddable":true,"href":"https:\/\/casaporciatti.it\/shop\/wp-json\/wp\/v2\/product_tag?post=12033"}],"curies":[{"name":"wp","href":"https:\/\/api.w.org\/{rel}","templated":true}]}}