{"id":11845,"date":"2023-11-23T05:59:42","date_gmt":"2023-11-23T04:59:42","guid":{"rendered":"https:\/\/casaporciatti.it\/shop\/?post_type=product&#038;p=11845"},"modified":"2025-07-10T10:24:10","modified_gmt":"2025-07-10T08:24:10","slug":"arillo-in-terrabianca-chianti-classico-gran-selezione-2019","status":"publish","type":"product","link":"https:\/\/casaporciatti.it\/shop\/prodotto\/arillo-in-terrabianca-chianti-classico-gran-selezione-2019\/","title":{"rendered":"ARILLO IN TERRABIANCA  Chianti Classico Gran Selezione 2019"},"content":{"rendered":"<p>Il Chianti Classico Gran Selezione 2019 di Arillo in Terrabianca \u00e8 frutto di un Cru piantato oltre quarant&#8217;anni fa, utilizzando un singolo clone di Sangiovese [T19]. Le particolari condizioni climatiche, date dalla sua esclusiva giacitura ed esposizione, regalano un contesto unico e irripetibile che conferisce a questo vino una straordinaria concentrazione e qualit\u00e0. La sua produzione \u00e8 estremamente limitata, rendendolo un&#8217;opera d&#8217;arte vinicola da apprezzare con raffinata esclusivit\u00e0.<\/p>\n<p><strong>Caratteristiche del vino:<\/strong> Questo vino straordinario trae origine da uve coltivate in un ambiente che offre un&#8217;eccezionale concentrazione di aromi e sapori. L&#8217;affinamento di circa 20 mesi in tonneaux di rovere francese di media tostatura conferisce al vino una complessit\u00e0 straordinaria, arricchendo ulteriormente il suo carattere unico.<\/p>\n<p><strong>Note di degustazione:<\/strong> All&#8217;assaggio, rivela una personalit\u00e0 complessa e avvolgente. Si distingue per la sua struttura sontuosa e la profonda concentrazione di frutti maturi, accompagnati da delicati sentori di spezie dolci e un&#8217;elegante nota di vaniglia proveniente dall&#8217;affinamento in rovere francese.<\/p>\n<p><strong>Abbinamenti consigliati:<\/strong> Questo Chianti Classico Gran Selezione rappresenta l&#8217;eccellenza enologica, perfetto da gustare con piatti raffinati come bistecche fiorentine, cacciagione o formaggi stagionati di alta qualit\u00e0. \u00c8 l&#8217;ideale per momenti speciali e cene indimenticabili.<\/p>\n<p class=\"p1\">La tenuta di <strong>TERRABIANCA<\/strong> nel Comune di Radda in Chianti comprende 12 ettari di vigneto circondati da 200 ettari di bosco. Tutta l\u2019uva utilizzata nella vinificazione \u00e8 prodotta in azienda e raccolta a mano solo quando \u00e8 giunta alla giusta maturazione.<\/p>\n<p class=\"p1\">Niente \u00e8 lasciato al caso: tutto \u00e8 il frutto di scrupolose tecniche di conduzione agronomica. <strong>TERRABIANCA<\/strong> ha il profilo dei vigneti coltivati a Sangiovese, le cui uve migliori vengono selezionate per produrre\u00a0 Chianti classici, elitari e di grande riconoscibilit\u00e0 territoriale.<\/p>\n","protected":false},"excerpt":{"rendered":"<p>Il Chianti Classico Gran Selezione 2019 di Arillo in Terrabianca \u00e8 frutto di un Cru piantato oltre quarant&#8217;anni fa, utilizzando [&hellip;]<\/p>\n","protected":false},"featured_media":11847,"template":"","meta":[],"product_brand":[],"product_cat":[16,17],"product_tag":[397,18,21],"class_list":{"0":"post-11845","1":"product","2":"type-product","3":"status-publish","4":"has-post-thumbnail","6":"product_cat-bere","7":"product_cat-vini-rossi","8":"product_tag-arillo-in-terrabianca","9":"product_tag-chianti-classico","10":"product_tag-vini-di-radda","11":"pa_categorie-speciali-vini-di-radda","12":"pa_chianti-classico-vini-di-radda-in-chianti","13":"pa_produttore-arilli-in-terrabianca","15":"first","16":"outofstock","17":"shipping-taxable","18":"purchasable","19":"product-type-simple"},"acf":[],"_links":{"self":[{"href":"https:\/\/casaporciatti.it\/shop\/wp-json\/wp\/v2\/product\/11845","targetHints":{"allow":["GET"]}}],"collection":[{"href":"https:\/\/casaporciatti.it\/shop\/wp-json\/wp\/v2\/product"}],"about":[{"href":"https:\/\/casaporciatti.it\/shop\/wp-json\/wp\/v2\/types\/product"}],"wp:featuredmedia":[{"embeddable":true,"href":"https:\/\/casaporciatti.it\/shop\/wp-json\/wp\/v2\/media\/11847"}],"wp:attachment":[{"href":"https:\/\/casaporciatti.it\/shop\/wp-json\/wp\/v2\/media?parent=11845"}],"wp:term":[{"taxonomy":"product_brand","embeddable":true,"href":"https:\/\/casaporciatti.it\/shop\/wp-json\/wp\/v2\/product_brand?post=11845"},{"taxonomy":"product_cat","embeddable":true,"href":"https:\/\/casaporciatti.it\/shop\/wp-json\/wp\/v2\/product_cat?post=11845"},{"taxonomy":"product_tag","embeddable":true,"href":"https:\/\/casaporciatti.it\/shop\/wp-json\/wp\/v2\/product_tag?post=11845"}],"curies":[{"name":"wp","href":"https:\/\/api.w.org\/{rel}","templated":true}]}}