{"id":11798,"date":"2023-11-13T10:13:07","date_gmt":"2023-11-13T09:13:07","guid":{"rendered":"https:\/\/casaporciatti.it\/shop\/?post_type=product&#038;p=11798"},"modified":"2024-05-28T11:25:44","modified_gmt":"2024-05-28T09:25:44","slug":"savart-champagne-ephemere-coeur-de-rose-016","status":"publish","type":"product","link":"https:\/\/casaporciatti.it\/shop\/prodotto\/savart-champagne-ephemere-coeur-de-rose-016\/","title":{"rendered":"SAVART Champagne \u00c9ph\u00e9m\u00e8re Coeur de Ros\u00e9 016"},"content":{"rendered":"<p>Champagne \u00c9ph\u00e9m\u00e8re Coeur de Ros\u00e9 016 \u00e8 il frutto della collaborazione tra due maestri vignaioli di champagne: Fr\u00e9d\u00e9ric Savart e la maison Dremont. Proveniente da appezzamenti di terreno di grande prestigio, questa micro produzione si nutre delle radici piantate in alcuni dei migliori terroir della regione.<\/p>\n<p>Le vecchie vigne selezionate dai fondatori conferiscono a questa cuv\u00e9e un&#8217;attenzione particolare e un&#8217;identit\u00e0 unica. Ogni annata \u00e8 numerata a partire dal primo anno, testimoniando il successo costante di Les \u00c9ph\u00e9m\u00e8res e consolidando la sua crescente reputazione. Queste bollicine fini e dinamiche si presentano come champagne delicati ed eleganti, pronti a deliziare ogni palato.<\/p>\n","protected":false},"excerpt":{"rendered":"<p>Champagne \u00c9ph\u00e9m\u00e8re Coeur de Ros\u00e9 016 \u00e8 il frutto della collaborazione tra due maestri vignaioli di champagne: Fr\u00e9d\u00e9ric Savart e [&hellip;]<\/p>\n","protected":false},"featured_media":11800,"template":"","meta":[],"product_brand":[],"product_cat":[16,281],"product_tag":[287,345,34,84,22],"class_list":{"0":"post-11798","1":"product","2":"type-product","3":"status-publish","4":"has-post-thumbnail","6":"product_cat-bere","7":"product_cat-vini-spumanti","8":"product_tag-champagne","9":"product_tag-savart","10":"product_tag-scelto-da-riccardo","11":"product_tag-vini-per-lestate","12":"product_tag-vino-biologico","13":"pa_categorie-speciali-vino-biologico","14":"pa_etichette-porciatti-consigliato-da-riccardo","15":"pa_produttore-frederic-savart","17":"first","18":"outofstock","19":"shipping-taxable","20":"purchasable","21":"product-type-simple"},"acf":[],"_links":{"self":[{"href":"https:\/\/casaporciatti.it\/shop\/wp-json\/wp\/v2\/product\/11798","targetHints":{"allow":["GET"]}}],"collection":[{"href":"https:\/\/casaporciatti.it\/shop\/wp-json\/wp\/v2\/product"}],"about":[{"href":"https:\/\/casaporciatti.it\/shop\/wp-json\/wp\/v2\/types\/product"}],"wp:featuredmedia":[{"embeddable":true,"href":"https:\/\/casaporciatti.it\/shop\/wp-json\/wp\/v2\/media\/11800"}],"wp:attachment":[{"href":"https:\/\/casaporciatti.it\/shop\/wp-json\/wp\/v2\/media?parent=11798"}],"wp:term":[{"taxonomy":"product_brand","embeddable":true,"href":"https:\/\/casaporciatti.it\/shop\/wp-json\/wp\/v2\/product_brand?post=11798"},{"taxonomy":"product_cat","embeddable":true,"href":"https:\/\/casaporciatti.it\/shop\/wp-json\/wp\/v2\/product_cat?post=11798"},{"taxonomy":"product_tag","embeddable":true,"href":"https:\/\/casaporciatti.it\/shop\/wp-json\/wp\/v2\/product_tag?post=11798"}],"curies":[{"name":"wp","href":"https:\/\/api.w.org\/{rel}","templated":true}]}}