{"id":11297,"date":"2023-04-19T05:50:12","date_gmt":"2023-04-19T03:50:12","guid":{"rendered":"https:\/\/casaporciatti.it\/shop\/?post_type=product&#038;p=11297"},"modified":"2026-03-11T17:35:03","modified_gmt":"2026-03-11T16:35:03","slug":"le-chiuse-brunello-di-montalcino-2019","status":"publish","type":"product","link":"https:\/\/casaporciatti.it\/shop\/prodotto\/le-chiuse-brunello-di-montalcino-2019\/","title":{"rendered":"LE CHIUSE Brunello di Montalcino 2019"},"content":{"rendered":"<p>Le Chiuse Brunello di Montalcino 2019 \u00e8 incisivo e luminoso. Suggerisce una personalit\u00e0 aperta e senza compromessi:\u00a0 amarena, prugna, fiori blu, cola e sottobosco. Buona struttura e tannini ben gestiti. Chiude con un accenno di liquore alla ciliegia dolce.<\/p>\n<p>Le Chiuse hanno avuto un ruolo fondamentale nei possedimenti vitivinicoli della leggendaria famiglia Biondi-Santi sin dalla fine del 18\u00b0 secolo. Tramandata di generazione in generazione l&#8217;attuale titolare, Simonetta Valiani \u00e8 la pronipote di Ferruccio Biondi-Santi. Simonetta ha ereditato la tenuta e ha deciso di iniziare a produrre vino con il nome Le Chiuse nel 1993 con l&#8217;aiuto del marito Nicol\u00f2 Magnelli e del figlio Lorenzo. Fino ad allora i vigneti erano stati affittati allo zio, Franco Biondi-Santi, che all&#8217;epoca erano utilizzati per l&#8217;imbottigliamento della Riserva Biondi-Santi.<\/p>\n<p>I vigneti sono impiantati con una forma di selezione massale al fine di mantenere il patrimonio genetico della tenuta. Il germoglio di viti di 60-70 anni del clone di Sangiovese BS 11, selezionato personalmente da Tancredi Biondi-Santi per questi vigneti, \u00e8 innestato su portainnesto americano. Per mantenere la massima qualit\u00e0, le rese sono attentamente controllate. I rendimenti qui sono la met\u00e0 di quelli richiesti dal regolamento del consorzio. Le cantine alimentate per gravit\u00e0 della cantina sono all&#8217;avanguardia.<\/p>\n","protected":false},"excerpt":{"rendered":"<p>Le Chiuse Brunello di Montalcino 2019 \u00e8 incisivo e luminoso. Suggerisce una personalit\u00e0 aperta e senza compromessi:\u00a0 amarena, prugna, fiori [&hellip;]<\/p>\n","protected":false},"featured_media":11299,"template":"","meta":[],"product_brand":[],"product_cat":[16,17],"product_tag":[121,2399],"class_list":{"0":"post-11297","1":"product","2":"type-product","3":"status-publish","4":"has-post-thumbnail","6":"product_cat-bere","7":"product_cat-vini-rossi","8":"product_tag-brunello-di-montalcino","9":"product_tag-le-chiuse","10":"pa_etichette-porciatti-produttori-artigianali","11":"pa_produttore-le-chiuse","13":"first","14":"instock","15":"shipping-taxable","16":"purchasable","17":"product-type-simple"},"acf":[],"_links":{"self":[{"href":"https:\/\/casaporciatti.it\/shop\/wp-json\/wp\/v2\/product\/11297","targetHints":{"allow":["GET"]}}],"collection":[{"href":"https:\/\/casaporciatti.it\/shop\/wp-json\/wp\/v2\/product"}],"about":[{"href":"https:\/\/casaporciatti.it\/shop\/wp-json\/wp\/v2\/types\/product"}],"wp:featuredmedia":[{"embeddable":true,"href":"https:\/\/casaporciatti.it\/shop\/wp-json\/wp\/v2\/media\/11299"}],"wp:attachment":[{"href":"https:\/\/casaporciatti.it\/shop\/wp-json\/wp\/v2\/media?parent=11297"}],"wp:term":[{"taxonomy":"product_brand","embeddable":true,"href":"https:\/\/casaporciatti.it\/shop\/wp-json\/wp\/v2\/product_brand?post=11297"},{"taxonomy":"product_cat","embeddable":true,"href":"https:\/\/casaporciatti.it\/shop\/wp-json\/wp\/v2\/product_cat?post=11297"},{"taxonomy":"product_tag","embeddable":true,"href":"https:\/\/casaporciatti.it\/shop\/wp-json\/wp\/v2\/product_tag?post=11297"}],"curies":[{"name":"wp","href":"https:\/\/api.w.org\/{rel}","templated":true}]}}