{"id":11029,"date":"2023-03-16T11:30:10","date_gmt":"2023-03-16T10:30:10","guid":{"rendered":"https:\/\/casaporciatti.it\/shop\/prodotto\/gagliole-chianti-classico-riserva-2019\/"},"modified":"2025-12-16T13:53:17","modified_gmt":"2025-12-16T12:53:17","slug":"gagliole-chianti-classico-riserva-2021","status":"publish","type":"product","link":"https:\/\/casaporciatti.it\/shop\/prodotto\/gagliole-chianti-classico-riserva-2021\/","title":{"rendered":"GAGLIOLE Chianti Classico Riserva 2021"},"content":{"rendered":"<p class=\"p1\">Gagliole\u00a0Chianti Classico Riserva viene vinificato in acciaio per preservarne la freschezza e poi affinato per 10 mesi in piccoli fusti di rovere usati, per poi continuare l\u2019elevage in cemento per altri 5 mesi. Il risultato \u00e8 un vino di grande eleganza e equilibrio, capace di esprimere al meglio le caratteristiche del terroir di Panzano in Chianti.<\/p>\n<p class=\"p1\">Il Gagliole Chianti Classico Riserva 2020 presenta un colore rosso rubino intenso, con riflessi violacei. Al naso, si possono percepire note di mora, mirtillo, violetta, sfumature di liquirizia ed erbe mediterranee. All&#8217;assaggio, questo vino si presenta di ottima struttura, con tannini perfettamente bilanciati e un finale persistente.<\/p>\n<p class=\"p1\">Il Gagliole Chianti Classico Riserva \u00e8 un&#8217;etichetta di assoluta qualit\u00e0, che pu\u00f2 essere apprezzata gi\u00e0 adesso, ma che ha anche la capacit\u00e0 di maturare per i prossimi anni.<\/p>\n<p>Gagliole affonda le sue radici nella storia di Castellina in Chianti &#8211; Toscana. Un luogo cos\u00ec perfetto che nel 994 d.C. fu pegno d&#8217;amore di un re per la sua regina. Antichi vigneti terrazzati raccontano la storia di questo paesaggio accuratamente preservato. Nel 1990 Thomas e Monika Baer hanno acquisito l&#8217;azienda vinicola Gagliole per far rivivere questo pezzo unico di terra con la sua tradizione secolare di produzione di vino e olio d&#8217;oliva.<\/p>\n<p>Nel 2011 la famiglia Baer ha acquistato l&#8217;azienda vinicola &#8220;La Valletta&#8221; nella Conca d&#8217;Oro di Panzano nel Chianti, con l&#8217;intento di ottimizzare la qualit\u00e0 dei propri vini rossi (Rubiolo, Gagliole, Valletta e Pecchia). L&#8217;eccellente combinazione di terreno e clima nella zona del Chianti Classico produce splendidi vini che riflettono il terroir locale. La cura del vigneto \u00e8 della massima importanza a Gagliole. \u00c8 fondamentale coltivare la vite e il terreno nel modo pi\u00f9 accurato possibile e secondo le linee guida biologiche stabilite. La cantina \u00e8 caratterizzata da un equilibrio tra tecniche antiche e moderne che lasciano trasparire il carattere dei vini. Gagliole \u00e8 un gioiello nel cuore del Chianti Classico.<\/p>\n","protected":false},"excerpt":{"rendered":"<p>Gagliole\u00a0Chianti Classico Riserva viene vinificato in acciaio per preservarne la freschezza e poi affinato per 10 mesi in piccoli fusti [&hellip;]<\/p>\n","protected":false},"featured_media":11030,"template":"","meta":[],"product_brand":[],"product_cat":[16,17],"product_tag":[37,404,31,32,22],"class_list":{"0":"post-11029","1":"product","2":"type-product","3":"status-publish","4":"has-post-thumbnail","6":"product_cat-bere","7":"product_cat-vini-rossi","8":"product_tag-chianti-classico-riserva","9":"product_tag-gagliole","10":"product_tag-portami-in-chianti","11":"product_tag-vini-di-panzano","12":"product_tag-vino-biologico","13":"pa_categorie-speciali-portami-in-chianti","14":"pa_categorie-speciali-vini-di-panzano-in-chianti","15":"pa_categorie-speciali-vino-biologico","16":"pa_chianti-classico-vini-di-panzano","17":"pa_etichette-porciatti-vino-biologico","18":"pa_produttore-gagliole","20":"first","21":"instock","22":"shipping-taxable","23":"purchasable","24":"product-type-simple"},"acf":[],"_links":{"self":[{"href":"https:\/\/casaporciatti.it\/shop\/wp-json\/wp\/v2\/product\/11029","targetHints":{"allow":["GET"]}}],"collection":[{"href":"https:\/\/casaporciatti.it\/shop\/wp-json\/wp\/v2\/product"}],"about":[{"href":"https:\/\/casaporciatti.it\/shop\/wp-json\/wp\/v2\/types\/product"}],"wp:featuredmedia":[{"embeddable":true,"href":"https:\/\/casaporciatti.it\/shop\/wp-json\/wp\/v2\/media\/11030"}],"wp:attachment":[{"href":"https:\/\/casaporciatti.it\/shop\/wp-json\/wp\/v2\/media?parent=11029"}],"wp:term":[{"taxonomy":"product_brand","embeddable":true,"href":"https:\/\/casaporciatti.it\/shop\/wp-json\/wp\/v2\/product_brand?post=11029"},{"taxonomy":"product_cat","embeddable":true,"href":"https:\/\/casaporciatti.it\/shop\/wp-json\/wp\/v2\/product_cat?post=11029"},{"taxonomy":"product_tag","embeddable":true,"href":"https:\/\/casaporciatti.it\/shop\/wp-json\/wp\/v2\/product_tag?post=11029"}],"curies":[{"name":"wp","href":"https:\/\/api.w.org\/{rel}","templated":true}]}}